-- Table structure for table `leave_apply`
--

CREATE TABLE `leave_apply` (
  `leave_appl_id` int(11) NOT NULL,
  `employee_id` varchar(20) NOT NULL,
  `leave_type_id` int(2) NOT NULL,
  `apply_strt_date` date DEFAULT NULL,
  `apply_end_date` date DEFAULT NULL,
  `apply_day` int(11) NOT NULL,
  `leave_aprv_strt_date` date DEFAULT NULL,
  `leave_aprv_end_date` date DEFAULT NULL,
  `num_aprv_day` varchar(15) NOT NULL,
  `reason` varchar(100) NOT NULL,
  `apply_hard_copy` text DEFAULT NULL,
  `apply_date` date DEFAULT NULL,
  `approve_date` date DEFAULT NULL,
  `approved_by` varchar(30) NOT NULL,
  `leave_type` varchar(50) NOT NULL,
  `status` tinyint(4) NOT NULL DEFAULT 0
) ENGINE=InnoDB DEFAULT CHARSET=latin1 COLLATE=latin1_swedish_ci;

--
-- Dumping data for table `leave_apply`
--

INSERT INTO `leave_apply` (`leave_appl_id`, `employee_id`, `leave_type_id`, `apply_strt_date`, `apply_end_date`, `apply_day`, `leave_aprv_strt_date`, `leave_aprv_end_date`, `num_aprv_day`, `reason`, `apply_hard_copy`, `apply_date`, `approve_date`, `approved_by`, `leave_type`, `status`) VALUES
(2, '6', 2, '2021-09-16', '2021-09-16', 1, '2021-09-16', '2021-09-16', '1', 'fyghv', '', '2021-09-15', '2021-09-29', '', '', 1),
(3, '5', 1, '2021-09-24', '2021-09-24', 1, '2021-09-24', '2021-09-24', '1', 'Driving test for permanent licence.', '', '2021-09-16', '2021-10-06', '', '', 1),
(4, '3', 1, '2021-10-06', '2021-10-06', 1, '0000-00-00', '2021-10-06', 'NaN', 'urgent work at home', '', '2021-10-05', '2021-10-06', '', '', 1),
(5, '3', 1, '2021-11-29', '2021-11-29', 1, '0000-00-00', '0000-00-00', '0', 'argent work', NULL, '2021-11-24', '2021-11-24', '0', '', 0),
(6, '7', 1, '2022-04-18', '2022-04-20', 3, '0000-00-00', '0000-00-00', '0', 'for some personal work', '', '2022-03-21', '2022-04-04', '', '', 1),
(7, '7', 2, '2022-06-06', '2022-06-06', 1, '0000-00-00', '0000-00-00', '0', 'Injured due to an small accident ', '', '2022-06-05', '2023-02-02', '', '', 0),
(8, '31', 2, '2023-02-01', '2023-02-01', 1, '0000-00-00', '0000-00-00', '0', 'aaaa', './application/modules/leave/assets/images/2023-02-02/j9.jpg', '2023-02-02', '2023-02-02', '0', '', 0),
(9, '31', 2, '2023-02-01', '2023-02-01', 1, '0000-00-00', '0000-00-00', '0', 'gbg', './application/modules/leave/assets/images/2023-02-03/j6.jpg', '2023-02-03', '2023-02-03', '0', '', 0),
(10, '31', 2, '2023-02-01', '2023-02-07', 7, '0000-00-00', '0000-00-00', '0', 'hhhhhhhhh', NULL, '2023-02-03', '2023-02-03', '0', '', 0),
(11, '31', 3, '2023-02-01', '2023-02-01', 1, '0000-00-00', '0000-00-00', '0', 'ABC', './application/modules/leave/assets/images/2023-02-03/j7.jpg', '2023-02-03', '2023-02-03', '0', '', 0),
(12, '31', 2, '2023-02-01', '2023-02-01', 1, '0000-00-00', '0000-00-00', '0', 'abc', './application/modules/leave/assets/images/2023-02-03/j9.jpg', '2023-02-03', '2023-02-03', '0', '', 0),
(13, '31', 2, '2023-02-01', '2023-02-02', 2, '0000-00-00', '0000-00-00', '0', 'sa', './application/modules/leave/assets/images/2023-02-06/j9.jpg', '2023-02-06', '2023-02-06', '0', '', 0),
(14, '31', 2, '2023-02-01', '2023-02-01', 1, '0000-00-00', '0000-00-00', '0', 'abc', './application/modules/leave/assets/images/2023-02-06/j8.jpg', '2023-02-06', '2023-02-06', '0', '', 0),
(15, '31', 1, '2023-02-02', '2023-02-06', 5, '0000-00-00', '0000-00-00', '0', 'abc', './application/modules/leave/assets/images/2023-02-06/j1.jpg', '2023-02-06', '2023-02-06', '0', '', 0),
(16, '31', 2, '2023-02-01', '2023-02-02', 2, '0000-00-00', '0000-00-00', '0', 't556', NULL, '2023-02-07', '2023-02-07', '0', '', 0),
(17, '31', 2, '2023-02-02', '2023-02-15', 14, '0000-00-00', '0000-00-00', '0', 'abc', './application/modules/leave/assets/images/2023-02-07/u2.jpg', '2023-02-07', '2023-02-07', '0', '', 0),
(18, '31', 2, '2023-02-08', '2023-02-15', 8, '0000-00-00', '0000-00-00', '0', 'abc', './application/modules/leave/assets/images/2023-02-07/j6.jpg', '2023-02-07', '2023-02-07', '0', '', 0),
(19, '31', 3, '2023-02-01', '2023-02-28', 28, '0000-00-00', '0000-00-00', '0', 'jjjjj', './application/modules/leave/assets/images/2023-02-07/j1.jpg', '2023-02-07', '2023-02-07', '0', '', 0),
(20, '31', 2, '2023-02-08', '2023-02-28', 21, '0000-00-00', '0000-00-00', '0', 'aaa', './application/modules/leave/assets/images/2023-02-07/j7.jpg', '2023-02-07', '2023-02-07', '0', '', 0),
(21, '31', 1, '2023-02-01', '2023-02-14', 14, '0000-00-00', '0000-00-00', '0', ' aaaaaaaaaaaaaaa', './application/modules/leave/assets/images/2023-02-07/j71.jpg', '2023-02-07', '2023-02-07', '0', '', 0),
(22, '31', 2, '2023-02-09', '2023-02-09', 1, '0000-00-00', '0000-00-00', '0', '                            yuytuytuy', './application/modules/leave/assets/images/2023-02-07/j61.jpg', '2023-02-07', '2023-02-07', '0', '', 0),
(23, '31', 3, '2023-02-08', '2023-02-28', 21, '0000-00-00', '0000-00-00', '0', '                            yuiu ghfgh', NULL, '2023-02-07', '2023-02-07', '0', '', 0),
(24, '31', 2, '2023-02-08', '2023-02-15', 8, '0000-00-00', '0000-00-00', '0', '                            yuiluiol', './application/modules/leave/assets/images/2023-02-07/j72.jpg', '2023-02-07', '2023-02-07', '0', '', 0),
(25, '31', 3, '2023-02-08', '2023-02-08', 1, '0000-00-00', '0000-00-00', '0', '                            lo;oip;', NULL, '2023-02-07', '2023-02-07', '0', '', 0),
(26, '31', 2, '2023-02-16', '2023-02-24', 9, '0000-00-00', '0000-00-00', '0', '                            htryhuty fgjhtyjtybn gfhjfgh', NULL, '2023-02-07', '2023-02-07', '0', '', 0),
(27, '31', 2, '2023-02-01', '2023-02-08', 8, '0000-00-00', '0000-00-00', '0', '                            aaaa', './application/modules/leave/assets/images/2023-02-07/j73.jpg', '2023-02-07', '2023-02-07', '0', '', 0),
(28, '31', 2, '2023-02-08', '2023-02-23', 16, '0000-00-00', '0000-00-00', '0', '                          hukhk hgjgh ghjgj ', NULL, '2023-02-07', '2023-02-07', '0', '', 0),
(29, '31', 2, '2023-02-08', '2023-02-23', 16, '0000-00-00', '0000-00-00', '0', '                          hukhk hgjgh ghjgj ', NULL, '2023-02-07', '2023-02-07', '0', '', 0),
(30, '31', 2, '2023-02-08', '2023-02-15', 8, '0000-00-00', '0000-00-00', '0', '                        hkljjjlkj     ', NULL, '2023-02-07', '2023-02-07', '0', '', 0),
(31, '31', 2, '2023-02-08', '2023-02-15', 8, '0000-00-00', '0000-00-00', '0', '                        hkljjjlkj     ', NULL, '2023-02-07', '2023-02-07', '0', '', 0),
(32, '31', 2, '2023-02-08', '2023-02-15', 8, '0000-00-00', '0000-00-00', '0', '                        hkljjjlkj     ', NULL, '2023-02-07', '2023-02-07', '0', '', 0),
(33, '31', 2, '2023-02-08', '2023-02-15', 8, '0000-00-00', '0000-00-00', '0', '                        hkljjjlkj     ', NULL, '2023-02-07', '2023-02-07', '0', '', 0),
(34, '31', 2, '2023-02-08', '2023-02-15', 8, '0000-00-00', '0000-00-00', '0', '                        hkljjjlkj     ', NULL, '2023-02-07', '2023-02-07', '0', '', 0),
(35, '31', 2, '2023-02-01', '2023-02-22', 22, '0000-00-00', '0000-00-00', '0', '                            qqqq', './application/modules/leave/assets/images/2023-02-08/j8.jpg', '2023-02-08', '2023-02-08', '0', '', 0),
(36, '31', 2, '2023-02-01', '2023-02-22', 22, '0000-00-00', '0000-00-00', '0', '                            qqqq', './application/modules/leave/assets/images/2023-02-08/j81.jpg', '2023-02-08', '2023-02-08', '0', '', 0),
(37, '31', 2, '2023-02-01', '2023-02-09', 9, '0000-00-00', '0000-00-00', '0', '  abc                          ', './application/modules/leave/assets/images/2023-02-08/j7.jpg', '2023-02-08', '2023-02-08', '0', '', 0),
(38, '31', 3, '2023-02-01', '2023-02-14', 14, '0000-00-00', '0000-00-00', '0', '                            juyhjhy', NULL, '2023-02-08', '2023-02-08', '0', '', 0),
(39, '31', 3, '2023-02-01', '2023-02-14', 14, '0000-00-00', '0000-00-00', '0', '                            juyhjhy', NULL, '2023-02-08', '2023-02-08', '0', '', 0),
(40, '31', 2, '2023-02-23', '2023-02-22', 2, '0000-00-00', '0000-00-00', '0', '                            juyhjhy', './application/modules/leave/assets/images/2023-02-08/j3.jpg', '2023-02-08', '2023-02-08', '0', '', 0),
(41, '31', 2, '2023-02-23', '2023-02-22', 2, '0000-00-00', '0000-00-00', '0', '                            juyhjhy', './application/modules/leave/assets/images/2023-02-08/j31.jpg', '2023-02-08', '2023-02-08', '0', '', 0),
(42, '31', 2, '2023-02-23', '2023-02-22', 2, '0000-00-00', '0000-00-00', '0', '                            juyhjhy', './application/modules/leave/assets/images/2023-02-08/j32.jpg', '2023-02-08', '2023-02-08', '0', '', 0),
(43, '31', 2, '2023-02-23', '2023-02-22', 2, '0000-00-00', '0000-00-00', '0', '                            juyhjhy', './application/modules/leave/assets/images/2023-02-08/j33.jpg', '2023-02-08', '2023-02-08', '0', '', 0),
(44, '31', 2, '2023-02-23', '2023-02-22', 2, '0000-00-00', '0000-00-00', '0', '                            juyhjhy', './application/modules/leave/assets/images/2023-02-08/j34.jpg', '2023-02-08', '2023-02-08', '0', '', 0),
(45, '31', 2, '2023-02-02', '2023-02-01', 2, '0000-00-00', '0000-00-00', '0', '                            ddcs', './application/modules/leave/assets/images/2023-02-08/j82.jpg', '2023-02-08', '2023-02-08', '0', '', 0),
(46, '31', 2, '2023-02-01', '2023-02-01', 1, '0000-00-00', '0000-00-00', '0', '                            dsdd', './application/modules/leave/assets/images/2023-02-08/j9.jpg', '2023-02-08', '2023-02-08', '0', '', 0),
(47, '31', 2, '2023-02-02', '2023-02-07', 6, '0000-00-00', '0000-00-00', '0', '                  dddddd          ', './application/modules/leave/assets/images/2023-02-08/j83.jpg', '2023-02-08', '2023-02-08', '0', '', 0),
(48, '31', 3, '2023-02-02', '2023-02-01', 2, '0000-00-00', '0000-00-00', '0', '                            cccccccc', './application/modules/leave/assets/images/2023-02-08/j5.jpg', '2023-02-08', '2023-02-08', '0', '', 0),
(49, '31', 2, '2023-02-01', '2023-02-15', 15, '0000-00-00', '0000-00-00', '0', '                   fdfd         ', './application/modules/leave/assets/images/2023-02-08/j35.jpg', '2023-02-08', '2023-02-08', '0', '', 0),
(50, '31', 2, '2023-02-01', '2023-02-15', 15, '0000-00-00', '0000-00-00', '0', '                   fdfd         ', './application/modules/leave/assets/images/2023-02-08/j36.jpg', '2023-02-08', '2023-02-08', '0', '', 0),
(51, '31', 3, '2023-02-01', '2023-02-22', 22, '0000-00-00', '0000-00-00', '0', '          1111                  ', './application/modules/leave/assets/images/2023-02-08/j73.jpg', '2023-02-08', '2023-02-08', '0', '', 0),
(52, '31', 3, '2023-02-01', '2023-02-22', 22, '0000-00-00', '0000-00-00', '0', '          1111                  ', './application/modules/leave/assets/images/2023-02-08/j74.jpg', '2023-02-08', '2023-02-08', '0', '', 0),
(53, '31', 3, '2023-02-02', '2023-02-14', 13, '0000-00-00', '0000-00-00', '0', '   qdws                         ', './application/modules/leave/assets/images/2023-02-08/j51.jpg', '2023-02-08', '2023-02-08', '0', '', 0),
(54, '31', 3, '2023-02-02', '2023-02-14', 13, '0000-00-00', '0000-00-00', '0', '   qdws                         ', './application/modules/leave/assets/images/2023-02-08/j52.jpg', '2023-02-08', '2023-02-08', '0', '', 0),
(55, '31', 3, '2023-02-02', '2023-02-14', 13, '0000-00-00', '0000-00-00', '0', '   qdws                         ', './application/modules/leave/assets/images/2023-02-08/j53.jpg', '2023-02-08', '2023-02-08', '0', '', 0),
(56, '31', 3, '2023-02-02', '2023-02-22', 21, '0000-00-00', '0000-00-00', '0', '   qdws                         ', './application/modules/leave/assets/images/2023-02-08/j6.jpg', '2023-02-08', '2023-02-08', '0', '', 0),
(57, '31', 2, '2023-02-07', '2023-02-22', 16, '0000-00-00', '0000-00-00', '0', '                     zzzzzz       ', './application/modules/leave/assets/images/2023-02-08/india.png', '2023-02-08', '2023-02-08', '0', '', 0),
(58, '31', 2, '2023-02-07', '2023-02-22', 16, '0000-00-00', '0000-00-00', '0', '                     zzzzzz       ', './application/modules/leave/assets/images/2023-02-08/india1.png', '2023-02-08', '2023-02-08', '0', '', 0),
(59, '31', 1, '2023-02-09', '2023-02-14', 6, '0000-00-00', '0000-00-00', '0', '                     zzzzzz       ', './application/modules/leave/assets/images/2023-02-08/j61.jpg', '2023-02-08', '2023-02-08', '0', '', 0),
(60, '31', 2, '2023-02-02', '2023-02-23', 22, '0000-00-00', '0000-00-00', '0', '          sdsds                  ', './application/modules/leave/assets/images/2023-02-08/j62.jpg', '2023-02-08', '2023-02-08', '0', '', 0),
(61, '31', 2, '2023-02-02', '2023-02-23', 22, '0000-00-00', '0000-00-00', '0', '          sdsds                  ', './application/modules/leave/assets/images/2023-02-08/j63.jpg', '2023-02-08', '2023-02-08', '0', '', 0),
(62, '31', 2, '2023-02-01', '2023-02-15', 15, '0000-00-00', '0000-00-00', '0', '         .,//                   ', './application/modules/leave/assets/images/2023-02-08/j54.jpg', '2023-02-08', '2023-02-08', '0', '', 0),
(63, '31', 2, '2023-02-01', '2023-02-15', 15, '0000-00-00', '0000-00-00', '0', '         .,//                   ', './application/modules/leave/assets/images/2023-02-08/j55.jpg', '2023-02-08', '2023-02-08', '0', '', 0),
(64, '31', 2, '2023-02-01', '2023-02-15', 15, '0000-00-00', '0000-00-00', '0', '         .,//                   ', './application/modules/leave/assets/images/2023-02-08/j56.jpg', '2023-02-08', '2023-02-08', '0', '', 0);

-- --------------------------------------------------------

--
-- Table structure for table `leave_type`
--

CREATE TABLE `leave_type` (
  `leave_type_id` int(2) NOT NULL,
  `leave_type` varchar(50) NOT NULL,
  `leave_days` int(2) NOT NULL
) ENGINE=InnoDB DEFAULT CHARSET=latin1 COLLATE=latin1_swedish_ci;

--
-- Dumping data for table `leave_type`
--

INSERT INTO `leave_type` (`leave_type_id`, `leave_type`, `leave_days`) VALUES
(1, 'PL', 10),
(2, 'Sick Leave', 2),
(3, 'Leave on compassionate Grounds', 2);

-- --------------------------------------------------------

--
-- Table structure for table `loan_installment`
--

CREATE TABLE `loan_installment` (
  `loan_inst_id` int(11) NOT NULL,
  `employee_id` varchar(21) CHARACTER SET latin1 COLLATE latin1_swedish_ci NOT NULL,
  `loan_id` varchar(21) CHARACTER SET latin1 COLLATE latin1_swedish_ci NOT NULL,
  `installment_amount` varchar(20) CHARACTER SET latin1 COLLATE latin1_swedish_ci NOT NULL,
  `payment` varchar(20) CHARACTER SET latin1 COLLATE latin1_swedish_ci NOT NULL,
  `date` varchar(20) CHARACTER SET latin1 COLLATE latin1_swedish_ci NOT NULL,
  `received_by` varchar(20) CHARACTER SET latin1 COLLATE latin1_swedish_ci NOT NULL,
  `installment_no` varchar(20) CHARACTER SET latin1 COLLATE latin1_swedish_ci NOT NULL DEFAULT '1',
  `notes` varchar(80) CHARACTER SET latin1 COLLATE latin1_swedish_ci NOT NULL
) ENGINE=InnoDB DEFAULT CHARSET=utf8 COLLATE=utf8_general_ci;

-- --------------------------------------------------------

--
-- Table structure for table `marital_info`
--

CREATE TABLE `marital_info` (
  `id` int(11) NOT NULL,
  `marital_sta` varchar(30) NOT NULL
) ENGINE=InnoDB DEFAULT CHARSET=latin1 COLLATE=latin1_swedish_ci;

--
-- Dumping data for table `marital_info`
--

INSERT INTO `marital_info` (`id`, `marital_sta`) VALUES
(1, 'Single'),
(2, 'Married'),
(3, 'Divorced'),
(4, 'Widowed'),
(5, 'Other');

-- --------------------------------------------------------

--
-- Table structure for table `message`
--

CREATE TABLE `message` (
  `id` int(11) NOT NULL,
  `sender_id` int(11) NOT NULL,
  `receiver_id` int(11) NOT NULL,
  `subject` varchar(255) NOT NULL,
  `message` text NOT NULL,
  `datetime` datetime NOT NULL,
  `sender_status` tinyint(1) NOT NULL DEFAULT 0 COMMENT '0=unseen, 1=seen, 2=delete',
  `receiver_status` tinyint(1) NOT NULL DEFAULT 0 COMMENT '0=unseen, 1=seen, 2=delete'
) ENGINE=InnoDB DEFAULT CHARSET=utf8 COLLATE=utf8_general_ci;

--
-- Dumping data for table `message`
--

INSERT INTO `message` (`id`, `sender_id`, `receiver_id`, `subject`, `message`, `datetime`, `sender_status`, `receiver_status`) VALUES
(1, 3, 49, 'Fanzily', 'Kam krle', '2021-09-06 05:19:52', 1, 2),
(2, 49, 3, 'sd', 'pitke manega kya\r\n', '2021-09-06 05:21:10', 2, 2),
(3, 51, 48, 'Consider My PL Please', 'I have applied a pl of 24th sept 2021\r\nplease concern about it.', '2021-09-22 12:57:11', 1, 1),
(4, 1, 48, 'test', 'test', '2022-04-14 09:34:51', 1, 1),
(5, 88, 83, 'a', 'a', '2023-02-08 05:41:58', 1, 1),
(6, 88, 83, 'abc', 'abc', '2023-02-08 05:42:58', 1, 1);

-- --------------------------------------------------------

--
-- Table structure for table `module`
--

CREATE TABLE `module` (
  `id` int(11) NOT NULL,
  `name` varchar(50) NOT NULL,
  `description` text DEFAULT NULL,
  `image` varchar(255) NOT NULL,
  `directory` varchar(100) NOT NULL,
  `status` tinyint(1) NOT NULL DEFAULT 1
) ENGINE=InnoDB DEFAULT CHARSET=utf8 COLLATE=utf8_general_ci;

--
-- Dumping data for table `module`
--

INSERT INTO `module` (`id`, `name`, `description`, `image`, `directory`, `status`) VALUES
(39, 'attendance Details ', 'Simple attendance processing System', 'application/modules/attendance/assets/images/thumbnail.jpg', 'attendance', 1),
(40, 'Employee circulation processing System', 'Simple circulation processing System', 'application/modules/circularprocess/assets/images/thumbnail.jpg', 'circularprocess', 1),
(41, 'Employee Details ', 'Simple hrm processing System', 'application/modules/employee/assets/images/thumbnail.jpg', 'employee', 1),
(42, 'Leave Details ', 'Simple leave processing System', 'application/modules/leave/assets/images/thumbnail.jpg', 'leave', 1),
(43, 'Loan Details ', 'Simple loan processing System', 'application/modules/loan/assets/images/thumbnail.jpg', 'loan', 1),
(44, 'TAX Details ', 'Simple tax processing System', 'application/modules/tax/assets/images/thumbnail.jpg', 'tax', 1),
(46, 'Payroll Details ', 'Simple payroll processing System', 'application/modules/payroll/assets/images/thumbnail.jpg', 'payroll', 1),
(48, 'Account', 'Account information', 'application/modules/account/assets/images/thumbnail.jpg', 'account', 1),
(49, 'Notice Details ', 'Simple Notice', 'application/modules/noticeboard/assets/images/thumbnail.jpg', 'noticeboard', 1),
(50, 'Award Details ', 'Simple Award', 'application/modules/award/assets/images/thumbnail.jpg', 'award', 1),
(52, 'asset Details ', 'Simple asset', 'application/modules/asset/assets/images/thumbnail.jpg', 'asset', 1);

-- --------------------------------------------------------

--
-- Table structure for table `module_permission`
--

CREATE TABLE `module_permission` (
  `id` int(11) NOT NULL,
  `fk_module_id` int(11) NOT NULL,
  `fk_user_id` int(11) NOT NULL,
  `create` tinyint(1) DEFAULT NULL,
  `read` tinyint(1) DEFAULT NULL,
  `update` tinyint(1) DEFAULT NULL,
  `delete` tinyint(1) DEFAULT NULL
) ENGINE=InnoDB DEFAULT CHARSET=utf8 COLLATE=utf8_general_ci;

-- --------------------------------------------------------

--
-- Table structure for table `module_purchase_key`
--

CREATE TABLE `module_purchase_key` (
  `id` int(11) NOT NULL,
  `identity` varchar(250) DEFAULT NULL,
  `purchase_key` varchar(255) DEFAULT NULL,
  `date` datetime NOT NULL DEFAULT current_timestamp()
) ENGINE=InnoDB DEFAULT CHARSET=utf8mb4 COLLATE=utf8mb4_general_ci;

-- --------------------------------------------------------

--
-- Table structure for table `notice_board`
--

CREATE TABLE `notice_board` (
  `notice_id` int(11) NOT NULL,
  `notice_descriptiion` text NOT NULL,
  `notice_date` date NOT NULL,
  `notice_type` varchar(50) NOT NULL,
  `notice_by` varchar(50) NOT NULL,
  `notice_attachment` text DEFAULT NULL
) ENGINE=InnoDB DEFAULT CHARSET=latin1 COLLATE=latin1_swedish_ci;

--
-- Dumping data for table `notice_board`
--

INSERT INTO `notice_board` (`notice_id`, `notice_descriptiion`, `notice_date`, `notice_type`, `notice_by`, `notice_attachment`) VALUES
(1, 'Now we will start again our monthly project review meeting from Tuesday dated 12th April 2022, onwards.', '2022-04-12', 'one by one monthly project review meeting', 'Heena Sharma', NULL);

-- --------------------------------------------------------

--
-- Table structure for table `payroll_holiday`
--

CREATE TABLE `payroll_holiday` (
  `payrl_holi_id` int(11) UNSIGNED NOT NULL,
  `holiday_name` varchar(30) CHARACTER SET latin1 COLLATE latin1_swedish_ci NOT NULL,
  `start_date` varchar(30) CHARACTER SET latin1 COLLATE latin1_swedish_ci NOT NULL,
  `end_date` varchar(30) CHARACTER SET latin1 COLLATE latin1_swedish_ci NOT NULL,
  `no_of_days` varchar(30) CHARACTER SET latin1 COLLATE latin1_swedish_ci NOT NULL,
  `created_by` varchar(30) CHARACTER SET latin1 COLLATE latin1_swedish_ci NOT NULL,
  `updated_by` varchar(30) CHARACTER SET latin1 COLLATE latin1_swedish_ci NOT NULL
) ENGINE=InnoDB DEFAULT CHARSET=utf8 COLLATE=utf8_general_ci;

--
-- Dumping data for table `payroll_holiday`
--

INSERT INTO `payroll_holiday` (`payrl_holi_id`, `holiday_name`, `start_date`, `end_date`, `no_of_days`, `created_by`, `updated_by`) VALUES
(1, 'Makar Sankranti', '2023-01-14', '2023-01-14', 'Full Day', '', ''),
(2, 'New Year', '2023-01-01', '2023-01-01', 'Full Day', '', ''),
(3, 'Republic Day', '2023-01-26', '2023-01-26', 'Full Day', '', ''),
(4, 'Holika Dahan', '2023-03-07', '2023-03-07', 'Half Day', '', ''),
(5, 'Holi (Dhulandi)', '2023-03-08', '2023-03-08', 'Full Day', '', ''),
(6, 'Raksha Bandhan', '2023-08-30', '2023-08-30', 'Full Day', '', ''),
(7, 'Independence day', '2023-08-15', '2023-08-15', 'Full Day', '', ''),
(8, 'Janmashtmi', '2023-09-07', '2023-09-07', 'Full Day ', '', ''),
(9, 'Vijaya Dashami', '2023-10-24', '2023-10-24', 'Full Day', '', ''),
(10, 'Dhanteras ', '2023-11-10', '2023-11-10', 'Half Day', '', ''),
(11, 'Diwali', '2023-11-12', '2023-11-12', 'Full day', '', ''),
(12, 'Govardhan Pooja', '2023-11-13', '2023-11-13', 'Full Day', '', ''),
(13, 'Bhayi Dooj', '2023-11-15', '2023-11-15', 'Full Day', '', ''),
(14, 'Christmas Day', '2023-12-25', '2023-12-25', 'Full Day', '', ''),
(15, 'Choti Diwali', '2023-11-11', '2023-11-11', 'Full Day', '', '');

-- --------------------------------------------------------

--
-- Table structure for table `payroll_tax_collection`
--

CREATE TABLE `payroll_tax_collection` (
  `tax_coll_id` int(11) UNSIGNED NOT NULL,
  `employee_id` varchar(30) CHARACTER SET latin1 COLLATE latin1_swedish_ci NOT NULL,
  `date_start` varchar(30) CHARACTER SET latin1 COLLATE latin1_swedish_ci NOT NULL,
  `amount_tax` varchar(30) CHARACTER SET latin1 COLLATE latin1_swedish_ci NOT NULL,
  `collection_by` varchar(30) CHARACTER SET latin1 COLLATE latin1_swedish_ci NOT NULL,
  `date_end` varchar(30) CHARACTER SET latin1 COLLATE latin1_swedish_ci NOT NULL,
  `income_net_period` varchar(30) CHARACTER SET latin1 COLLATE latin1_swedish_ci NOT NULL
) ENGINE=InnoDB DEFAULT CHARSET=utf8 COLLATE=utf8_general_ci;

-- --------------------------------------------------------

--
-- Table structure for table `payroll_tax_setup`
--

CREATE TABLE `payroll_tax_setup` (
  `tax_setup_id` int(11) UNSIGNED NOT NULL,
  `start_amount` varchar(30) CHARACTER SET latin1 COLLATE latin1_swedish_ci NOT NULL,
  `end_amount` varchar(30) CHARACTER SET latin1 COLLATE latin1_swedish_ci NOT NULL,
  `rate` varchar(30) CHARACTER SET latin1 COLLATE latin1_swedish_ci NOT NULL,
  `status` varchar(30) CHARACTER SET latin1 COLLATE latin1_swedish_ci NOT NULL
) ENGINE=InnoDB DEFAULT CHARSET=utf8 COLLATE=utf8_general_ci;

-- --------------------------------------------------------

--
-- Table structure for table `pay_frequency`
--

CREATE TABLE `pay_frequency` (
  `id` int(11) NOT NULL,
  `frequency_name` varchar(30) NOT NULL
) ENGINE=InnoDB DEFAULT CHARSET=latin1 COLLATE=latin1_swedish_ci;

--
-- Dumping data for table `pay_frequency`
--

INSERT INTO `pay_frequency` (`id`, `frequency_name`) VALUES
(1, 'Weekly'),
(2, 'Biweekly'),
(3, 'Annual'),
(4, 'Monthly');

-- --------------------------------------------------------

--
-- Table structure for table `point_attendence`
--

CREATE TABLE `point_attendence` (
  `id` int(11) NOT NULL,
  `employee_id` varchar(50) NOT NULL,
  `in_time` varchar(50) NOT NULL,
  `point` varchar(50) NOT NULL,
  `description` text NOT NULL,
  `create_date` datetime NOT NULL,
  `created_by` varchar(50) NOT NULL,
  `update_date` datetime NOT NULL,
  `update_by` varchar(50) NOT NULL
) ENGINE=InnoDB DEFAULT CHARSET=utf8mb4 COLLATE=utf8mb4_general_ci;

--
-- Dumping data for table `point_attendence`
--

INSERT INTO `point_attendence` (`id`, `employee_id`, `in_time`, `point`, `description`, `create_date`, `created_by`, `update_date`, `update_by`) VALUES
(1, '1', '10:00', '0', '', '2021-09-04 00:00:00', '1', '0000-00-00 00:00:00', ''),
(2, '7', '12:34', '0', '', '2021-09-04 00:00:00', '53', '0000-00-00 00:00:00', ''),
(3, '2', '10:48', '0', '', '2021-09-06 00:00:00', '3', '0000-00-00 00:00:00', ''),
(4, '7', '10:49', '0', '', '2021-09-06 00:00:00', '53', '0000-00-00 00:00:00', ''),
(5, '5', '10:49', '0', '', '2021-09-06 00:00:00', '51', '0000-00-00 00:00:00', ''),
(6, '3', '10:51', '0', '', '2021-09-06 00:00:00', '49', '0000-00-00 00:00:00', ''),
(7, '6', '10:57', '0', '', '2021-09-06 00:00:00', '52', '0000-00-00 00:00:00', ''),
(8, '1', '11:02', '0', '', '2021-09-06 00:00:00', '48', '0000-00-00 00:00:00', ''),
(9, '5', '10:20', '0', '', '2021-09-07 00:00:00', '51', '0000-00-00 00:00:00', ''),
(10, '6', '10:30', '0', '', '2021-09-07 00:00:00', '52', '0000-00-00 00:00:00', ''),
(11, '7', '10:33', '0', '', '2021-09-07 00:00:00', '53', '0000-00-00 00:00:00', ''),
(12, '3', '10:38', '0', '', '2021-09-07 00:00:00', '49', '0000-00-00 00:00:00', ''),
(13, '2', '12:31', '0', '', '2021-09-07 00:00:00', '3', '0000-00-00 00:00:00', ''),
(14, '7', '10:16', '0', '', '2021-09-08 00:00:00', '53', '0000-00-00 00:00:00', ''),
(15, '2', '10:18', '0', '', '2021-09-08 00:00:00', '3', '0000-00-00 00:00:00', ''),
(16, '3', '10:20', '0', '', '2021-09-08 00:00:00', '49', '0000-00-00 00:00:00', ''),
(17, '6', '10:23', '0', '', '2021-09-08 00:00:00', '52', '0000-00-00 00:00:00', ''),
(18, '5', '10:33', '0', '', '2021-09-08 00:00:00', '51', '0000-00-00 00:00:00', ''),
(19, '1', '10:41', '0', '', '2021-09-08 00:00:00', '48', '0000-00-00 00:00:00', ''),
(20, '1', '10:15', '0', '', '2021-09-09 00:00:00', '48', '0000-00-00 00:00:00', ''),
(21, '2', '10:17', '0', '', '2021-09-09 00:00:00', '3', '0000-00-00 00:00:00', ''),
(22, '7', '10:19', '0', '', '2021-09-09 00:00:00', '53', '0000-00-00 00:00:00', ''),
(23, '5', '10:19', '0', '', '2021-09-09 00:00:00', '51', '0000-00-00 00:00:00', ''),
(24, '3', '10:19', '0', '', '2021-09-09 00:00:00', '49', '0000-00-00 00:00:00', ''),
(25, '6', '10:56', '0', '', '2021-09-09 00:00:00', '52', '0000-00-00 00:00:00', ''),
(26, '1', '10:19', '0', '', '2021-09-10 00:00:00', '48', '0000-00-00 00:00:00', ''),
(27, '7', '10:02', '1', '', '2021-09-13 00:00:00', '53', '2021-09-13 00:00:00', '53'),
(28, '6', '10:04', '0', '', '2021-09-13 00:00:00', '52', '0000-00-00 00:00:00', ''),
(29, '1', '10:39', '0', '', '2021-09-13 00:00:00', '48', '0000-00-00 00:00:00', ''),
(30, '2', '10:43', '0', '', '2021-09-13 00:00:00', '3', '0000-00-00 00:00:00', ''),
(31, '3', '10:48', '0', '', '2021-09-13 00:00:00', '49', '0000-00-00 00:00:00', ''),
(32, '5', '11:39', '0', '', '2021-09-13 00:00:00', '51', '0000-00-00 00:00:00', ''),
(33, '7', '10:07', '1', '', '2021-09-14 00:00:00', '53', '2021-09-14 00:00:00', '53'),
(34, '2', '10:34', '0', '', '2021-09-14 00:00:00', '3', '0000-00-00 00:00:00', ''),
(35, '3', '10:36', '0', '', '2021-09-14 00:00:00', '49', '0000-00-00 00:00:00', ''),
(36, '5', '10:37', '0', '', '2021-09-14 00:00:00', '51', '0000-00-00 00:00:00', ''),
(37, '1', '11:22', '0', '', '2021-09-14 00:00:00', '48', '0000-00-00 00:00:00', ''),
(38, '6', '11:51', '0', '', '2021-09-14 00:00:00', '52', '0000-00-00 00:00:00', ''),
(39, '6', '10:09', '1', '', '2021-09-15 00:00:00', '52', '2021-09-15 00:00:00', '52'),
(40, '7', '10:10', '1', '', '2021-09-15 00:00:00', '53', '2021-09-15 00:00:00', '53'),
(41, '2', '10:14', '0', '', '2021-09-15 00:00:00', '3', '0000-00-00 00:00:00', ''),
(42, '5', '10:15', '0', '', '2021-09-15 00:00:00', '51', '0000-00-00 00:00:00', ''),
(43, '3', '10:17', '0', '', '2021-09-15 00:00:00', '49', '0000-00-00 00:00:00', ''),
(44, '1', '10:35', '0', '', '2021-09-15 00:00:00', '48', '0000-00-00 00:00:00', ''),
(45, '7', '09:58', '1', '', '2021-09-16 00:00:00', '53', '2021-09-16 00:00:00', '53'),
(46, '2', '10:11', '0', '', '2021-09-16 00:00:00', '3', '0000-00-00 00:00:00', ''),
(47, '6', '10:14', '0', '', '2021-09-16 00:00:00', '52', '0000-00-00 00:00:00', ''),
(48, '3', '10:17', '0', '', '2021-09-16 00:00:00', '49', '0000-00-00 00:00:00', ''),
(49, '1', '10:52', '0', '', '2021-09-16 00:00:00', '48', '0000-00-00 00:00:00', ''),
(50, '4', '11:00', '0', '', '2021-09-16 00:00:00', '50', '0000-00-00 00:00:00', ''),
(51, '5', '11:14', '0', '', '2021-09-16 00:00:00', '51', '0000-00-00 00:00:00', ''),
(52, '6', '10:07', '1', '', '2021-09-17 00:00:00', '52', '2021-09-17 00:00:00', '52'),
(53, '7', '10:11', '0', '', '2021-09-17 00:00:00', '53', '0000-00-00 00:00:00', ''),
(54, '2', '10:19', '0', '', '2021-09-17 00:00:00', '3', '0000-00-00 00:00:00', ''),
(55, '3', '10:23', '0', '', '2021-09-17 00:00:00', '49', '0000-00-00 00:00:00', ''),
(56, '5', '10:23', '0', '', '2021-09-17 00:00:00', '51', '0000-00-00 00:00:00', ''),
(57, '1', '10:31', '0', '', '2021-09-17 00:00:00', '48', '0000-00-00 00:00:00', ''),
(58, '4', '10:41', '0', '', '2021-09-17 00:00:00', '50', '0000-00-00 00:00:00', ''),
(59, '6', '10:08', '0', '', '2021-09-18 00:00:00', '52', '0000-00-00 00:00:00', ''),
(60, '2', '10:19', '0', '', '2021-09-18 00:00:00', '3', '0000-00-00 00:00:00', ''),
(61, '5', '10:21', '0', '', '2021-09-18 00:00:00', '51', '0000-00-00 00:00:00', ''),
(62, '3', '10:22', '0', '', '2021-09-18 00:00:00', '49', '0000-00-00 00:00:00', ''),
(63, '1', '10:27', '0', '', '2021-09-18 00:00:00', '48', '0000-00-00 00:00:00', ''),
(64, '7', '10:31', '0', '', '2021-09-18 00:00:00', '53', '0000-00-00 00:00:00', ''),
(65, '7', '02:11', '0', '', '2021-09-19 00:00:00', '53', '0000-00-00 00:00:00', ''),
(66, '7', '10:19', '0', '', '2021-09-20 00:00:00', '53', '0000-00-00 00:00:00', ''),
(67, '3', '10:24', '0', '', '2021-09-20 00:00:00', '49', '0000-00-00 00:00:00', ''),
(68, '2', '10:25', '0', '', '2021-09-20 00:00:00', '3', '0000-00-00 00:00:00', ''),
(69, '1', '10:28', '0', '', '2021-09-20 00:00:00', '48', '0000-00-00 00:00:00', ''),
(70, '4', '10:47', '0', '', '2021-09-20 00:00:00', '50', '0000-00-00 00:00:00', ''),
(71, '7', '10:07', '0', '', '2021-09-21 00:00:00', '53', '0000-00-00 00:00:00', ''),
(72, '1', '10:20', '0', '', '2021-09-21 00:00:00', '48', '0000-00-00 00:00:00', ''),
(73, '3', '10:23', '0', '', '2021-09-21 00:00:00', '49', '0000-00-00 00:00:00', ''),
(74, '2', '10:24', '0', '', '2021-09-21 00:00:00', '3', '0000-00-00 00:00:00', ''),
(75, '6', '14:06', '0', '', '2021-09-21 00:00:00', '52', '0000-00-00 00:00:00', ''),
(76, '1', '10:20', '0', '', '2021-09-22 00:00:00', '48', '0000-00-00 00:00:00', ''),
(77, '3', '10:27', '0', '', '2021-09-22 00:00:00', '49', '0000-00-00 00:00:00', ''),
(78, '2', '10:28', '0', '', '2021-09-22 00:00:00', '3', '0000-00-00 00:00:00', ''),
(79, '7', '12:16', '0', '', '2021-09-22 00:00:00', '53', '0000-00-00 00:00:00', ''),
(80, '4', '12:17', '0', '', '2021-09-22 00:00:00', '50', '0000-00-00 00:00:00', ''),
(81, '5', '12:21', '0', '', '2021-09-22 00:00:00', '51', '0000-00-00 00:00:00', ''),
(82, '6', '12:23', '0', '', '2021-09-22 00:00:00', '70', '0000-00-00 00:00:00', ''),
(83, '1', '10:07', '0', '', '2021-09-23 00:00:00', '48', '0000-00-00 00:00:00', ''),
(84, '6', '10:12', '0', '', '2021-09-23 00:00:00', '70', '0000-00-00 00:00:00', ''),
(85, '2', '10:25', '0', '', '2021-09-23 00:00:00', '3', '0000-00-00 00:00:00', ''),
(86, '3', '10:25', '0', '', '2021-09-23 00:00:00', '49', '0000-00-00 00:00:00', ''),
(87, '5', '10:26', '0', '', '2021-09-23 00:00:00', '51', '0000-00-00 00:00:00', ''),
(88, '4', '10:56', '0', '', '2021-09-23 00:00:00', '50', '0000-00-00 00:00:00', ''),
(89, '7', '12:19', '0', '', '2021-09-23 00:00:00', '53', '0000-00-00 00:00:00', ''),
(90, '3', '10:10', '1', '', '2021-09-24 00:00:00', '49', '2021-09-24 00:00:00', '49'),
(91, '2', '10:11', '0', '', '2021-09-24 00:00:00', '3', '0000-00-00 00:00:00', ''),
(92, '6', '10:11', '0', '', '2021-09-24 00:00:00', '70', '0000-00-00 00:00:00', ''),
(93, '1', '10:28', '0', '', '2021-09-24 00:00:00', '48', '0000-00-00 00:00:00', ''),
(94, '4', '11:06', '0', '', '2021-09-24 00:00:00', '50', '0000-00-00 00:00:00', ''),
(95, '5', '12:24', '0', '', '2021-09-24 00:00:00', '51', '0000-00-00 00:00:00', ''),
(96, '7', '12:39', '0', '', '2021-09-24 00:00:00', '53', '0000-00-00 00:00:00', ''),
(97, '5', '13:26', '0', '', '2021-09-25 00:00:00', '51', '0000-00-00 00:00:00', ''),
(98, '3', '09:45', '0', '', '2021-09-27 00:00:00', '49', '0000-00-00 00:00:00', ''),
(99, '6', '10:07', '1', '', '2021-09-27 00:00:00', '70', '2021-09-27 00:00:00', '70'),
(100, '1', '10:08', '0', '', '2021-09-27 00:00:00', '48', '0000-00-00 00:00:00', ''),
(101, '2', '10:13', '0', '', '2021-09-27 00:00:00', '3', '0000-00-00 00:00:00', ''),
(102, '7', '10:17', '0', '', '2021-09-27 00:00:00', '53', '0000-00-00 00:00:00', ''),
(103, '5', '10:25', '0', '', '2021-09-27 00:00:00', '51', '0000-00-00 00:00:00', ''),
(104, '1', '10:08', '1', '', '2021-09-28 00:00:00', '48', '2021-09-28 00:00:00', '48'),
(105, '6', '10:09', '1', '', '2021-09-28 00:00:00', '70', '2021-09-28 00:00:00', '70'),
(106, '5', '10:10', '1', '', '2021-09-28 00:00:00', '51', '2021-09-28 00:00:00', '51'),
(107, '7', '10:18', '0', '', '2021-09-28 00:00:00', '53', '0000-00-00 00:00:00', ''),
(108, '2', '10:19', '0', '', '2021-09-28 00:00:00', '3', '0000-00-00 00:00:00', ''),
(109, '3', '10:22', '0', '', '2021-09-28 00:00:00', '49', '0000-00-00 00:00:00', ''),
(110, '1', '10:19', '0', '', '2021-09-29 00:00:00', '48', '0000-00-00 00:00:00', ''),
(111, '5', '10:19', '0', '', '2021-09-29 00:00:00', '51', '0000-00-00 00:00:00', ''),
(112, '2', '10:20', '0', '', '2021-09-29 00:00:00', '3', '0000-00-00 00:00:00', ''),
(113, '3', '10:20', '0', '', '2021-09-29 00:00:00', '49', '0000-00-00 00:00:00', ''),
(114, '7', '10:20', '0', '', '2021-09-29 00:00:00', '53', '0000-00-00 00:00:00', ''),
(115, '6', '10:23', '0', '', '2021-09-29 00:00:00', '70', '0000-00-00 00:00:00', ''),
(116, '6', '10:10', '1', '', '2021-09-30 00:00:00', '70', '2021-09-30 00:00:00', '70'),
(117, '2', '10:14', '0', '', '2021-09-30 00:00:00', '3', '0000-00-00 00:00:00', ''),
(118, '3', '10:16', '0', '', '2021-09-30 00:00:00', '49', '0000-00-00 00:00:00', ''),
(119, '1', '10:29', '0', '', '2021-09-30 00:00:00', '48', '0000-00-00 00:00:00', ''),
(120, '7', '10:38', '0', '', '2021-09-30 00:00:00', '53', '0000-00-00 00:00:00', ''),
(121, '6', '10:10', '0', '', '2021-10-01 00:00:00', '70', '0000-00-00 00:00:00', ''),
(122, '5', '10:20', '0', '', '2021-10-01 00:00:00', '51', '0000-00-00 00:00:00', ''),
(123, '1', '10:28', '0', '', '2021-10-01 00:00:00', '48', '0000-00-00 00:00:00', ''),
(124, '3', '10:55', '0', '', '2021-10-01 00:00:00', '49', '0000-00-00 00:00:00', ''),
(125, '2', '10:56', '0', '', '2021-10-01 00:00:00', '3', '0000-00-00 00:00:00', ''),
(126, '7', '11:23', '0', '', '2021-10-01 00:00:00', '53', '0000-00-00 00:00:00', ''),
(127, '5', '10:04', '1', '', '2021-10-02 00:00:00', '51', '2021-10-02 00:00:00', '51'),
(128, '2', '10:17', '0', '', '2021-10-02 00:00:00', '3', '0000-00-00 00:00:00', ''),
(129, '7', '10:17', '0', '', '2021-10-02 00:00:00', '53', '0000-00-00 00:00:00', ''),
(130, '3', '10:18', '0', '', '2021-10-02 00:00:00', '49', '0000-00-00 00:00:00', ''),
(131, '1', '10:20', '0', '', '2021-10-02 00:00:00', '48', '0000-00-00 00:00:00', ''),
(132, '25', '12:06', '0', '', '2021-10-02 00:00:00', '74', '0000-00-00 00:00:00', ''),
(133, '5', '09:16', '1', '', '2021-10-04 00:00:00', '51', '2021-10-04 00:00:00', '51'),
(134, '7', '10:09', '1', '', '2021-10-04 00:00:00', '53', '2021-10-04 00:00:00', '53'),
(135, '2', '10:10', '1', '', '2021-10-04 00:00:00', '3', '2021-10-04 00:00:00', '3'),
(136, '3', '10:10', '1', '', '2021-10-04 00:00:00', '49', '2021-10-04 00:00:00', '49'),
(137, '6', '10:10', '1', '', '2021-10-04 00:00:00', '70', '2021-10-04 00:00:00', '70'),
(138, '25', '10:12', '0', '', '2021-10-04 00:00:00', '74', '0000-00-00 00:00:00', ''),
(139, '1', '10:32', '0', '', '2021-10-04 00:00:00', '48', '0000-00-00 00:00:00', ''),
(140, '4', '10:58', '0', '', '2021-10-04 00:00:00', '50', '0000-00-00 00:00:00', ''),
(141, '5', '09:59', '1', '', '2021-10-05 00:00:00', '51', '2021-10-05 00:00:00', '51'),
(142, '1', '10:16', '0', '', '2021-10-05 00:00:00', '48', '0000-00-00 00:00:00', ''),
(143, '6', '10:18', '0', '', '2021-10-05 00:00:00', '70', '0000-00-00 00:00:00', ''),
(144, '2', '11:59', '0', '', '2021-10-05 00:00:00', '3', '0000-00-00 00:00:00', ''),
(145, '3', '11:59', '0', '', '2021-10-05 00:00:00', '49', '0000-00-00 00:00:00', ''),
(146, '7', '12:00', '0', '', '2021-10-05 00:00:00', '53', '0000-00-00 00:00:00', ''),
(147, '25', '12:03', '0', '', '2021-10-05 00:00:00', '74', '0000-00-00 00:00:00', ''),
(148, '5', '10:03', '1', '', '2021-10-06 00:00:00', '51', '2021-10-06 00:00:00', '51'),
(149, '7', '10:11', '0', '', '2021-10-06 00:00:00', '53', '0000-00-00 00:00:00', ''),
(150, '1', '10:12', '0', '', '2021-10-06 00:00:00', '48', '0000-00-00 00:00:00', ''),
(151, '2', '10:32', '0', '', '2021-10-06 00:00:00', '3', '0000-00-00 00:00:00', ''),
(152, '25', '10:33', '0', '', '2021-10-06 00:00:00', '74', '0000-00-00 00:00:00', ''),
(153, '6', '18:58', '0', '', '2021-10-06 00:00:00', '70', '0000-00-00 00:00:00', ''),
(154, '5', '09:57', '1', '', '2021-10-07 00:00:00', '51', '2021-10-07 00:00:00', '51'),
(155, '25', '09:59', '1', '', '2021-10-07 00:00:00', '74', '2021-10-07 00:00:00', '74'),
(156, '2', '10:08', '1', '', '2021-10-07 00:00:00', '3', '2021-10-07 00:00:00', '3'),
(157, '6', '10:08', '0', '', '2021-10-07 00:00:00', '70', '0000-00-00 00:00:00', ''),
(158, '3', '10:10', '1', '', '2021-10-07 00:00:00', '49', '2021-10-07 00:00:00', '49'),
(159, '1', '10:36', '0', '', '2021-10-07 00:00:00', '48', '0000-00-00 00:00:00', ''),
(160, '7', '11:13', '0', '', '2021-10-07 00:00:00', '53', '0000-00-00 00:00:00', ''),
(161, '25', '09:58', '1', '', '2021-10-08 00:00:00', '74', '2021-10-08 00:00:00', '74'),
(162, '7', '10:04', '0', '', '2021-10-08 00:00:00', '53', '0000-00-00 00:00:00', ''),
(163, '6', '10:18', '0', '', '2021-10-08 00:00:00', '70', '0000-00-00 00:00:00', ''),
(164, '5', '10:18', '0', '', '2021-10-08 00:00:00', '51', '0000-00-00 00:00:00', ''),
(165, '1', '10:19', '0', '', '2021-10-08 00:00:00', '48', '0000-00-00 00:00:00', ''),
(166, '2', '10:22', '0', '', '2021-10-08 00:00:00', '3', '0000-00-00 00:00:00', ''),
(167, '3', '10:24', '0', '', '2021-10-08 00:00:00', '49', '0000-00-00 00:00:00', ''),
(168, '3', '10:07', '1', '', '2021-10-11 00:00:00', '49', '2021-10-11 00:00:00', '49'),
(169, '5', '10:08', '1', '', '2021-10-11 00:00:00', '51', '2021-10-11 00:00:00', '51'),
(170, '1', '10:09', '1', '', '2021-10-11 00:00:00', '48', '2021-10-11 00:00:00', '48'),
(171, '6', '10:19', '0', '', '2021-10-11 00:00:00', '70', '0000-00-00 00:00:00', ''),
(172, '7', '10:37', '0', '', '2021-10-11 00:00:00', '53', '0000-00-00 00:00:00', ''),
(173, '25', '10:38', '0', '', '2021-10-11 00:00:00', '74', '0000-00-00 00:00:00', ''),
(174, '5', '10:02', '1', '', '2021-10-12 00:00:00', '51', '2021-10-12 00:00:00', '51'),
(175, '6', '10:10', '1', '', '2021-10-12 00:00:00', '70', '2021-10-12 00:00:00', '70'),
(176, '1', '10:13', '0', '', '2021-10-12 00:00:00', '48', '0000-00-00 00:00:00', ''),
(177, '3', '10:14', '0', '', '2021-10-12 00:00:00', '49', '0000-00-00 00:00:00', ''),
(178, '7', '10:25', '0', '', '2021-10-12 00:00:00', '53', '0000-00-00 00:00:00', ''),
(179, '25', '10:29', '0', '', '2021-10-12 00:00:00', '74', '0000-00-00 00:00:00', ''),
(180, '7', '10:02', '1', '', '2021-10-13 00:00:00', '53', '2021-10-13 00:00:00', '53'),
(181, '25', '10:08', '1', '', '2021-10-13 00:00:00', '74', '2021-10-13 00:00:00', '74'),
(182, '6', '10:10', '1', '', '2021-10-13 00:00:00', '70', '2021-10-13 00:00:00', '70'),
(183, '3', '10:20', '0', '', '2021-10-13 00:00:00', '49', '0000-00-00 00:00:00', ''),
(184, '5', '10:23', '0', '', '2021-10-13 00:00:00', '51', '0000-00-00 00:00:00', ''),
(185, '1', '10:30', '0', '', '2021-10-13 00:00:00', '48', '0000-00-00 00:00:00', ''),
(186, '5', '09:59', '0', '', '2021-10-14 00:00:00', '51', '0000-00-00 00:00:00', ''),
(187, '6', '10:06', '1', '', '2021-10-14 00:00:00', '70', '2021-10-14 00:00:00', '70'),
(188, '2', '10:19', '0', '', '2021-10-14 00:00:00', '3', '0000-00-00 00:00:00', ''),
(189, '25', '10:26', '0', '', '2021-10-14 00:00:00', '74', '0000-00-00 00:00:00', ''),
(190, '3', '14:21', '0', '', '2021-10-14 00:00:00', '49', '0000-00-00 00:00:00', ''),
(191, '1', '10:03', '0', '', '2021-10-15 00:00:00', '48', '0000-00-00 00:00:00', ''),
(192, '3', '10:16', '0', '', '2021-10-15 00:00:00', '49', '0000-00-00 00:00:00', ''),
(193, '6', '10:22', '0', '', '2021-10-15 00:00:00', '70', '0000-00-00 00:00:00', ''),
(194, '5', '10:22', '0', '', '2021-10-15 00:00:00', '51', '0000-00-00 00:00:00', ''),
(195, '25', '10:23', '0', '', '2021-10-15 00:00:00', '74', '0000-00-00 00:00:00', ''),
(196, '7', '10:24', '0', '', '2021-10-15 00:00:00', '53', '0000-00-00 00:00:00', ''),
(197, '1', '10:06', '0', '', '2021-10-16 00:00:00', '48', '0000-00-00 00:00:00', ''),
(198, '6', '10:10', '1', '', '2021-10-16 00:00:00', '70', '2021-10-16 00:00:00', '70'),
(199, '2', '10:36', '0', '', '2021-10-16 00:00:00', '3', '0000-00-00 00:00:00', ''),
(200, '25', '10:38', '0', '', '2021-10-16 00:00:00', '74', '0000-00-00 00:00:00', ''),
(201, '3', '10:40', '0', '', '2021-10-16 00:00:00', '49', '0000-00-00 00:00:00', ''),
(202, '7', '11:53', '0', '', '2021-10-16 00:00:00', '53', '0000-00-00 00:00:00', ''),
(203, '5', '12:06', '0', '', '2021-10-16 00:00:00', '51', '0000-00-00 00:00:00', ''),
(204, '6', '10:10', '1', '', '2021-10-18 00:00:00', '70', '2021-10-18 00:00:00', '70'),
(205, '5', '10:16', '0', '', '2021-10-18 00:00:00', '51', '0000-00-00 00:00:00', ''),
(206, '1', '10:25', '0', '', '2021-10-18 00:00:00', '48', '0000-00-00 00:00:00', ''),
(207, '7', '10:26', '0', '', '2021-10-18 00:00:00', '53', '0000-00-00 00:00:00', ''),
(208, '3', '10:37', '0', '', '2021-10-18 00:00:00', '49', '0000-00-00 00:00:00', ''),
(209, '25', '10:41', '0', '', '2021-10-18 00:00:00', '74', '0000-00-00 00:00:00', ''),
(210, '7', '10:03', '1', '', '2021-10-19 00:00:00', '53', '2021-10-19 00:00:00', '53'),
(211, '6', '10:10', '1', '', '2021-10-19 00:00:00', '70', '2021-10-19 00:00:00', '70'),
(212, '1', '10:15', '0', '', '2021-10-19 00:00:00', '48', '0000-00-00 00:00:00', ''),
(213, '5', '10:22', '0', '', '2021-10-19 00:00:00', '51', '0000-00-00 00:00:00', ''),
(214, '25', '10:29', '0', '', '2021-10-19 00:00:00', '74', '0000-00-00 00:00:00', ''),
(215, '25', '10:00', '1', '', '2021-10-20 00:00:00', '74', '2021-10-20 00:00:00', '74'),
(216, '1', '10:09', '1', '', '2021-10-20 00:00:00', '48', '2021-10-20 00:00:00', '48'),
(217, '6', '10:10', '1', '', '2021-10-20 00:00:00', '70', '2021-10-20 00:00:00', '70'),
(218, '5', '10:19', '0', '', '2021-10-20 00:00:00', '51', '0000-00-00 00:00:00', ''),
(219, '7', '10:22', '0', '', '2021-10-20 00:00:00', '53', '0000-00-00 00:00:00', ''),
(220, '3', '10:24', '0', '', '2021-10-20 00:00:00', '49', '0000-00-00 00:00:00', ''),
(221, '6', '10:09', '1', '', '2021-10-21 00:00:00', '70', '2021-10-21 00:00:00', '70'),
(222, '3', '10:20', '0', '', '2021-10-21 00:00:00', '49', '0000-00-00 00:00:00', ''),
(223, '7', '10:21', '0', '', '2021-10-21 00:00:00', '53', '0000-00-00 00:00:00', ''),
(224, '25', '10:28', '0', '', '2021-10-21 00:00:00', '74', '0000-00-00 00:00:00', ''),
(225, '1', '10:30', '0', '', '2021-10-21 00:00:00', '48', '0000-00-00 00:00:00', ''),
(226, '5', '10:36', '0', '', '2021-10-21 00:00:00', '51', '0000-00-00 00:00:00', ''),
(227, '5', '10:10', '0', '', '2021-10-22 00:00:00', '51', '0000-00-00 00:00:00', ''),
(228, '6', '10:10', '1', '', '2021-10-22 00:00:00', '70', '2021-10-22 00:00:00', '70'),
(229, '7', '10:11', '0', '', '2021-10-22 00:00:00', '53', '0000-00-00 00:00:00', ''),
(230, '3', '10:12', '0', '', '2021-10-22 00:00:00', '49', '0000-00-00 00:00:00', ''),
(231, '1', '10:20', '0', '', '2021-10-22 00:00:00', '48', '0000-00-00 00:00:00', ''),
(232, '25', '10:48', '0', '', '2021-10-22 00:00:00', '74', '0000-00-00 00:00:00', ''),
(233, '7', '10:02', '1', '', '2021-10-25 00:00:00', '53', '2021-10-25 00:00:00', '53'),
(234, '6', '10:08', '1', '', '2021-10-25 00:00:00', '70', '2021-10-25 00:00:00', '70'),
(235, '3', '10:25', '0', '', '2021-10-25 00:00:00', '49', '0000-00-00 00:00:00', ''),
(236, '25', '10:25', '0', '', '2021-10-25 00:00:00', '74', '0000-00-00 00:00:00', ''),
(237, '5', '10:33', '0', '', '2021-10-25 00:00:00', '51', '0000-00-00 00:00:00', ''),
(238, '1', '10:51', '0', '', '2021-10-25 00:00:00', '48', '0000-00-00 00:00:00', ''),
(239, '6', '10:10', '1', '', '2021-10-26 00:00:00', '70', '2021-10-26 00:00:00', '70'),
(240, '3', '10:11', '0', '', '2021-10-26 00:00:00', '49', '0000-00-00 00:00:00', ''),
(241, '1', '10:19', '0', '', '2021-10-26 00:00:00', '48', '0000-00-00 00:00:00', ''),
(242, '25', '10:33', '0', '', '2021-10-26 00:00:00', '74', '0000-00-00 00:00:00', ''),
(243, '5', '10:40', '0', '', '2021-10-26 00:00:00', '51', '0000-00-00 00:00:00', ''),
(244, '7', '10:44', '0', '', '2021-10-26 00:00:00', '53', '0000-00-00 00:00:00', ''),
(245, '6', '10:10', '1', '', '2021-10-27 00:00:00', '70', '2021-10-27 00:00:00', '70'),
(246, '3', '10:12', '0', '', '2021-10-27 00:00:00', '49', '0000-00-00 00:00:00', ''),
(247, '1', '10:13', '0', '', '2021-10-27 00:00:00', '48', '0000-00-00 00:00:00', ''),
(248, '25', '10:23', '0', '', '2021-10-27 00:00:00', '74', '0000-00-00 00:00:00', ''),
(249, '7', '10:31', '0', '', '2021-10-27 00:00:00', '53', '0000-00-00 00:00:00', ''),
(250, '5', '14:11', '0', '', '2021-10-27 00:00:00', '51', '0000-00-00 00:00:00', ''),
(251, '3', '10:06', '0', '', '2021-10-28 00:00:00', '49', '0000-00-00 00:00:00', ''),
(252, '6', '10:08', '1', '', '2021-10-28 00:00:00', '70', '2021-10-28 00:00:00', '70'),
(253, '1', '10:11', '0', '', '2021-10-28 00:00:00', '48', '0000-00-00 00:00:00', ''),
(254, '5', '10:11', '0', '', '2021-10-28 00:00:00', '51', '0000-00-00 00:00:00', ''),
(255, '25', '10:29', '0', '', '2021-10-28 00:00:00', '74', '0000-00-00 00:00:00', ''),
(256, '7', '15:27', '0', '', '2021-10-28 00:00:00', '53', '0000-00-00 00:00:00', ''),
(257, '5', '10:13', '0', '', '2021-10-29 00:00:00', '51', '0000-00-00 00:00:00', ''),
(258, '3', '10:14', '0', '', '2021-10-29 00:00:00', '49', '0000-00-00 00:00:00', ''),
(259, '1', '10:16', '0', '', '2021-10-29 00:00:00', '48', '0000-00-00 00:00:00', ''),
(260, '6', '10:17', '0', '', '2021-10-29 00:00:00', '70', '0000-00-00 00:00:00', ''),
(261, '7', '10:29', '0', '', '2021-10-29 00:00:00', '53', '0000-00-00 00:00:00', ''),
(262, '25', '10:46', '0', '', '2021-10-29 00:00:00', '74', '0000-00-00 00:00:00', ''),
(263, '1', '10:26', '0', '', '2021-10-30 00:00:00', '48', '0000-00-00 00:00:00', ''),
(264, '5', '10:26', '0', '', '2021-10-30 00:00:00', '51', '0000-00-00 00:00:00', ''),
(265, '7', '10:42', '0', '', '2021-10-30 00:00:00', '53', '0000-00-00 00:00:00', ''),
(266, '6', '10:42', '0', '', '2021-10-30 00:00:00', '70', '0000-00-00 00:00:00', ''),
(267, '3', '11:18', '0', '', '2021-10-30 00:00:00', '49', '0000-00-00 00:00:00', ''),
(268, '25', '11:20', '0', '', '2021-10-30 00:00:00', '74', '0000-00-00 00:00:00', ''),
(269, '6', '10:04', '1', '', '2021-11-01 00:00:00', '70', '2021-11-01 00:00:00', '70'),
(270, '1', '10:14', '0', '', '2021-11-01 00:00:00', '48', '0000-00-00 00:00:00', ''),
(271, '7', '10:14', '0', '', '2021-11-01 00:00:00', '53', '0000-00-00 00:00:00', ''),
(272, '3', '10:17', '0', '', '2021-11-01 00:00:00', '49', '0000-00-00 00:00:00', ''),
(273, '5', '10:37', '0', '', '2021-11-01 00:00:00', '51', '0000-00-00 00:00:00', ''),
(274, '25', '10:42', '0', '', '2021-11-01 00:00:00', '74', '0000-00-00 00:00:00', ''),
(275, '6', '10:07', '0', '', '2021-11-02 00:00:00', '70', '0000-00-00 00:00:00', ''),
(276, '3', '10:27', '0', '', '2021-11-02 00:00:00', '49', '0000-00-00 00:00:00', ''),
(277, '5', '10:29', '0', '', '2021-11-02 00:00:00', '51', '0000-00-00 00:00:00', ''),
(278, '6', '10:09', '0', '', '2021-11-08 00:00:00', '70', '0000-00-00 00:00:00', ''),
(279, '3', '10:14', '0', '', '2021-11-08 00:00:00', '49', '0000-00-00 00:00:00', ''),
(280, '7', '10:27', '0', '', '2021-11-08 00:00:00', '53', '0000-00-00 00:00:00', ''),
(281, '5', '10:30', '0', '', '2021-11-08 00:00:00', '51', '0000-00-00 00:00:00', ''),
(282, '3', '10:16', '0', '', '2021-11-09 00:00:00', '49', '0000-00-00 00:00:00', ''),
(283, '5', '10:21', '0', '', '2021-11-09 00:00:00', '51', '0000-00-00 00:00:00', ''),
(284, '7', '10:30', '0', '', '2021-11-09 00:00:00', '53', '0000-00-00 00:00:00', ''),
(285, '6', '12:08', '0', '', '2021-11-09 00:00:00', '70', '0000-00-00 00:00:00', ''),
(286, '6', '10:03', '0', '', '2021-11-10 00:00:00', '70', '0000-00-00 00:00:00', ''),
(287, '3', '10:08', '1', '', '2021-11-10 00:00:00', '49', '2021-11-10 00:00:00', '49'),
(288, '5', '10:10', '1', '', '2021-11-10 00:00:00', '51', '2021-11-10 00:00:00', '51'),
(289, '7', '10:14', '0', '', '2021-11-10 00:00:00', '53', '0000-00-00 00:00:00', ''),
(290, '25', '10:02', '1', '', '2021-11-11 00:00:00', '74', '2021-11-11 00:00:00', '74'),
(291, '5', '10:07', '1', '', '2021-11-11 00:00:00', '51', '2021-11-11 00:00:00', '51'),
(292, '7', '10:20', '0', '', '2021-11-11 00:00:00', '53', '0000-00-00 00:00:00', ''),
(293, '3', '10:21', '0', '', '2021-11-11 00:00:00', '49', '0000-00-00 00:00:00', ''),
(294, '6', '10:22', '0', '', '2021-11-11 00:00:00', '70', '0000-00-00 00:00:00', ''),
(295, '1', '10:57', '0', '', '2021-11-11 00:00:00', '48', '0000-00-00 00:00:00', ''),
(296, '25', '09:59', '1', '', '2021-11-12 00:00:00', '74', '2021-11-12 00:00:00', '74'),
(297, '6', '10:05', '1', '', '2021-11-12 00:00:00', '70', '2021-11-12 00:00:00', '70'),
(298, '5', '10:08', '0', '', '2021-11-12 00:00:00', '51', '0000-00-00 00:00:00', ''),
(299, '3', '10:16', '0', '', '2021-11-12 00:00:00', '49', '0000-00-00 00:00:00', ''),
(300, '7', '10:16', '0', '', '2021-11-12 00:00:00', '53', '0000-00-00 00:00:00', ''),
(301, '3', '10:12', '0', '', '2021-11-15 00:00:00', '49', '0000-00-00 00:00:00', ''),
(302, '7', '10:14', '0', '', '2021-11-15 00:00:00', '53', '0000-00-00 00:00:00', ''),
(303, '25', '10:26', '0', '', '2021-11-15 00:00:00', '74', '0000-00-00 00:00:00', ''),
(304, '5', '10:55', '0', '', '2021-11-15 00:00:00', '51', '0000-00-00 00:00:00', ''),
(305, '3', '10:07', '1', '', '2021-11-16 00:00:00', '49', '2021-11-16 00:00:00', '49'),
(306, '7', '10:09', '1', '', '2021-11-16 00:00:00', '53', '2021-11-16 00:00:00', '53'),
(307, '5', '10:21', '0', '', '2021-11-16 00:00:00', '51', '0000-00-00 00:00:00', ''),
(308, '25', '10:26', '0', '', '2021-11-16 00:00:00', '74', '0000-00-00 00:00:00', ''),
(309, '3', '10:09', '0', '', '2021-11-17 00:00:00', '49', '0000-00-00 00:00:00', ''),
(310, '7', '10:11', '0', '', '2021-11-17 00:00:00', '53', '0000-00-00 00:00:00', ''),
(311, '6', '10:26', '0', '', '2021-11-17 00:00:00', '70', '0000-00-00 00:00:00', ''),
(312, '25', '10:34', '0', '', '2021-11-17 00:00:00', '74', '0000-00-00 00:00:00', ''),
(313, '5', '18:18', '0', '', '2021-11-17 00:00:00', '51', '0000-00-00 00:00:00', ''),
(314, '3', '10:05', '1', '', '2021-11-18 00:00:00', '49', '2021-11-18 00:00:00', '49'),
(315, '7', '10:06', '1', '', '2021-11-18 00:00:00', '53', '2021-11-18 00:00:00', '53'),
(316, '6', '10:11', '0', '', '2021-11-18 00:00:00', '70', '0000-00-00 00:00:00', ''),
(317, '25', '10:24', '0', '', '2021-11-18 00:00:00', '74', '0000-00-00 00:00:00', ''),
(318, '5', '12:03', '0', '', '2021-11-18 00:00:00', '51', '0000-00-00 00:00:00', ''),
(319, '5', '09:56', '1', '', '2021-11-19 00:00:00', '51', '2021-11-19 00:00:00', '51'),
(320, '3', '10:09', '1', '', '2021-11-19 00:00:00', '49', '2021-11-19 00:00:00', '49'),
(321, '25', '10:10', '1', '', '2021-11-19 00:00:00', '74', '2021-11-19 00:00:00', '74'),
(322, '7', '10:11', '0', '', '2021-11-19 00:00:00', '53', '0000-00-00 00:00:00', ''),
(323, '6', '10:13', '0', '', '2021-11-19 00:00:00', '70', '0000-00-00 00:00:00', ''),
(324, '25', '09:52', '1', '', '2021-11-20 00:00:00', '74', '2021-11-20 00:00:00', '74'),
(325, '7', '09:53', '1', '', '2021-11-20 00:00:00', '53', '2021-11-20 00:00:00', '53'),
(326, '3', '09:56', '1', '', '2021-11-20 00:00:00', '49', '2021-11-20 00:00:00', '49'),
(327, '5', '10:14', '0', '', '2021-11-20 00:00:00', '51', '0000-00-00 00:00:00', ''),
(328, '6', '10:24', '0', '', '2021-11-20 00:00:00', '70', '0000-00-00 00:00:00', ''),
(329, '25', '10:08', '0', '', '2021-11-22 00:00:00', '74', '0000-00-00 00:00:00', ''),
(330, '7', '10:08', '1', '', '2021-11-22 00:00:00', '53', '2021-11-22 00:00:00', '53'),
(331, '3', '10:09', '1', '', '2021-11-22 00:00:00', '49', '2021-11-22 00:00:00', '49'),
(332, '5', '10:16', '0', '', '2021-11-22 00:00:00', '51', '0000-00-00 00:00:00', ''),
(333, '6', '11:20', '0', '', '2021-11-22 00:00:00', '70', '0000-00-00 00:00:00', ''),
(334, '7', '10:01', '1', '', '2021-11-23 00:00:00', '53', '2021-11-23 00:00:00', '53'),
(335, '3', '10:01', '0', '', '2021-11-23 00:00:00', '49', '0000-00-00 00:00:00', ''),
(336, '6', '10:13', '0', '', '2021-11-23 00:00:00', '70', '0000-00-00 00:00:00', ''),
(337, '5', '10:21', '0', '', '2021-11-23 00:00:00', '51', '0000-00-00 00:00:00', ''),
(338, '25', '10:29', '0', '', '2021-11-23 00:00:00', '74', '0000-00-00 00:00:00', ''),
(339, '3', '10:06', '1', '', '2021-11-24 00:00:00', '49', '2021-11-24 00:00:00', '49'),
(340, '7', '10:07', '1', '', '2021-11-24 00:00:00', '53', '2021-11-24 00:00:00', '53'),
(341, '5', '10:07', '1', '', '2021-11-24 00:00:00', '51', '2021-11-24 00:00:00', '51'),
(342, '25', '10:09', '1', '', '2021-11-24 00:00:00', '74', '2021-11-24 00:00:00', '74'),
(343, '6', '10:13', '0', '', '2021-11-24 00:00:00', '70', '0000-00-00 00:00:00', ''),
(344, '5', '09:59', '1', '', '2021-11-25 00:00:00', '51', '2021-11-25 00:00:00', '51'),
(345, '7', '10:07', '1', '', '2021-11-25 00:00:00', '53', '2021-11-25 00:00:00', '53'),
(346, '3', '10:07', '1', '', '2021-11-25 00:00:00', '49', '2021-11-25 00:00:00', '49'),
(347, '25', '10:14', '0', '', '2021-11-25 00:00:00', '74', '0000-00-00 00:00:00', ''),
(348, '6', '10:19', '0', '', '2021-11-25 00:00:00', '70', '0000-00-00 00:00:00', ''),
(349, '6', '10:03', '1', '', '2021-11-26 00:00:00', '70', '2021-11-26 00:00:00', '70'),
(350, '5', '10:08', '1', '', '2021-11-26 00:00:00', '51', '2021-11-26 00:00:00', '51'),
(351, '3', '10:09', '1', '', '2021-11-26 00:00:00', '49', '2021-11-26 00:00:00', '49'),
(352, '25', '10:33', '0', '', '2021-11-26 00:00:00', '74', '0000-00-00 00:00:00', ''),
(353, '7', '12:25', '0', '', '2021-11-26 00:00:00', '53', '0000-00-00 00:00:00', ''),
(354, '5', '09:54', '1', '', '2021-11-29 00:00:00', '51', '2021-11-29 00:00:00', '51'),
(355, '6', '10:18', '0', '', '2021-11-29 00:00:00', '70', '0000-00-00 00:00:00', ''),
(356, '7', '10:54', '0', '', '2021-11-29 00:00:00', '53', '0000-00-00 00:00:00', ''),
(357, '25', '14:06', '0', '', '2021-11-29 00:00:00', '74', '0000-00-00 00:00:00', ''),
(358, '5', '10:07', '1', '', '2021-11-30 00:00:00', '51', '2021-11-30 00:00:00', '51'),
(359, '3', '10:12', '0', '', '2021-11-30 00:00:00', '49', '0000-00-00 00:00:00', ''),
(360, '6', '10:21', '0', '', '2021-11-30 00:00:00', '70', '0000-00-00 00:00:00', ''),
(361, '25', '10:29', '0', '', '2021-11-30 00:00:00', '74', '0000-00-00 00:00:00', ''),
(362, '7', '10:41', '0', '', '2021-11-30 00:00:00', '53', '0000-00-00 00:00:00', ''),
(363, '5', '10:08', '1', '', '2021-12-01 00:00:00', '51', '2021-12-01 00:00:00', '51'),
(364, '7', '10:09', '1', '', '2021-12-01 00:00:00', '53', '2021-12-01 00:00:00', '53'),
(365, '3', '10:10', '1', '', '2021-12-01 00:00:00', '49', '2021-12-01 00:00:00', '49'),
(366, '25', '10:23', '0', '', '2021-12-01 00:00:00', '74', '0000-00-00 00:00:00', ''),
(367, '6', '10:25', '0', '', '2021-12-01 00:00:00', '70', '0000-00-00 00:00:00', ''),
(368, '5', '10:13', '0', '', '2021-12-02 00:00:00', '51', '0000-00-00 00:00:00', ''),
(369, '25', '10:16', '0', '', '2021-12-02 00:00:00', '74', '0000-00-00 00:00:00', ''),
(370, '3', '10:18', '0', '', '2021-12-02 00:00:00', '49', '0000-00-00 00:00:00', ''),
(371, '6', '10:29', '0', '', '2021-12-02 00:00:00', '70', '0000-00-00 00:00:00', ''),
(372, '7', '11:39', '0', '', '2021-12-02 00:00:00', '53', '0000-00-00 00:00:00', ''),
(373, '3', '09:58', '1', '', '2021-12-03 00:00:00', '49', '2021-12-03 00:00:00', '49'),
(374, '5', '10:03', '1', '', '2021-12-03 00:00:00', '51', '2021-12-03 00:00:00', '51'),
(375, '7', '10:06', '1', '', '2021-12-03 00:00:00', '53', '2021-12-03 00:00:00', '53'),
(376, '6', '10:26', '0', '', '2021-12-03 00:00:00', '70', '0000-00-00 00:00:00', ''),
(377, '25', '10:26', '0', '', '2021-12-03 00:00:00', '74', '0000-00-00 00:00:00', ''),
(378, '5', '09:55', '1', '', '2021-12-04 00:00:00', '51', '2021-12-04 00:00:00', '51'),
(379, '25', '10:31', '0', '', '2021-12-04 00:00:00', '74', '0000-00-00 00:00:00', ''),
(380, '3', '10:32', '0', '', '2021-12-04 00:00:00', '49', '0000-00-00 00:00:00', ''),
(381, '6', '10:33', '0', '', '2021-12-04 00:00:00', '70', '0000-00-00 00:00:00', ''),
(382, '7', '18:48', '0', '', '2021-12-04 00:00:00', '53', '0000-00-00 00:00:00', ''),
(383, '5', '10:18', '0', '', '2021-12-06 00:00:00', '51', '0000-00-00 00:00:00', ''),
(384, '25', '10:26', '0', '', '2021-12-06 00:00:00', '74', '0000-00-00 00:00:00', ''),
(385, '6', '10:28', '0', '', '2021-12-06 00:00:00', '70', '0000-00-00 00:00:00', ''),
(386, '3', '10:33', '0', '', '2021-12-06 00:00:00', '49', '0000-00-00 00:00:00', ''),
(387, '7', '10:33', '0', '', '2021-12-06 00:00:00', '53', '0000-00-00 00:00:00', ''),
(388, '5', '10:02', '1', '', '2021-12-07 00:00:00', '51', '2021-12-07 00:00:00', '51'),
(389, '3', '10:05', '1', '', '2021-12-07 00:00:00', '49', '2021-12-07 00:00:00', '49'),
(390, '7', '10:07', '1', '', '2021-12-07 00:00:00', '53', '2021-12-07 00:00:00', '53'),
(391, '25', '10:24', '0', '', '2021-12-07 00:00:00', '74', '0000-00-00 00:00:00', ''),
(392, '6', '10:25', '0', '', '2021-12-07 00:00:00', '70', '0000-00-00 00:00:00', ''),
(393, '3', '10:04', '1', '', '2021-12-08 00:00:00', '49', '2021-12-08 00:00:00', '49'),
(394, '5', '10:05', '1', '', '2021-12-08 00:00:00', '51', '2021-12-08 00:00:00', '51'),
(395, '25', '10:12', '0', '', '2021-12-08 00:00:00', '74', '0000-00-00 00:00:00', ''),
(396, '6', '10:25', '0', '', '2021-12-08 00:00:00', '70', '0000-00-00 00:00:00', ''),
(397, '7', '19:09', '0', '', '2021-12-08 00:00:00', '53', '0000-00-00 00:00:00', ''),
(398, '7', '09:51', '1', '', '2021-12-09 00:00:00', '53', '2021-12-09 00:00:00', '53'),
(399, '5', '10:02', '1', '', '2021-12-09 00:00:00', '51', '2021-12-09 00:00:00', '51'),
(400, '3', '10:14', '0', '', '2021-12-09 00:00:00', '49', '0000-00-00 00:00:00', ''),
(401, '25', '10:26', '0', '', '2021-12-09 00:00:00', '74', '0000-00-00 00:00:00', ''),
(402, '6', '10:44', '0', '', '2021-12-09 00:00:00', '70', '0000-00-00 00:00:00', ''),
(403, '5', '09:59', '1', '', '2021-12-10 00:00:00', '51', '2021-12-10 00:00:00', '51'),
(404, '7', '10:06', '1', '', '2021-12-10 00:00:00', '53', '2021-12-10 00:00:00', '53'),
(405, '3', '10:10', '1', '', '2021-12-10 00:00:00', '49', '2021-12-10 00:00:00', '49'),
(406, '25', '10:26', '0', '', '2021-12-10 00:00:00', '74', '0000-00-00 00:00:00', ''),
(407, '6', '10:49', '0', '', '2021-12-10 00:00:00', '70', '0000-00-00 00:00:00', ''),
(408, '3', '10:33', '0', '', '2021-12-11 00:00:00', '49', '0000-00-00 00:00:00', ''),
(409, '5', '09:55', '0', '', '2021-12-13 00:00:00', '51', '0000-00-00 00:00:00', ''),
(410, '7', '10:02', '1', '', '2021-12-13 00:00:00', '53', '2021-12-13 00:00:00', '53'),
(411, '6', '10:23', '0', '', '2021-12-13 00:00:00', '70', '0000-00-00 00:00:00', ''),
(412, '25', '10:34', '0', '', '2021-12-13 00:00:00', '74', '0000-00-00 00:00:00', ''),
(413, '7', '10:03', '1', '', '2021-12-14 00:00:00', '53', '2021-12-14 00:00:00', '53'),
(414, '5', '10:04', '1', '', '2021-12-14 00:00:00', '51', '2021-12-14 00:00:00', '51'),
(415, '25', '10:18', '0', '', '2021-12-14 00:00:00', '74', '0000-00-00 00:00:00', ''),
(416, '6', '10:21', '0', '', '2021-12-14 00:00:00', '70', '0000-00-00 00:00:00', ''),
(417, '7', '10:06', '1', '', '2021-12-15 00:00:00', '53', '2021-12-15 00:00:00', '53'),
(418, '25', '10:08', '1', '', '2021-12-15 00:00:00', '74', '2021-12-15 00:00:00', '74'),
(419, '3', '10:14', '0', '', '2021-12-15 00:00:00', '49', '0000-00-00 00:00:00', ''),
(420, '5', '11:11', '0', '', '2021-12-15 00:00:00', '51', '0000-00-00 00:00:00', ''),
(421, '6', '11:31', '0', '', '2021-12-15 00:00:00', '70', '0000-00-00 00:00:00', ''),
(422, '7', '10:07', '1', '', '2021-12-16 00:00:00', '53', '2021-12-16 00:00:00', '53'),
(423, '3', '10:07', '0', '', '2021-12-16 00:00:00', '49', '0000-00-00 00:00:00', ''),
(424, '25', '10:13', '0', '', '2021-12-16 00:00:00', '74', '0000-00-00 00:00:00', ''),
(425, '6', '10:33', '0', '', '2021-12-16 00:00:00', '70', '0000-00-00 00:00:00', ''),
(426, '5', '13:35', '0', '', '2021-12-16 00:00:00', '51', '0000-00-00 00:00:00', ''),
(427, '25', '10:02', '1', '', '2021-12-17 00:00:00', '74', '2021-12-17 00:00:00', '74'),
(428, '3', '10:06', '1', '', '2021-12-17 00:00:00', '49', '2021-12-17 00:00:00', '49'),
(429, '7', '10:09', '1', '', '2021-12-17 00:00:00', '53', '2021-12-17 00:00:00', '53'),
(430, '6', '11:02', '0', '', '2021-12-17 00:00:00', '70', '0000-00-00 00:00:00', ''),
(431, '7', '10:02', '1', '', '2021-12-18 00:00:00', '53', '2021-12-18 00:00:00', '53'),
(432, '3', '10:03', '1', '', '2021-12-18 00:00:00', '49', '2021-12-18 00:00:00', '49'),
(433, '25', '10:08', '1', '', '2021-12-18 00:00:00', '74', '2021-12-18 00:00:00', '74'),
(434, '6', '10:35', '0', '', '2021-12-18 00:00:00', '70', '0000-00-00 00:00:00', ''),
(435, '7', '10:31', '0', '', '2021-12-20 00:00:00', '53', '0000-00-00 00:00:00', ''),
(436, '6', '10:32', '0', '', '2021-12-20 00:00:00', '70', '0000-00-00 00:00:00', ''),
(437, '3', '09:56', '1', '', '2021-12-21 00:00:00', '49', '2021-12-21 00:00:00', '49'),
(438, '7', '10:38', '0', '', '2021-12-21 00:00:00', '53', '0000-00-00 00:00:00', ''),
(439, '6', '18:24', '0', '', '2021-12-21 00:00:00', '70', '0000-00-00 00:00:00', ''),
(440, '25', '10:08', '1', '', '2021-12-22 00:00:00', '74', '2021-12-22 00:00:00', '74'),
(441, '6', '10:27', '0', '', '2021-12-22 00:00:00', '70', '0000-00-00 00:00:00', ''),
(442, '7', '10:38', '0', '', '2021-12-22 00:00:00', '53', '0000-00-00 00:00:00', ''),
(443, '3', '11:14', '0', '', '2021-12-22 00:00:00', '49', '0000-00-00 00:00:00', ''),
(444, '25', '10:25', '0', '', '2021-12-23 00:00:00', '74', '0000-00-00 00:00:00', ''),
(445, '6', '10:28', '0', '', '2021-12-23 00:00:00', '70', '0000-00-00 00:00:00', ''),
(446, '7', '10:28', '0', '', '2021-12-23 00:00:00', '53', '0000-00-00 00:00:00', ''),
(447, '3', '10:29', '0', '', '2021-12-23 00:00:00', '49', '0000-00-00 00:00:00', ''),
(448, '25', '10:15', '0', '', '2021-12-24 00:00:00', '74', '0000-00-00 00:00:00', ''),
(449, '7', '10:33', '0', '', '2021-12-24 00:00:00', '53', '0000-00-00 00:00:00', ''),
(450, '3', '10:33', '0', '', '2021-12-24 00:00:00', '49', '0000-00-00 00:00:00', ''),
(451, '6', '10:37', '0', '', '2021-12-24 00:00:00', '70', '0000-00-00 00:00:00', ''),
(452, '25', '10:17', '0', '', '2021-12-27 00:00:00', '74', '0000-00-00 00:00:00', ''),
(453, '6', '10:36', '0', '', '2021-12-27 00:00:00', '70', '0000-00-00 00:00:00', ''),
(454, '7', '10:49', '0', '', '2021-12-27 00:00:00', '53', '0000-00-00 00:00:00', ''),
(455, '3', '10:50', '0', '', '2021-12-27 00:00:00', '49', '0000-00-00 00:00:00', ''),
(456, '3', '10:29', '0', '', '2021-12-28 00:00:00', '49', '0000-00-00 00:00:00', ''),
(457, '7', '10:31', '0', '', '2021-12-28 00:00:00', '53', '0000-00-00 00:00:00', ''),
(458, '25', '10:38', '0', '', '2021-12-28 00:00:00', '74', '0000-00-00 00:00:00', ''),
(459, '6', '10:39', '0', '', '2021-12-28 00:00:00', '70', '0000-00-00 00:00:00', ''),
(460, '3', '10:17', '0', '', '2021-12-29 00:00:00', '49', '0000-00-00 00:00:00', ''),
(461, '7', '10:18', '0', '', '2021-12-29 00:00:00', '53', '0000-00-00 00:00:00', ''),
(462, '6', '10:38', '0', '', '2021-12-29 00:00:00', '70', '0000-00-00 00:00:00', ''),
(463, '25', '10:39', '0', '', '2021-12-29 00:00:00', '74', '0000-00-00 00:00:00', ''),
(464, '25', '10:16', '0', '', '2021-12-30 00:00:00', '74', '0000-00-00 00:00:00', ''),
(465, '7', '10:21', '0', '', '2021-12-30 00:00:00', '53', '0000-00-00 00:00:00', ''),
(466, '3', '10:22', '0', '', '2021-12-30 00:00:00', '49', '0000-00-00 00:00:00', ''),
(467, '6', '18:57', '0', '', '2021-12-30 00:00:00', '70', '0000-00-00 00:00:00', ''),
(468, '7', '10:27', '0', '', '2021-12-31 00:00:00', '53', '0000-00-00 00:00:00', ''),
(469, '3', '10:27', '0', '', '2021-12-31 00:00:00', '49', '0000-00-00 00:00:00', ''),
(470, '6', '10:50', '0', '', '2021-12-31 00:00:00', '70', '0000-00-00 00:00:00', ''),
(471, '25', '19:16', '0', '', '2021-12-31 00:00:00', '74', '0000-00-00 00:00:00', ''),
(472, '7', '10:06', '1', '', '2022-01-03 00:00:00', '53', '2022-01-03 00:00:00', '53'),
(473, '3', '10:12', '0', '', '2022-01-03 00:00:00', '49', '0000-00-00 00:00:00', ''),
(474, '3', '10:16', '0', '', '2022-01-04 00:00:00', '49', '0000-00-00 00:00:00', ''),
(475, '7', '10:19', '0', '', '2022-01-04 00:00:00', '53', '0000-00-00 00:00:00', ''),
(476, '25', '10:23', '0', '', '2022-01-04 00:00:00', '74', '0000-00-00 00:00:00', ''),
(477, '7', '10:04', '1', '', '2022-01-05 00:00:00', '53', '2022-01-05 00:00:00', '53'),
(478, '3', '10:06', '0', '', '2022-01-05 00:00:00', '49', '0000-00-00 00:00:00', ''),
(479, '25', '10:20', '0', '', '2022-01-05 00:00:00', '74', '0000-00-00 00:00:00', ''),
(480, '3', '09:56', '1', '', '2022-01-06 00:00:00', '49', '2022-01-06 00:00:00', '49'),
(481, '7', '10:08', '1', '', '2022-01-06 00:00:00', '53', '2022-01-06 00:00:00', '53'),
(482, '25', '10:23', '0', '', '2022-01-06 00:00:00', '74', '0000-00-00 00:00:00', ''),
(483, '7', '10:15', '0', '', '2022-01-07 00:00:00', '53', '0000-00-00 00:00:00', ''),
(484, '3', '10:16', '0', '', '2022-01-07 00:00:00', '49', '0000-00-00 00:00:00', ''),
(485, '25', '10:21', '0', '', '2022-01-07 00:00:00', '74', '0000-00-00 00:00:00', ''),
(486, '25', '10:15', '0', '', '2022-01-08 00:00:00', '74', '0000-00-00 00:00:00', ''),
(487, '7', '10:36', '0', '', '2022-01-08 00:00:00', '53', '0000-00-00 00:00:00', ''),
(488, '3', '10:37', '0', '', '2022-01-08 00:00:00', '49', '0000-00-00 00:00:00', ''),
(489, '7', '10:13', '0', '', '2022-01-10 00:00:00', '53', '0000-00-00 00:00:00', ''),
(490, '3', '10:13', '0', '', '2022-01-10 00:00:00', '49', '0000-00-00 00:00:00', ''),
(491, '25', '10:32', '0', '', '2022-01-10 00:00:00', '74', '0000-00-00 00:00:00', ''),
(492, '7', '10:12', '0', '', '2022-01-11 00:00:00', '53', '0000-00-00 00:00:00', ''),
(493, '3', '10:14', '0', '', '2022-01-11 00:00:00', '49', '0000-00-00 00:00:00', ''),
(494, '25', '10:17', '0', '', '2022-01-11 00:00:00', '74', '0000-00-00 00:00:00', ''),
(495, '3', '10:20', '0', '', '2022-01-12 00:00:00', '49', '0000-00-00 00:00:00', ''),
(496, '7', '10:25', '0', '', '2022-01-12 00:00:00', '53', '0000-00-00 00:00:00', ''),
(497, '25', '10:33', '0', '', '2022-01-12 00:00:00', '74', '0000-00-00 00:00:00', ''),
(498, '3', '10:19', '0', '', '2022-01-13 00:00:00', '49', '0000-00-00 00:00:00', ''),
(499, '25', '10:46', '0', '', '2022-01-13 00:00:00', '74', '0000-00-00 00:00:00', ''),
(500, '1', '10:48', '0', '', '2022-01-13 00:00:00', '48', '0000-00-00 00:00:00', ''),
(501, '7', '11:20', '0', '', '2022-01-13 00:00:00', '53', '0000-00-00 00:00:00', ''),
(502, '7', '10:27', '0', '', '2022-01-17 00:00:00', '53', '0000-00-00 00:00:00', ''),
(503, '3', '11:07', '0', '', '2022-01-18 00:00:00', '49', '0000-00-00 00:00:00', ''),
(504, '7', '11:09', '0', '', '2022-01-18 00:00:00', '53', '0000-00-00 00:00:00', ''),
(505, '26', '13:18', '0', '', '2022-01-18 00:00:00', '77', '0000-00-00 00:00:00', ''),
(506, '7', '10:00', '0', '', '2022-01-19 00:00:00', '53', '0000-00-00 00:00:00', ''),
(507, '3', '10:20', '0', '', '2022-01-19 00:00:00', '49', '0000-00-00 00:00:00', ''),
(508, '26', '10:21', '0', '', '2022-01-19 00:00:00', '77', '0000-00-00 00:00:00', ''),
(509, '7', '10:05', '1', '', '2022-01-20 00:00:00', '53', '2022-01-20 00:00:00', '53'),
(510, '3', '10:09', '1', '', '2022-01-20 00:00:00', '49', '2022-01-20 00:00:00', '49'),
(511, '26', '10:09', '1', '', '2022-01-20 00:00:00', '77', '2022-01-20 00:00:00', '77'),
(512, '7', '10:09', '0', '', '2022-01-21 00:00:00', '53', '0000-00-00 00:00:00', ''),
(513, '26', '10:22', '0', '', '2022-01-21 00:00:00', '77', '0000-00-00 00:00:00', ''),
(514, '3', '10:45', '0', '', '2022-01-21 00:00:00', '49', '0000-00-00 00:00:00', ''),
(515, '7', '10:11', '0', '', '2022-01-22 00:00:00', '53', '0000-00-00 00:00:00', ''),
(516, '3', '10:13', '0', '', '2022-01-22 00:00:00', '49', '0000-00-00 00:00:00', ''),
(517, '26', '10:14', '0', '', '2022-01-22 00:00:00', '77', '0000-00-00 00:00:00', ''),
(518, '7', '09:58', '1', '', '2022-01-24 00:00:00', '53', '2022-01-24 00:00:00', '53'),
(519, '3', '10:06', '1', '', '2022-01-24 00:00:00', '49', '2022-01-24 00:00:00', '49'),
(520, '26', '10:21', '0', '', '2022-01-24 00:00:00', '77', '0000-00-00 00:00:00', ''),
(521, '25', '10:22', '0', '', '2022-01-24 00:00:00', '74', '0000-00-00 00:00:00', ''),
(522, '7', '09:59', '1', '', '2022-01-25 00:00:00', '53', '2022-01-25 00:00:00', '53'),
(523, '25', '10:11', '0', '', '2022-01-25 00:00:00', '74', '0000-00-00 00:00:00', ''),
(524, '3', '10:11', '0', '', '2022-01-25 00:00:00', '49', '0000-00-00 00:00:00', ''),
(525, '26', '10:12', '0', '', '2022-01-25 00:00:00', '77', '0000-00-00 00:00:00', ''),
(526, '25', '10:23', '0', '', '2022-01-27 00:00:00', '74', '0000-00-00 00:00:00', ''),
(527, '26', '10:24', '0', '', '2022-01-27 00:00:00', '77', '0000-00-00 00:00:00', ''),
(528, '3', '10:40', '0', '', '2022-01-27 00:00:00', '49', '0000-00-00 00:00:00', ''),
(529, '7', '11:35', '0', '', '2022-01-27 00:00:00', '53', '0000-00-00 00:00:00', ''),
(530, '3', '10:26', '0', '', '2022-01-28 00:00:00', '49', '0000-00-00 00:00:00', ''),
(531, '26', '10:28', '0', '', '2022-01-28 00:00:00', '77', '0000-00-00 00:00:00', ''),
(532, '7', '10:30', '0', '', '2022-01-28 00:00:00', '53', '0000-00-00 00:00:00', ''),
(533, '25', '10:39', '0', '', '2022-01-28 00:00:00', '74', '0000-00-00 00:00:00', ''),
(534, '7', '10:20', '0', '', '2022-01-29 00:00:00', '53', '0000-00-00 00:00:00', ''),
(535, '26', '10:22', '0', '', '2022-01-29 00:00:00', '77', '0000-00-00 00:00:00', ''),
(536, '3', '10:22', '0', '', '2022-01-29 00:00:00', '49', '0000-00-00 00:00:00', ''),
(537, '7', '10:10', '1', '', '2022-01-31 00:00:00', '53', '2022-01-31 00:00:00', '53'),
(538, '26', '10:17', '0', '', '2022-01-31 00:00:00', '77', '0000-00-00 00:00:00', ''),
(539, '3', '10:20', '0', '', '2022-01-31 00:00:00', '49', '0000-00-00 00:00:00', ''),
(540, '7', '10:06', '1', '', '2022-02-01 00:00:00', '53', '2022-02-01 00:00:00', '53'),
(541, '3', '10:08', '0', '', '2022-02-01 00:00:00', '49', '0000-00-00 00:00:00', ''),
(542, '26', '10:11', '0', '', '2022-02-01 00:00:00', '77', '0000-00-00 00:00:00', ''),
(543, '7', '10:09', '1', '', '2022-02-02 00:00:00', '53', '2022-02-02 00:00:00', '53'),
(544, '3', '10:10', '1', '', '2022-02-02 00:00:00', '49', '2022-02-02 00:00:00', '49'),
(545, '26', '10:27', '0', '', '2022-02-02 00:00:00', '77', '0000-00-00 00:00:00', ''),
(546, '25', '10:28', '0', '', '2022-02-02 00:00:00', '74', '0000-00-00 00:00:00', ''),
(547, '26', '10:20', '0', '', '2022-02-03 00:00:00', '77', '0000-00-00 00:00:00', ''),
(548, '25', '10:25', '0', '', '2022-02-03 00:00:00', '74', '0000-00-00 00:00:00', ''),
(549, '3', '10:25', '0', '', '2022-02-03 00:00:00', '49', '0000-00-00 00:00:00', ''),
(550, '7', '10:59', '0', '', '2022-02-03 00:00:00', '53', '0000-00-00 00:00:00', ''),
(551, '7', '10:04', '1', '', '2022-02-04 00:00:00', '53', '2022-02-04 00:00:00', '53'),
(552, '25', '10:30', '0', '', '2022-02-04 00:00:00', '74', '0000-00-00 00:00:00', ''),
(553, '3', '11:39', '0', '', '2022-02-04 00:00:00', '49', '0000-00-00 00:00:00', ''),
(554, '7', '10:04', '1', '', '2022-02-07 00:00:00', '53', '2022-02-07 00:00:00', '53'),
(555, '26', '10:32', '0', '', '2022-02-07 00:00:00', '77', '0000-00-00 00:00:00', ''),
(556, '25', '10:59', '0', '', '2022-02-07 00:00:00', '74', '0000-00-00 00:00:00', ''),
(557, '3', '11:16', '0', '', '2022-02-07 00:00:00', '49', '0000-00-00 00:00:00', ''),
(558, '7', '10:18', '0', '', '2022-02-08 00:00:00', '53', '0000-00-00 00:00:00', ''),
(559, '26', '10:25', '0', '', '2022-02-08 00:00:00', '77', '0000-00-00 00:00:00', ''),
(560, '25', '10:28', '0', '', '2022-02-08 00:00:00', '74', '0000-00-00 00:00:00', ''),
(561, '3', '11:07', '0', '', '2022-02-08 00:00:00', '49', '0000-00-00 00:00:00', ''),
(562, '26', '10:30', '0', '', '2022-02-09 00:00:00', '77', '0000-00-00 00:00:00', ''),
(563, '25', '10:30', '0', '', '2022-02-09 00:00:00', '74', '0000-00-00 00:00:00', ''),
(564, '7', '10:31', '0', '', '2022-02-09 00:00:00', '53', '0000-00-00 00:00:00', ''),
(565, '3', '10:29', '0', '', '2022-02-10 00:00:00', '49', '0000-00-00 00:00:00', ''),
(566, '7', '10:30', '0', '', '2022-02-10 00:00:00', '53', '0000-00-00 00:00:00', ''),
(567, '25', '10:32', '0', '', '2022-02-10 00:00:00', '74', '0000-00-00 00:00:00', ''),
(568, '26', '10:33', '0', '', '2022-02-10 00:00:00', '77', '0000-00-00 00:00:00', ''),
(569, '3', '10:11', '0', '', '2022-02-11 00:00:00', '49', '0000-00-00 00:00:00', ''),
(570, '7', '10:38', '0', '', '2022-02-11 00:00:00', '53', '0000-00-00 00:00:00', ''),
(571, '26', '10:41', '0', '', '2022-02-11 00:00:00', '77', '0000-00-00 00:00:00', ''),
(572, '25', '10:43', '0', '', '2022-02-11 00:00:00', '74', '0000-00-00 00:00:00', ''),
(573, '7', '10:23', '0', '', '2022-02-12 00:00:00', '53', '0000-00-00 00:00:00', ''),
(574, '3', '10:31', '0', '', '2022-02-12 00:00:00', '49', '0000-00-00 00:00:00', ''),
(575, '25', '10:34', '0', '', '2022-02-12 00:00:00', '74', '0000-00-00 00:00:00', ''),
(576, '26', '10:35', '0', '', '2022-02-12 00:00:00', '77', '0000-00-00 00:00:00', ''),
(577, '3', '10:21', '0', '', '2022-02-14 00:00:00', '49', '0000-00-00 00:00:00', ''),
(578, '26', '10:29', '0', '', '2022-02-14 00:00:00', '77', '0000-00-00 00:00:00', ''),
(579, '7', '11:13', '0', '', '2022-02-14 00:00:00', '53', '0000-00-00 00:00:00', ''),
(580, '3', '10:26', '0', '', '2022-02-15 00:00:00', '49', '0000-00-00 00:00:00', ''),
(581, '7', '10:27', '0', '', '2022-02-15 00:00:00', '53', '0000-00-00 00:00:00', ''),
(582, '26', '10:28', '0', '', '2022-02-15 00:00:00', '77', '0000-00-00 00:00:00', ''),
(583, '3', '10:09', '0', '', '2022-02-16 00:00:00', '49', '0000-00-00 00:00:00', ''),
(584, '7', '10:30', '0', '', '2022-02-16 00:00:00', '53', '0000-00-00 00:00:00', ''),
(585, '25', '10:36', '0', '', '2022-02-16 00:00:00', '74', '0000-00-00 00:00:00', ''),
(586, '26', '10:36', '0', '', '2022-02-16 00:00:00', '77', '0000-00-00 00:00:00', ''),
(587, '7', '10:01', '1', '', '2022-02-17 00:00:00', '53', '2022-02-17 00:00:00', '53'),
(588, '3', '10:15', '0', '', '2022-02-17 00:00:00', '49', '0000-00-00 00:00:00', ''),
(589, '25', '10:32', '0', '', '2022-02-17 00:00:00', '74', '0000-00-00 00:00:00', ''),
(590, '26', '10:34', '0', '', '2022-02-17 00:00:00', '77', '0000-00-00 00:00:00', '');
INSERT INTO `point_attendence` (`id`, `employee_id`, `in_time`, `point`, `description`, `create_date`, `created_by`, `update_date`, `update_by`) VALUES
(591, '3', '10:10', '1', '', '2022-02-18 00:00:00', '49', '2022-02-18 00:00:00', '49'),
(592, '25', '10:38', '0', '', '2022-02-18 00:00:00', '74', '0000-00-00 00:00:00', ''),
(593, '26', '10:39', '0', '', '2022-02-18 00:00:00', '77', '0000-00-00 00:00:00', ''),
(594, '7', '18:09', '0', '', '2022-02-18 00:00:00', '53', '0000-00-00 00:00:00', ''),
(595, '7', '10:08', '1', '', '2022-02-19 00:00:00', '53', '2022-02-19 00:00:00', '53'),
(596, '3', '10:21', '0', '', '2022-02-19 00:00:00', '49', '0000-00-00 00:00:00', ''),
(597, '26', '11:10', '0', '', '2022-02-19 00:00:00', '77', '0000-00-00 00:00:00', ''),
(598, '25', '11:11', '0', '', '2022-02-19 00:00:00', '74', '0000-00-00 00:00:00', ''),
(599, '7', '10:10', '1', '', '2022-02-21 00:00:00', '53', '2022-02-21 00:00:00', '53'),
(600, '25', '10:34', '0', '', '2022-02-21 00:00:00', '74', '0000-00-00 00:00:00', ''),
(601, '26', '10:35', '0', '', '2022-02-21 00:00:00', '77', '0000-00-00 00:00:00', ''),
(602, '7', '10:09', '1', '', '2022-02-22 00:00:00', '53', '2022-02-22 00:00:00', '53'),
(603, '25', '10:12', '0', '', '2022-02-22 00:00:00', '74', '0000-00-00 00:00:00', ''),
(604, '26', '10:13', '0', '', '2022-02-22 00:00:00', '77', '0000-00-00 00:00:00', ''),
(605, '3', '10:13', '0', '', '2022-02-22 00:00:00', '49', '0000-00-00 00:00:00', ''),
(606, '25', '10:09', '1', '', '2022-02-23 00:00:00', '74', '2022-02-23 00:00:00', '74'),
(607, '26', '10:11', '0', '', '2022-02-23 00:00:00', '77', '0000-00-00 00:00:00', ''),
(608, '7', '10:35', '0', '', '2022-02-23 00:00:00', '53', '0000-00-00 00:00:00', ''),
(609, '3', '11:32', '0', '', '2022-02-23 00:00:00', '49', '0000-00-00 00:00:00', ''),
(610, '7', '10:02', '1', '', '2022-02-24 00:00:00', '53', '2022-02-24 00:00:00', '53'),
(611, '3', '10:08', '1', '', '2022-02-24 00:00:00', '49', '2022-02-24 00:00:00', '49'),
(612, '25', '10:10', '1', '', '2022-02-24 00:00:00', '74', '2022-02-24 00:00:00', '74'),
(613, '26', '10:12', '0', '', '2022-02-24 00:00:00', '77', '0000-00-00 00:00:00', ''),
(614, '26', '10:06', '1', '', '2022-02-25 00:00:00', '77', '2022-02-25 00:00:00', '77'),
(615, '3', '10:06', '1', '', '2022-02-25 00:00:00', '49', '2022-02-25 00:00:00', '49'),
(616, '7', '10:09', '1', '', '2022-02-25 00:00:00', '53', '2022-02-25 00:00:00', '53'),
(617, '25', '10:23', '0', '', '2022-02-25 00:00:00', '74', '0000-00-00 00:00:00', ''),
(618, '25', '09:57', '1', '', '2022-02-28 00:00:00', '74', '2022-02-28 00:00:00', '74'),
(619, '26', '10:11', '0', '', '2022-02-28 00:00:00', '77', '0000-00-00 00:00:00', ''),
(620, '3', '10:20', '0', '', '2022-02-28 00:00:00', '49', '0000-00-00 00:00:00', ''),
(621, '7', '10:38', '0', '', '2022-02-28 00:00:00', '53', '0000-00-00 00:00:00', ''),
(622, '1', '13:06', '0', '', '2022-02-28 00:00:00', '48', '0000-00-00 00:00:00', ''),
(623, '3', '10:04', '1', '', '2022-03-01 00:00:00', '49', '2022-03-01 00:00:00', '49'),
(624, '7', '10:18', '0', '', '2022-03-01 00:00:00', '53', '0000-00-00 00:00:00', ''),
(625, '25', '10:26', '0', '', '2022-03-01 00:00:00', '74', '0000-00-00 00:00:00', ''),
(626, '26', '10:27', '0', '', '2022-03-01 00:00:00', '77', '0000-00-00 00:00:00', ''),
(627, '1', '11:17', '0', '', '2022-03-01 00:00:00', '48', '0000-00-00 00:00:00', ''),
(628, '1', '10:12', '0', '', '2022-03-02 00:00:00', '48', '0000-00-00 00:00:00', ''),
(629, '25', '10:14', '0', '', '2022-03-02 00:00:00', '74', '0000-00-00 00:00:00', ''),
(630, '26', '10:14', '0', '', '2022-03-02 00:00:00', '77', '0000-00-00 00:00:00', ''),
(631, '3', '10:15', '0', '', '2022-03-02 00:00:00', '49', '0000-00-00 00:00:00', ''),
(632, '7', '10:16', '0', '', '2022-03-02 00:00:00', '53', '0000-00-00 00:00:00', ''),
(633, '3', '10:07', '1', '', '2022-03-03 00:00:00', '49', '2022-03-03 00:00:00', '49'),
(634, '26', '10:08', '1', '', '2022-03-03 00:00:00', '77', '2022-03-03 00:00:00', '77'),
(635, '7', '10:31', '0', '', '2022-03-03 00:00:00', '53', '0000-00-00 00:00:00', ''),
(636, '1', '10:51', '0', '', '2022-03-03 00:00:00', '48', '0000-00-00 00:00:00', ''),
(637, '25', '10:20', '0', '', '2022-03-04 00:00:00', '74', '0000-00-00 00:00:00', ''),
(638, '26', '10:20', '0', '', '2022-03-04 00:00:00', '77', '0000-00-00 00:00:00', ''),
(639, '3', '10:23', '0', '', '2022-03-04 00:00:00', '49', '0000-00-00 00:00:00', ''),
(640, '7', '10:32', '0', '', '2022-03-04 00:00:00', '53', '0000-00-00 00:00:00', ''),
(641, '1', '11:05', '0', '', '2022-03-04 00:00:00', '48', '0000-00-00 00:00:00', ''),
(642, '3', '10:02', '1', '', '2022-03-05 00:00:00', '49', '2022-03-05 00:00:00', '49'),
(643, '7', '10:03', '1', '', '2022-03-05 00:00:00', '53', '2022-03-05 00:00:00', '53'),
(644, '26', '10:19', '0', '', '2022-03-05 00:00:00', '77', '0000-00-00 00:00:00', ''),
(645, '25', '10:19', '0', '', '2022-03-05 00:00:00', '74', '0000-00-00 00:00:00', ''),
(646, '3', '10:00', '1', '', '2022-03-07 00:00:00', '49', '2022-03-07 00:00:00', '49'),
(647, '26', '10:08', '1', '', '2022-03-07 00:00:00', '77', '2022-03-07 00:00:00', '77'),
(648, '7', '10:22', '0', '', '2022-03-07 00:00:00', '53', '0000-00-00 00:00:00', ''),
(649, '1', '10:54', '0', '', '2022-03-07 00:00:00', '48', '0000-00-00 00:00:00', ''),
(650, '25', '14:02', '0', '', '2022-03-07 00:00:00', '74', '0000-00-00 00:00:00', ''),
(651, '3', '09:53', '1', '', '2022-03-08 00:00:00', '49', '2022-03-08 00:00:00', '49'),
(652, '26', '10:14', '0', '', '2022-03-08 00:00:00', '77', '0000-00-00 00:00:00', ''),
(653, '25', '10:15', '0', '', '2022-03-08 00:00:00', '74', '0000-00-00 00:00:00', ''),
(654, '7', '10:26', '0', '', '2022-03-08 00:00:00', '53', '0000-00-00 00:00:00', ''),
(655, '1', '10:34', '0', '', '2022-03-08 00:00:00', '48', '0000-00-00 00:00:00', ''),
(656, '26', '10:15', '0', '', '2022-03-09 00:00:00', '77', '0000-00-00 00:00:00', ''),
(657, '3', '10:18', '0', '', '2022-03-09 00:00:00', '49', '0000-00-00 00:00:00', ''),
(658, '7', '18:50', '0', '', '2022-03-09 00:00:00', '53', '0000-00-00 00:00:00', ''),
(659, '3', '10:04', '1', '', '2022-03-10 00:00:00', '49', '2022-03-10 00:00:00', '49'),
(660, '26', '10:23', '0', '', '2022-03-10 00:00:00', '77', '0000-00-00 00:00:00', ''),
(661, '25', '10:23', '0', '', '2022-03-10 00:00:00', '74', '0000-00-00 00:00:00', ''),
(662, '7', '10:30', '0', '', '2022-03-10 00:00:00', '53', '0000-00-00 00:00:00', ''),
(663, '1', '10:34', '0', '', '2022-03-10 00:00:00', '48', '0000-00-00 00:00:00', ''),
(664, '3', '10:02', '1', '', '2022-03-11 00:00:00', '49', '2022-03-11 00:00:00', '49'),
(665, '26', '10:15', '0', '', '2022-03-11 00:00:00', '77', '0000-00-00 00:00:00', ''),
(666, '7', '10:19', '0', '', '2022-03-11 00:00:00', '53', '0000-00-00 00:00:00', ''),
(667, '1', '10:55', '0', '', '2022-03-11 00:00:00', '48', '0000-00-00 00:00:00', ''),
(668, '7', '10:29', '0', '', '2022-03-14 00:00:00', '53', '0000-00-00 00:00:00', ''),
(669, '3', '13:09', '0', '', '2022-03-14 00:00:00', '49', '0000-00-00 00:00:00', ''),
(670, '1', '14:42', '0', '', '2022-03-14 00:00:00', '48', '0000-00-00 00:00:00', ''),
(671, '7', '10:03', '1', '', '2022-03-15 00:00:00', '53', '2022-03-15 00:00:00', '53'),
(672, '3', '10:13', '0', '', '2022-03-15 00:00:00', '49', '0000-00-00 00:00:00', ''),
(673, '1', '11:17', '0', '', '2022-03-15 00:00:00', '48', '0000-00-00 00:00:00', ''),
(674, '7', '10:08', '0', '', '2022-03-16 00:00:00', '53', '0000-00-00 00:00:00', ''),
(675, '1', '10:47', '0', '', '2022-03-16 00:00:00', '48', '0000-00-00 00:00:00', ''),
(676, '26', '09:48', '1', '', '2022-03-21 00:00:00', '77', '2022-03-21 00:00:00', '77'),
(677, '7', '10:04', '0', '', '2022-03-21 00:00:00', '53', '0000-00-00 00:00:00', ''),
(678, '3', '10:24', '0', '', '2022-03-21 00:00:00', '49', '0000-00-00 00:00:00', ''),
(679, '26', '09:51', '1', '', '2022-03-22 00:00:00', '77', '2022-03-22 00:00:00', '77'),
(680, '7', '10:01', '1', '', '2022-03-22 00:00:00', '53', '2022-03-22 00:00:00', '53'),
(681, '3', '10:02', '1', '', '2022-03-22 00:00:00', '49', '2022-03-22 00:00:00', '49'),
(682, '1', '10:40', '0', '', '2022-03-22 00:00:00', '48', '0000-00-00 00:00:00', ''),
(683, '26', '10:10', '1', '', '2022-03-23 00:00:00', '77', '2022-03-23 00:00:00', '77'),
(684, '7', '10:11', '0', '', '2022-03-23 00:00:00', '53', '0000-00-00 00:00:00', ''),
(685, '3', '11:31', '0', '', '2022-03-23 00:00:00', '49', '0000-00-00 00:00:00', ''),
(686, '1', '11:34', '0', '', '2022-03-23 00:00:00', '48', '0000-00-00 00:00:00', ''),
(687, '26', '10:03', '1', '', '2022-03-24 00:00:00', '77', '2022-03-24 00:00:00', '77'),
(688, '7', '10:08', '1', '', '2022-03-24 00:00:00', '53', '2022-03-24 00:00:00', '53'),
(689, '3', '10:11', '0', '', '2022-03-24 00:00:00', '49', '0000-00-00 00:00:00', ''),
(690, '3', '09:59', '1', '', '2022-03-25 00:00:00', '49', '2022-03-25 00:00:00', '49'),
(691, '26', '10:04', '1', '', '2022-03-25 00:00:00', '77', '2022-03-25 00:00:00', '77'),
(692, '7', '11:16', '0', '', '2022-03-25 00:00:00', '53', '0000-00-00 00:00:00', ''),
(693, '26', '10:07', '1', '', '2022-03-26 00:00:00', '77', '2022-03-26 00:00:00', '77'),
(694, '3', '10:18', '0', '', '2022-03-26 00:00:00', '49', '0000-00-00 00:00:00', ''),
(695, '7', '10:45', '0', '', '2022-03-26 00:00:00', '53', '0000-00-00 00:00:00', ''),
(696, '26', '10:03', '1', '', '2022-03-28 00:00:00', '77', '2022-03-28 00:00:00', '77'),
(697, '3', '10:21', '0', '', '2022-03-28 00:00:00', '49', '0000-00-00 00:00:00', ''),
(698, '7', '11:33', '0', '', '2022-03-28 00:00:00', '53', '0000-00-00 00:00:00', ''),
(699, '26', '10:04', '1', '', '2022-03-29 00:00:00', '77', '2022-03-29 00:00:00', '77'),
(700, '7', '10:05', '1', '', '2022-03-29 00:00:00', '53', '2022-03-29 00:00:00', '53'),
(701, '1', '10:42', '0', '', '2022-03-29 00:00:00', '48', '0000-00-00 00:00:00', ''),
(702, '3', '11:00', '0', '', '2022-03-29 00:00:00', '49', '0000-00-00 00:00:00', ''),
(703, '26', '10:04', '1', '', '2022-03-30 00:00:00', '77', '2022-03-30 00:00:00', '77'),
(704, '7', '10:26', '0', '', '2022-03-30 00:00:00', '53', '0000-00-00 00:00:00', ''),
(705, '1', '11:57', '0', '', '2022-03-30 00:00:00', '48', '0000-00-00 00:00:00', ''),
(706, '26', '10:12', '0', '', '2022-03-31 00:00:00', '77', '0000-00-00 00:00:00', ''),
(707, '3', '10:13', '0', '', '2022-03-31 00:00:00', '49', '0000-00-00 00:00:00', ''),
(708, '25', '10:13', '0', '', '2022-03-31 00:00:00', '74', '0000-00-00 00:00:00', ''),
(709, '7', '11:54', '0', '', '2022-03-31 00:00:00', '53', '0000-00-00 00:00:00', ''),
(710, '26', '10:03', '1', '', '2022-04-01 00:00:00', '77', '2022-04-01 00:00:00', '77'),
(711, '3', '10:22', '0', '', '2022-04-01 00:00:00', '49', '0000-00-00 00:00:00', ''),
(712, '1', '11:05', '0', '', '2022-04-01 00:00:00', '48', '0000-00-00 00:00:00', ''),
(713, '7', '12:09', '0', '', '2022-04-01 00:00:00', '53', '0000-00-00 00:00:00', ''),
(714, '3', '10:09', '1', '', '2022-04-04 00:00:00', '49', '2022-04-04 00:00:00', '49'),
(715, '26', '10:12', '0', '', '2022-04-04 00:00:00', '77', '0000-00-00 00:00:00', ''),
(716, '7', '10:27', '0', '', '2022-04-04 00:00:00', '53', '0000-00-00 00:00:00', ''),
(717, '1', '11:37', '0', '', '2022-04-04 00:00:00', '48', '0000-00-00 00:00:00', ''),
(718, '26', '10:11', '0', '', '2022-04-05 00:00:00', '77', '0000-00-00 00:00:00', ''),
(719, '7', '10:47', '0', '', '2022-04-05 00:00:00', '53', '0000-00-00 00:00:00', ''),
(720, '3', '10:50', '0', '', '2022-04-05 00:00:00', '49', '0000-00-00 00:00:00', ''),
(721, '1', '11:01', '0', '', '2022-04-05 00:00:00', '48', '0000-00-00 00:00:00', ''),
(722, '3', '10:16', '0', '', '2022-04-06 00:00:00', '49', '0000-00-00 00:00:00', ''),
(723, '26', '10:33', '0', '', '2022-04-06 00:00:00', '77', '0000-00-00 00:00:00', ''),
(724, '7', '10:38', '0', '', '2022-04-06 00:00:00', '53', '0000-00-00 00:00:00', ''),
(725, '1', '11:02', '0', '', '2022-04-06 00:00:00', '48', '0000-00-00 00:00:00', ''),
(726, '3', '10:08', '1', '', '2022-04-07 00:00:00', '49', '2022-04-07 00:00:00', '49'),
(727, '26', '10:10', '1', '', '2022-04-07 00:00:00', '77', '2022-04-07 00:00:00', '77'),
(728, '7', '12:07', '0', '', '2022-04-07 00:00:00', '53', '0000-00-00 00:00:00', ''),
(729, '3', '10:07', '0', '', '2022-04-08 00:00:00', '49', '0000-00-00 00:00:00', ''),
(730, '26', '10:18', '0', '', '2022-04-08 00:00:00', '77', '0000-00-00 00:00:00', ''),
(731, '7', '10:35', '0', '', '2022-04-08 00:00:00', '53', '0000-00-00 00:00:00', ''),
(732, '26', '10:22', '0', '', '2022-04-11 00:00:00', '77', '0000-00-00 00:00:00', ''),
(733, '3', '10:22', '0', '', '2022-04-11 00:00:00', '49', '0000-00-00 00:00:00', ''),
(734, '7', '10:23', '0', '', '2022-04-11 00:00:00', '53', '0000-00-00 00:00:00', ''),
(735, '7', '10:13', '0', '', '2022-04-12 00:00:00', '53', '0000-00-00 00:00:00', ''),
(736, '26', '10:15', '0', '', '2022-04-12 00:00:00', '77', '0000-00-00 00:00:00', ''),
(737, '3', '10:56', '0', '', '2022-04-12 00:00:00', '49', '0000-00-00 00:00:00', ''),
(738, '1', '11:06', '0', '', '2022-04-12 00:00:00', '48', '0000-00-00 00:00:00', ''),
(739, '7', '10:05', '1', '', '2022-04-13 00:00:00', '53', '2022-04-13 00:00:00', '53'),
(740, '26', '10:06', '1', '', '2022-04-13 00:00:00', '77', '2022-04-13 00:00:00', '77'),
(741, '3', '10:17', '0', '', '2022-04-13 00:00:00', '49', '0000-00-00 00:00:00', ''),
(742, '7', '10:11', '0', '', '2022-04-14 00:00:00', '53', '0000-00-00 00:00:00', ''),
(743, '26', '10:14', '0', '', '2022-04-14 00:00:00', '77', '0000-00-00 00:00:00', ''),
(744, '3', '10:14', '0', '', '2022-04-14 00:00:00', '49', '0000-00-00 00:00:00', ''),
(745, '1', '11:19', '0', '', '2022-04-14 00:00:00', '48', '0000-00-00 00:00:00', ''),
(746, '7', '10:15', '0', '', '2022-04-15 00:00:00', '53', '0000-00-00 00:00:00', ''),
(747, '26', '10:18', '0', '', '2022-04-15 00:00:00', '77', '0000-00-00 00:00:00', ''),
(748, '3', '10:20', '0', '', '2022-04-15 00:00:00', '49', '0000-00-00 00:00:00', ''),
(749, '3', '10:01', '1', '', '2022-04-16 00:00:00', '49', '2022-04-16 00:00:00', '49'),
(750, '7', '11:53', '0', '', '2022-04-16 00:00:00', '53', '0000-00-00 00:00:00', ''),
(751, '3', '10:17', '0', '', '2022-04-18 00:00:00', '49', '0000-00-00 00:00:00', ''),
(752, '26', '10:31', '0', '', '2022-04-18 00:00:00', '77', '0000-00-00 00:00:00', ''),
(753, '3', '09:58', '1', '', '2022-04-19 00:00:00', '49', '2022-04-19 00:00:00', '49'),
(754, '26', '10:08', '1', '', '2022-04-19 00:00:00', '77', '2022-04-19 00:00:00', '77'),
(755, '26', '10:07', '1', '', '2022-04-20 00:00:00', '77', '2022-04-20 00:00:00', '77'),
(756, '3', '10:14', '0', '', '2022-04-20 00:00:00', '49', '0000-00-00 00:00:00', ''),
(757, '3', '09:53', '1', '', '2022-04-21 00:00:00', '49', '2022-04-21 00:00:00', '49'),
(758, '26', '10:12', '0', '', '2022-04-21 00:00:00', '77', '0000-00-00 00:00:00', ''),
(759, '1', '10:53', '0', '', '2022-04-21 00:00:00', '48', '0000-00-00 00:00:00', ''),
(760, '7', '12:25', '0', '', '2022-04-21 00:00:00', '53', '0000-00-00 00:00:00', ''),
(761, '7', '09:58', '1', '', '2022-04-22 00:00:00', '53', '2022-04-22 00:00:00', '53'),
(762, '3', '10:11', '0', '', '2022-04-22 00:00:00', '49', '0000-00-00 00:00:00', ''),
(763, '26', '10:12', '0', '', '2022-04-22 00:00:00', '77', '0000-00-00 00:00:00', ''),
(764, '1', '11:01', '0', '', '2022-04-22 00:00:00', '48', '0000-00-00 00:00:00', ''),
(765, '7', '08:38', '1', '', '2022-04-23 00:00:00', '53', '2022-04-23 00:00:00', '53'),
(766, '3', '10:09', '1', '', '2022-04-25 00:00:00', '49', '2022-04-25 00:00:00', '49'),
(767, '26', '10:16', '0', '', '2022-04-25 00:00:00', '77', '0000-00-00 00:00:00', ''),
(768, '7', '10:18', '0', '', '2022-04-25 00:00:00', '53', '0000-00-00 00:00:00', ''),
(769, '3', '10:09', '1', '', '2022-04-26 00:00:00', '49', '2022-04-26 00:00:00', '49'),
(770, '7', '10:23', '0', '', '2022-04-26 00:00:00', '53', '0000-00-00 00:00:00', ''),
(771, '26', '10:24', '0', '', '2022-04-26 00:00:00', '77', '0000-00-00 00:00:00', ''),
(772, '26', '11:21', '0', '', '2022-04-27 00:00:00', '77', '0000-00-00 00:00:00', ''),
(773, '1', '11:22', '0', '', '2022-04-27 00:00:00', '48', '0000-00-00 00:00:00', ''),
(774, '7', '11:26', '0', '', '2022-04-27 00:00:00', '53', '0000-00-00 00:00:00', ''),
(775, '3', '15:40', '0', '', '2022-04-27 00:00:00', '49', '0000-00-00 00:00:00', ''),
(776, '7', '10:19', '0', '', '2022-04-28 00:00:00', '53', '0000-00-00 00:00:00', ''),
(777, '26', '10:20', '0', '', '2022-04-28 00:00:00', '77', '0000-00-00 00:00:00', ''),
(778, '3', '09:57', '1', '', '2022-04-29 00:00:00', '49', '2022-04-29 00:00:00', '49'),
(779, '7', '10:12', '0', '', '2022-04-29 00:00:00', '53', '0000-00-00 00:00:00', ''),
(780, '26', '10:13', '0', '', '2022-04-29 00:00:00', '77', '0000-00-00 00:00:00', ''),
(781, '7', '10:15', '0', '', '2022-04-30 00:00:00', '53', '0000-00-00 00:00:00', ''),
(782, '26', '10:16', '0', '', '2022-04-30 00:00:00', '77', '0000-00-00 00:00:00', ''),
(783, '3', '10:29', '0', '', '2022-04-30 00:00:00', '49', '0000-00-00 00:00:00', ''),
(784, '1', '11:33', '0', '', '2022-04-30 00:00:00', '48', '0000-00-00 00:00:00', ''),
(785, '7', '10:13', '0', '', '2022-05-02 00:00:00', '53', '0000-00-00 00:00:00', ''),
(786, '26', '10:14', '0', '', '2022-05-02 00:00:00', '77', '0000-00-00 00:00:00', ''),
(787, '3', '10:54', '0', '', '2022-05-02 00:00:00', '49', '0000-00-00 00:00:00', ''),
(788, '1', '10:55', '0', '', '2022-05-02 00:00:00', '48', '0000-00-00 00:00:00', ''),
(789, '3', '10:12', '0', '', '2022-05-03 00:00:00', '49', '0000-00-00 00:00:00', ''),
(790, '7', '10:19', '0', '', '2022-05-03 00:00:00', '53', '0000-00-00 00:00:00', ''),
(791, '26', '10:21', '0', '', '2022-05-03 00:00:00', '77', '0000-00-00 00:00:00', ''),
(792, '1', '11:17', '0', '', '2022-05-03 00:00:00', '48', '0000-00-00 00:00:00', ''),
(793, '3', '10:08', '0', '', '2022-05-04 00:00:00', '49', '0000-00-00 00:00:00', ''),
(794, '26', '10:16', '0', '', '2022-05-04 00:00:00', '77', '0000-00-00 00:00:00', ''),
(795, '1', '11:49', '0', '', '2022-05-04 00:00:00', '48', '0000-00-00 00:00:00', ''),
(796, '7', '16:56', '0', '', '2022-05-04 00:00:00', '53', '0000-00-00 00:00:00', ''),
(797, '26', '10:16', '0', '', '2022-05-05 00:00:00', '77', '0000-00-00 00:00:00', ''),
(798, '7', '10:21', '0', '', '2022-05-05 00:00:00', '53', '0000-00-00 00:00:00', ''),
(799, '1', '11:18', '0', '', '2022-05-05 00:00:00', '48', '0000-00-00 00:00:00', ''),
(800, '3', '09:58', '1', '', '2022-05-06 00:00:00', '49', '2022-05-06 00:00:00', '49'),
(801, '7', '10:11', '0', '', '2022-05-06 00:00:00', '53', '0000-00-00 00:00:00', ''),
(802, '26', '10:22', '0', '', '2022-05-06 00:00:00', '77', '0000-00-00 00:00:00', ''),
(803, '26', '10:25', '0', '', '2022-05-07 00:00:00', '77', '0000-00-00 00:00:00', ''),
(804, '3', '10:26', '0', '', '2022-05-07 00:00:00', '49', '0000-00-00 00:00:00', ''),
(805, '7', '10:27', '0', '', '2022-05-07 00:00:00', '53', '0000-00-00 00:00:00', ''),
(806, '1', '11:25', '0', '', '2022-05-07 00:00:00', '48', '0000-00-00 00:00:00', ''),
(807, '7', '10:04', '0', '', '2022-05-09 00:00:00', '53', '0000-00-00 00:00:00', ''),
(808, '26', '10:07', '1', '', '2022-05-09 00:00:00', '77', '2022-05-09 00:00:00', '77'),
(809, '3', '10:29', '0', '', '2022-05-09 00:00:00', '49', '0000-00-00 00:00:00', ''),
(810, '1', '11:19', '0', '', '2022-05-09 00:00:00', '48', '0000-00-00 00:00:00', ''),
(811, '7', '10:06', '1', '', '2022-05-10 00:00:00', '53', '2022-05-10 00:00:00', '53'),
(812, '26', '10:11', '0', '', '2022-05-10 00:00:00', '77', '0000-00-00 00:00:00', ''),
(813, '3', '10:17', '0', '', '2022-05-10 00:00:00', '49', '0000-00-00 00:00:00', ''),
(814, '3', '10:02', '1', '', '2022-05-11 00:00:00', '49', '2022-05-11 00:00:00', '49'),
(815, '26', '10:18', '0', '', '2022-05-11 00:00:00', '77', '0000-00-00 00:00:00', ''),
(816, '7', '11:03', '0', '', '2022-05-11 00:00:00', '53', '0000-00-00 00:00:00', ''),
(817, '1', '11:42', '0', '', '2022-05-11 00:00:00', '48', '0000-00-00 00:00:00', ''),
(818, '27', '10:05', '1', '', '2022-05-12 00:00:00', '80', '2022-05-12 00:00:00', '80'),
(819, '3', '10:06', '1', '', '2022-05-12 00:00:00', '49', '2022-05-12 00:00:00', '49'),
(820, '7', '10:11', '0', '', '2022-05-12 00:00:00', '53', '0000-00-00 00:00:00', ''),
(821, '26', '10:20', '0', '', '2022-05-12 00:00:00', '77', '0000-00-00 00:00:00', ''),
(822, '1', '11:31', '0', '', '2022-05-12 00:00:00', '48', '0000-00-00 00:00:00', ''),
(823, '27', '10:09', '0', '', '2022-05-13 00:00:00', '80', '0000-00-00 00:00:00', ''),
(824, '7', '10:14', '0', '', '2022-05-13 00:00:00', '53', '0000-00-00 00:00:00', ''),
(825, '3', '10:17', '0', '', '2022-05-13 00:00:00', '49', '0000-00-00 00:00:00', ''),
(826, '26', '10:22', '0', '', '2022-05-13 00:00:00', '77', '0000-00-00 00:00:00', ''),
(827, '3', '10:12', '0', '', '2022-05-16 00:00:00', '49', '0000-00-00 00:00:00', ''),
(828, '7', '10:23', '0', '', '2022-05-16 00:00:00', '53', '0000-00-00 00:00:00', ''),
(829, '26', '10:25', '0', '', '2022-05-16 00:00:00', '77', '0000-00-00 00:00:00', ''),
(830, '1', '11:13', '0', '', '2022-05-16 00:00:00', '48', '0000-00-00 00:00:00', ''),
(831, '27', '14:21', '0', '', '2022-05-16 00:00:00', '80', '0000-00-00 00:00:00', ''),
(832, '27', '10:02', '1', '', '2022-05-17 00:00:00', '80', '2022-05-17 00:00:00', '80'),
(833, '26', '10:16', '0', '', '2022-05-17 00:00:00', '77', '0000-00-00 00:00:00', ''),
(834, '3', '10:20', '0', '', '2022-05-17 00:00:00', '49', '0000-00-00 00:00:00', ''),
(835, '7', '10:54', '0', '', '2022-05-17 00:00:00', '53', '0000-00-00 00:00:00', ''),
(836, '1', '11:10', '0', '', '2022-05-17 00:00:00', '48', '0000-00-00 00:00:00', ''),
(837, '27', '10:07', '1', '', '2022-05-18 00:00:00', '80', '2022-05-18 00:00:00', '80'),
(838, '3', '10:18', '0', '', '2022-05-18 00:00:00', '49', '0000-00-00 00:00:00', ''),
(839, '26', '10:46', '0', '', '2022-05-18 00:00:00', '77', '0000-00-00 00:00:00', ''),
(840, '7', '11:18', '0', '', '2022-05-18 00:00:00', '53', '0000-00-00 00:00:00', ''),
(841, '27', '10:05', '1', '', '2022-05-19 00:00:00', '80', '2022-05-19 00:00:00', '80'),
(842, '3', '10:15', '0', '', '2022-05-19 00:00:00', '49', '0000-00-00 00:00:00', ''),
(843, '26', '10:27', '0', '', '2022-05-19 00:00:00', '77', '0000-00-00 00:00:00', ''),
(844, '7', '10:41', '0', '', '2022-05-19 00:00:00', '53', '0000-00-00 00:00:00', ''),
(845, '3', '10:07', '1', '', '2022-05-20 00:00:00', '49', '2022-05-20 00:00:00', '49'),
(846, '26', '10:27', '0', '', '2022-05-20 00:00:00', '77', '0000-00-00 00:00:00', ''),
(847, '27', '10:36', '0', '', '2022-05-20 00:00:00', '80', '0000-00-00 00:00:00', ''),
(848, '7', '10:53', '0', '', '2022-05-20 00:00:00', '53', '0000-00-00 00:00:00', ''),
(849, '26', '10:22', '0', '', '2022-05-21 00:00:00', '77', '0000-00-00 00:00:00', ''),
(850, '3', '10:23', '0', '', '2022-05-21 00:00:00', '49', '0000-00-00 00:00:00', ''),
(851, '7', '10:35', '0', '', '2022-05-21 00:00:00', '53', '0000-00-00 00:00:00', ''),
(852, '27', '10:53', '0', '', '2022-05-21 00:00:00', '80', '0000-00-00 00:00:00', ''),
(853, '3', '10:13', '0', '', '2022-05-23 00:00:00', '49', '0000-00-00 00:00:00', ''),
(854, '26', '10:21', '0', '', '2022-05-23 00:00:00', '77', '0000-00-00 00:00:00', ''),
(855, '1', '10:34', '0', '', '2022-05-23 00:00:00', '48', '0000-00-00 00:00:00', ''),
(856, '27', '11:23', '0', '', '2022-05-23 00:00:00', '80', '0000-00-00 00:00:00', ''),
(857, '7', '11:25', '0', '', '2022-05-23 00:00:00', '53', '0000-00-00 00:00:00', ''),
(858, '26', '10:22', '0', '', '2022-05-24 00:00:00', '77', '0000-00-00 00:00:00', ''),
(859, '7', '11:00', '0', '', '2022-05-24 00:00:00', '53', '0000-00-00 00:00:00', ''),
(860, '27', '11:58', '0', '', '2022-05-24 00:00:00', '80', '0000-00-00 00:00:00', ''),
(861, '3', '14:41', '0', '', '2022-05-24 00:00:00', '49', '0000-00-00 00:00:00', ''),
(862, '27', '09:54', '1', '', '2022-05-25 00:00:00', '80', '2022-05-25 00:00:00', '80'),
(863, '26', '10:23', '0', '', '2022-05-25 00:00:00', '77', '0000-00-00 00:00:00', ''),
(864, '3', '10:29', '0', '', '2022-05-25 00:00:00', '49', '0000-00-00 00:00:00', ''),
(865, '7', '10:29', '0', '', '2022-05-25 00:00:00', '53', '0000-00-00 00:00:00', ''),
(866, '1', '10:55', '0', '', '2022-05-25 00:00:00', '48', '0000-00-00 00:00:00', ''),
(867, '3', '10:31', '0', '', '2022-05-26 00:00:00', '49', '0000-00-00 00:00:00', ''),
(868, '7', '10:38', '0', '', '2022-05-26 00:00:00', '53', '0000-00-00 00:00:00', ''),
(869, '26', '10:43', '0', '', '2022-05-26 00:00:00', '77', '0000-00-00 00:00:00', ''),
(870, '27', '11:18', '0', '', '2022-05-26 00:00:00', '80', '0000-00-00 00:00:00', ''),
(871, '3', '10:00', '0', '', '2022-05-27 00:00:00', '49', '0000-00-00 00:00:00', ''),
(872, '26', '10:31', '0', '', '2022-05-27 00:00:00', '77', '0000-00-00 00:00:00', ''),
(873, '27', '10:36', '0', '', '2022-05-27 00:00:00', '80', '0000-00-00 00:00:00', ''),
(874, '1', '10:57', '0', '', '2022-05-27 00:00:00', '48', '0000-00-00 00:00:00', ''),
(875, '7', '11:20', '0', '', '2022-05-27 00:00:00', '53', '0000-00-00 00:00:00', ''),
(876, '27', '10:00', '1', '', '2022-05-30 00:00:00', '80', '2022-05-30 00:00:00', '80'),
(877, '26', '10:05', '1', '', '2022-05-30 00:00:00', '77', '2022-05-30 00:00:00', '77'),
(878, '7', '10:28', '0', '', '2022-05-30 00:00:00', '53', '0000-00-00 00:00:00', ''),
(879, '3', '10:29', '0', '', '2022-05-30 00:00:00', '49', '0000-00-00 00:00:00', ''),
(880, '26', '10:05', '1', '', '2022-05-31 00:00:00', '77', '2022-05-31 00:00:00', '77'),
(881, '3', '10:20', '0', '', '2022-05-31 00:00:00', '49', '0000-00-00 00:00:00', ''),
(882, '27', '10:26', '0', '', '2022-05-31 00:00:00', '80', '0000-00-00 00:00:00', ''),
(883, '7', '11:24', '0', '', '2022-05-31 00:00:00', '53', '0000-00-00 00:00:00', ''),
(884, '27', '00:15', '1', '', '2022-06-01 00:00:00', '80', '2022-06-01 00:00:00', '80'),
(885, '26', '10:09', '1', '', '2022-06-01 00:00:00', '77', '2022-06-01 00:00:00', '77'),
(886, '3', '10:11', '0', '', '2022-06-01 00:00:00', '49', '0000-00-00 00:00:00', ''),
(887, '7', '12:14', '0', '', '2022-06-01 00:00:00', '53', '0000-00-00 00:00:00', ''),
(888, '3', '10:02', '1', '', '2022-06-02 00:00:00', '49', '2022-06-02 00:00:00', '49'),
(889, '26', '10:04', '1', '', '2022-06-02 00:00:00', '77', '2022-06-02 00:00:00', '77'),
(890, '7', '11:23', '0', '', '2022-06-02 00:00:00', '53', '0000-00-00 00:00:00', ''),
(891, '27', '12:52', '0', '', '2022-06-02 00:00:00', '80', '0000-00-00 00:00:00', ''),
(892, '26', '10:09', '0', '', '2022-06-03 00:00:00', '77', '0000-00-00 00:00:00', ''),
(893, '27', '10:11', '0', '', '2022-06-03 00:00:00', '80', '0000-00-00 00:00:00', ''),
(894, '7', '10:27', '0', '', '2022-06-03 00:00:00', '53', '0000-00-00 00:00:00', ''),
(895, '3', '10:30', '0', '', '2022-06-03 00:00:00', '49', '0000-00-00 00:00:00', ''),
(896, '1', '11:26', '0', '', '2022-06-03 00:00:00', '48', '0000-00-00 00:00:00', ''),
(897, '7', '08:35', '0', '', '2022-06-04 00:00:00', '53', '0000-00-00 00:00:00', ''),
(898, '27', '10:12', '0', '', '2022-06-04 00:00:00', '80', '0000-00-00 00:00:00', ''),
(899, '3', '10:13', '0', '', '2022-06-04 00:00:00', '49', '0000-00-00 00:00:00', ''),
(900, '1', '11:24', '0', '', '2022-06-04 00:00:00', '48', '0000-00-00 00:00:00', ''),
(901, '3', '11:02', '0', '', '2022-06-06 00:00:00', '49', '0000-00-00 00:00:00', ''),
(902, '26', '11:02', '0', '', '2022-06-06 00:00:00', '77', '0000-00-00 00:00:00', ''),
(903, '26', '09:46', '1', '', '2022-06-07 00:00:00', '77', '2022-06-07 00:00:00', '77'),
(904, '3', '10:06', '1', '', '2022-06-07 00:00:00', '49', '2022-06-07 00:00:00', '49'),
(905, '27', '10:47', '0', '', '2022-06-07 00:00:00', '80', '0000-00-00 00:00:00', ''),
(906, '7', '11:18', '0', '', '2022-06-07 00:00:00', '53', '0000-00-00 00:00:00', ''),
(907, '3', '10:10', '1', '', '2022-06-08 00:00:00', '49', '2022-06-08 00:00:00', '49'),
(908, '26', '10:11', '0', '', '2022-06-08 00:00:00', '77', '0000-00-00 00:00:00', ''),
(909, '7', '10:22', '0', '', '2022-06-08 00:00:00', '53', '0000-00-00 00:00:00', ''),
(910, '27', '10:36', '0', '', '2022-06-08 00:00:00', '80', '0000-00-00 00:00:00', ''),
(911, '27', '10:07', '1', '', '2022-06-09 00:00:00', '80', '2022-06-09 00:00:00', '80'),
(912, '26', '10:10', '1', '', '2022-06-09 00:00:00', '77', '2022-06-09 00:00:00', '77'),
(913, '3', '10:57', '0', '', '2022-06-09 00:00:00', '49', '0000-00-00 00:00:00', ''),
(914, '7', '11:18', '0', '', '2022-06-09 00:00:00', '53', '0000-00-00 00:00:00', ''),
(915, '27', '10:02', '1', '', '2022-06-10 00:00:00', '80', '2022-06-10 00:00:00', '80'),
(916, '26', '10:15', '0', '', '2022-06-10 00:00:00', '77', '0000-00-00 00:00:00', ''),
(917, '3', '10:55', '0', '', '2022-06-10 00:00:00', '49', '0000-00-00 00:00:00', ''),
(918, '7', '11:57', '0', '', '2022-06-10 00:00:00', '53', '0000-00-00 00:00:00', ''),
(919, '7', '13:48', '0', '', '2022-06-11 00:00:00', '53', '0000-00-00 00:00:00', ''),
(920, '7', '13:33', '0', '', '2022-06-12 00:00:00', '53', '0000-00-00 00:00:00', ''),
(921, '27', '10:10', '1', '', '2022-06-13 00:00:00', '80', '2022-06-13 00:00:00', '80'),
(922, '3', '11:10', '0', '', '2022-06-13 00:00:00', '49', '0000-00-00 00:00:00', ''),
(923, '7', '11:53', '0', '', '2022-06-13 00:00:00', '53', '0000-00-00 00:00:00', ''),
(924, '3', '10:20', '0', '', '2022-06-14 00:00:00', '49', '0000-00-00 00:00:00', ''),
(925, '1', '11:20', '0', '', '2022-06-14 00:00:00', '48', '0000-00-00 00:00:00', ''),
(926, '7', '11:31', '0', '', '2022-06-14 00:00:00', '53', '0000-00-00 00:00:00', ''),
(927, '27', '10:07', '1', '', '2022-06-15 00:00:00', '80', '2022-06-15 00:00:00', '80'),
(928, '3', '10:19', '0', '', '2022-06-15 00:00:00', '49', '0000-00-00 00:00:00', ''),
(929, '7', '10:22', '0', '', '2022-06-15 00:00:00', '53', '0000-00-00 00:00:00', ''),
(930, '1', '10:50', '0', '', '2022-06-15 00:00:00', '48', '0000-00-00 00:00:00', ''),
(931, '27', '10:07', '1', '', '2022-06-16 00:00:00', '80', '2022-06-16 00:00:00', '80'),
(932, '3', '10:13', '0', '', '2022-06-16 00:00:00', '49', '0000-00-00 00:00:00', ''),
(933, '1', '10:47', '0', '', '2022-06-16 00:00:00', '48', '0000-00-00 00:00:00', ''),
(934, '7', '11:54', '0', '', '2022-06-16 00:00:00', '53', '0000-00-00 00:00:00', ''),
(935, '3', '10:18', '0', '', '2022-06-17 00:00:00', '49', '0000-00-00 00:00:00', ''),
(936, '27', '11:06', '0', '', '2022-06-17 00:00:00', '80', '0000-00-00 00:00:00', ''),
(937, '1', '11:13', '0', '', '2022-06-17 00:00:00', '48', '0000-00-00 00:00:00', ''),
(938, '7', '11:18', '0', '', '2022-06-17 00:00:00', '53', '0000-00-00 00:00:00', ''),
(939, '27', '11:01', '0', '', '2022-06-18 00:00:00', '80', '0000-00-00 00:00:00', ''),
(940, '7', '11:33', '0', '', '2022-06-18 00:00:00', '53', '0000-00-00 00:00:00', ''),
(941, '27', '11:19', '0', '', '2022-06-19 00:00:00', '80', '0000-00-00 00:00:00', ''),
(942, '3', '10:39', '0', '', '2022-06-20 00:00:00', '49', '0000-00-00 00:00:00', ''),
(943, '7', '10:52', '0', '', '2022-06-20 00:00:00', '53', '0000-00-00 00:00:00', ''),
(944, '27', '10:10', '1', '', '2022-06-21 00:00:00', '80', '2022-06-21 00:00:00', '80'),
(945, '3', '10:23', '0', '', '2022-06-21 00:00:00', '49', '0000-00-00 00:00:00', ''),
(946, '7', '10:34', '0', '', '2022-06-21 00:00:00', '53', '0000-00-00 00:00:00', ''),
(947, '1', '11:12', '0', '', '2022-06-21 00:00:00', '48', '0000-00-00 00:00:00', ''),
(948, '27', '10:09', '1', '', '2022-06-22 00:00:00', '80', '2022-06-22 00:00:00', '80'),
(949, '3', '10:24', '0', '', '2022-06-22 00:00:00', '49', '0000-00-00 00:00:00', ''),
(950, '7', '19:28', '0', '', '2022-06-22 00:00:00', '53', '0000-00-00 00:00:00', ''),
(951, '3', '08:17', '1', '', '2022-06-23 00:00:00', '49', '2022-06-23 00:00:00', '49'),
(952, '1', '09:45', '0', '', '2022-06-23 00:00:00', '48', '0000-00-00 00:00:00', ''),
(953, '27', '10:48', '0', '', '2022-06-23 00:00:00', '80', '0000-00-00 00:00:00', ''),
(954, '7', '10:54', '0', '', '2022-06-23 00:00:00', '53', '0000-00-00 00:00:00', ''),
(955, '3', '09:51', '1', '', '2022-06-24 00:00:00', '49', '2022-06-24 00:00:00', '49'),
(956, '1', '10:35', '0', '', '2022-06-24 00:00:00', '48', '0000-00-00 00:00:00', ''),
(957, '7', '22:34', '0', '', '2022-06-24 00:00:00', '53', '0000-00-00 00:00:00', ''),
(958, '1', '09:50', '0', '', '2022-06-27 00:00:00', '48', '0000-00-00 00:00:00', ''),
(959, '3', '10:22', '0', '', '2022-06-27 00:00:00', '49', '0000-00-00 00:00:00', ''),
(960, '7', '10:50', '0', '', '2022-06-28 00:00:00', '53', '0000-00-00 00:00:00', ''),
(961, '1', '11:20', '0', '', '2022-06-28 00:00:00', '48', '0000-00-00 00:00:00', ''),
(962, '27', '12:46', '0', '', '2022-06-28 00:00:00', '80', '0000-00-00 00:00:00', ''),
(963, '1', '10:25', '0', '', '2022-06-29 00:00:00', '48', '0000-00-00 00:00:00', ''),
(964, '27', '10:26', '0', '', '2022-06-29 00:00:00', '80', '0000-00-00 00:00:00', ''),
(965, '7', '10:46', '0', '', '2022-06-29 00:00:00', '53', '0000-00-00 00:00:00', ''),
(966, '3', '11:00', '0', '', '2022-06-29 00:00:00', '49', '0000-00-00 00:00:00', ''),
(967, '7', '11:01', '0', '', '2022-06-30 00:00:00', '53', '0000-00-00 00:00:00', ''),
(968, '27', '10:18', '0', '', '2022-07-01 00:00:00', '80', '0000-00-00 00:00:00', ''),
(969, '1', '10:26', '0', '', '2022-07-01 00:00:00', '48', '0000-00-00 00:00:00', ''),
(970, '3', '11:44', '0', '', '2022-07-01 00:00:00', '49', '0000-00-00 00:00:00', ''),
(971, '7', '12:03', '0', '', '2022-07-01 00:00:00', '53', '0000-00-00 00:00:00', ''),
(972, '1', '11:13', '0', '', '2022-07-02 00:00:00', '48', '0000-00-00 00:00:00', ''),
(973, '27', '11:14', '0', '', '2022-07-02 00:00:00', '80', '0000-00-00 00:00:00', ''),
(974, '3', '11:27', '0', '', '2022-07-02 00:00:00', '49', '0000-00-00 00:00:00', ''),
(975, '29', '11:43', '0', '', '2022-07-02 00:00:00', '83', '0000-00-00 00:00:00', ''),
(976, '29', '10:43', '0', '', '2022-07-04 00:00:00', '83', '0000-00-00 00:00:00', ''),
(977, '7', '10:45', '0', '', '2022-07-04 00:00:00', '53', '0000-00-00 00:00:00', ''),
(978, '3', '10:45', '0', '', '2022-07-04 00:00:00', '49', '0000-00-00 00:00:00', ''),
(979, '1', '11:19', '0', '', '2022-07-04 00:00:00', '48', '0000-00-00 00:00:00', ''),
(980, '29', '10:00', '1', '', '2022-07-05 00:00:00', '83', '2022-07-05 00:00:00', '83'),
(981, '3', '10:12', '0', '', '2022-07-05 00:00:00', '49', '0000-00-00 00:00:00', ''),
(982, '1', '10:17', '0', '', '2022-07-05 00:00:00', '48', '0000-00-00 00:00:00', ''),
(983, '7', '10:20', '0', '', '2022-07-05 00:00:00', '53', '0000-00-00 00:00:00', ''),
(984, '27', '11:41', '0', '', '2022-07-05 00:00:00', '80', '0000-00-00 00:00:00', ''),
(985, '27', '09:19', '1', '', '2022-07-06 00:00:00', '80', '2022-07-06 00:00:00', '80'),
(986, '29', '10:06', '1', '', '2022-07-06 00:00:00', '83', '2022-07-06 00:00:00', '83'),
(987, '3', '10:07', '1', '', '2022-07-06 00:00:00', '49', '2022-07-06 00:00:00', '49'),
(988, '1', '10:34', '0', '', '2022-07-06 00:00:00', '48', '0000-00-00 00:00:00', ''),
(989, '7', '10:55', '0', '', '2022-07-06 00:00:00', '53', '0000-00-00 00:00:00', ''),
(990, '1', '09:56', '0', '', '2022-07-07 00:00:00', '48', '0000-00-00 00:00:00', ''),
(991, '27', '10:09', '1', '', '2022-07-07 00:00:00', '80', '2022-07-07 00:00:00', '80'),
(992, '29', '10:12', '0', '', '2022-07-07 00:00:00', '83', '0000-00-00 00:00:00', ''),
(993, '3', '10:22', '0', '', '2022-07-07 00:00:00', '49', '0000-00-00 00:00:00', ''),
(994, '3', '09:59', '1', '', '2022-07-08 00:00:00', '49', '2022-07-08 00:00:00', '49'),
(995, '1', '09:59', '0', '', '2022-07-08 00:00:00', '48', '0000-00-00 00:00:00', ''),
(996, '29', '09:59', '1', '', '2022-07-08 00:00:00', '83', '2022-07-08 00:00:00', '83'),
(997, '27', '10:08', '0', '', '2022-07-08 00:00:00', '80', '0000-00-00 00:00:00', ''),
(998, '29', '12:03', '0', '', '2022-07-09 00:00:00', '83', '0000-00-00 00:00:00', ''),
(999, '7', '12:03', '0', '', '2022-07-09 00:00:00', '53', '0000-00-00 00:00:00', ''),
(1000, '27', '09:51', '0', '', '2022-07-11 00:00:00', '80', '0000-00-00 00:00:00', ''),
(1001, '1', '10:12', '0', '', '2022-07-11 00:00:00', '48', '0000-00-00 00:00:00', ''),
(1002, '29', '10:17', '0', '', '2022-07-11 00:00:00', '83', '0000-00-00 00:00:00', ''),
(1003, '3', '10:18', '0', '', '2022-07-11 00:00:00', '49', '0000-00-00 00:00:00', ''),
(1004, '7', '11:29', '0', '', '2022-07-11 00:00:00', '53', '0000-00-00 00:00:00', ''),
(1005, '29', '10:02', '1', '', '2022-07-12 00:00:00', '83', '2022-07-12 00:00:00', '83'),
(1006, '1', '10:03', '0', '', '2022-07-12 00:00:00', '48', '0000-00-00 00:00:00', ''),
(1007, '3', '10:10', '1', '', '2022-07-12 00:00:00', '49', '2022-07-12 00:00:00', '49'),
(1008, '7', '11:02', '0', '', '2022-07-12 00:00:00', '53', '0000-00-00 00:00:00', ''),
(1009, '29', '10:27', '0', '', '2022-07-13 00:00:00', '83', '0000-00-00 00:00:00', ''),
(1010, '3', '10:28', '0', '', '2022-07-13 00:00:00', '49', '0000-00-00 00:00:00', ''),
(1011, '1', '10:55', '0', '', '2022-07-13 00:00:00', '48', '0000-00-00 00:00:00', ''),
(1012, '27', '11:04', '0', '', '2022-07-13 00:00:00', '80', '0000-00-00 00:00:00', ''),
(1013, '3', '10:01', '1', '', '2022-07-14 00:00:00', '49', '2022-07-14 00:00:00', '49'),
(1014, '29', '10:02', '1', '', '2022-07-14 00:00:00', '83', '2022-07-14 00:00:00', '83'),
(1015, '1', '10:12', '0', '', '2022-07-14 00:00:00', '48', '0000-00-00 00:00:00', ''),
(1016, '7', '10:26', '0', '', '2022-07-14 00:00:00', '53', '0000-00-00 00:00:00', ''),
(1017, '27', '11:05', '0', '', '2022-07-14 00:00:00', '80', '0000-00-00 00:00:00', ''),
(1018, '3', '10:09', '1', '', '2022-07-15 00:00:00', '49', '2022-07-15 00:00:00', '49'),
(1019, '7', '10:23', '0', '', '2022-07-15 00:00:00', '53', '0000-00-00 00:00:00', ''),
(1020, '29', '10:24', '0', '', '2022-07-15 00:00:00', '83', '0000-00-00 00:00:00', ''),
(1021, '27', '10:48', '0', '', '2022-07-15 00:00:00', '80', '0000-00-00 00:00:00', ''),
(1022, '3', '10:45', '0', '', '2022-07-16 00:00:00', '49', '0000-00-00 00:00:00', ''),
(1023, '29', '10:45', '0', '', '2022-07-16 00:00:00', '83', '0000-00-00 00:00:00', ''),
(1024, '27', '12:33', '0', '', '2022-07-16 00:00:00', '80', '0000-00-00 00:00:00', ''),
(1025, '7', '18:38', '0', '', '2022-07-16 00:00:00', '53', '0000-00-00 00:00:00', ''),
(1026, '29', '10:08', '1', '', '2022-07-18 00:00:00', '83', '2022-07-18 00:00:00', '83'),
(1027, '3', '10:32', '0', '', '2022-07-18 00:00:00', '49', '0000-00-00 00:00:00', ''),
(1028, '1', '10:44', '0', '', '2022-07-18 00:00:00', '48', '0000-00-00 00:00:00', ''),
(1029, '27', '10:44', '0', '', '2022-07-18 00:00:00', '80', '0000-00-00 00:00:00', ''),
(1030, '7', '19:17', '0', '', '2022-07-18 00:00:00', '53', '0000-00-00 00:00:00', ''),
(1031, '29', '09:56', '1', '', '2022-07-19 00:00:00', '83', '2022-07-19 00:00:00', '83'),
(1032, '3', '10:25', '0', '', '2022-07-19 00:00:00', '49', '0000-00-00 00:00:00', ''),
(1033, '1', '11:11', '0', '', '2022-07-19 00:00:00', '48', '0000-00-00 00:00:00', ''),
(1034, '27', '13:58', '0', '', '2022-07-19 00:00:00', '80', '0000-00-00 00:00:00', ''),
(1035, '29', '09:49', '1', '', '2022-07-20 00:00:00', '83', '2022-07-20 00:00:00', '83'),
(1036, '27', '10:02', '0', '', '2022-07-20 00:00:00', '80', '0000-00-00 00:00:00', ''),
(1037, '3', '10:19', '0', '', '2022-07-20 00:00:00', '49', '0000-00-00 00:00:00', ''),
(1038, '7', '11:24', '0', '', '2022-07-20 00:00:00', '53', '0000-00-00 00:00:00', ''),
(1039, '1', '11:29', '0', '', '2022-07-20 00:00:00', '48', '0000-00-00 00:00:00', ''),
(1040, '29', '10:07', '1', '', '2022-07-21 00:00:00', '83', '2022-07-21 00:00:00', '83'),
(1041, '3', '10:34', '0', '', '2022-07-21 00:00:00', '49', '0000-00-00 00:00:00', ''),
(1042, '1', '11:02', '0', '', '2022-07-21 00:00:00', '48', '0000-00-00 00:00:00', ''),
(1043, '7', '12:36', '0', '', '2022-07-21 00:00:00', '53', '0000-00-00 00:00:00', ''),
(1044, '29', '10:09', '0', '', '2022-07-22 00:00:00', '83', '0000-00-00 00:00:00', ''),
(1045, '3', '10:15', '0', '', '2022-07-22 00:00:00', '49', '0000-00-00 00:00:00', ''),
(1046, '1', '11:05', '0', '', '2022-07-22 00:00:00', '48', '0000-00-00 00:00:00', ''),
(1047, '7', '11:29', '0', '', '2022-07-22 00:00:00', '53', '0000-00-00 00:00:00', ''),
(1048, '29', '10:05', '1', '', '2022-07-25 00:00:00', '83', '2022-07-25 00:00:00', '83'),
(1049, '3', '10:37', '0', '', '2022-07-25 00:00:00', '49', '0000-00-00 00:00:00', ''),
(1050, '1', '10:47', '0', '', '2022-07-25 00:00:00', '48', '0000-00-00 00:00:00', ''),
(1051, '7', '11:55', '0', '', '2022-07-25 00:00:00', '53', '0000-00-00 00:00:00', ''),
(1052, '29', '10:11', '0', '', '2022-07-26 00:00:00', '83', '0000-00-00 00:00:00', ''),
(1053, '1', '11:09', '0', '', '2022-07-26 00:00:00', '48', '0000-00-00 00:00:00', ''),
(1054, '7', '18:57', '0', '', '2022-07-26 00:00:00', '53', '0000-00-00 00:00:00', ''),
(1055, '7', '10:30', '0', '', '2022-07-27 00:00:00', '53', '0000-00-00 00:00:00', ''),
(1056, '29', '11:16', '0', '', '2022-07-27 00:00:00', '83', '0000-00-00 00:00:00', ''),
(1057, '1', '11:21', '0', '', '2022-07-27 00:00:00', '48', '0000-00-00 00:00:00', ''),
(1058, '3', '10:22', '0', '', '2022-07-28 00:00:00', '49', '0000-00-00 00:00:00', ''),
(1059, '29', '10:31', '0', '', '2022-07-28 00:00:00', '83', '0000-00-00 00:00:00', ''),
(1060, '7', '10:32', '0', '', '2022-07-28 00:00:00', '53', '0000-00-00 00:00:00', ''),
(1061, '1', '10:32', '0', '', '2022-07-28 00:00:00', '48', '0000-00-00 00:00:00', ''),
(1062, '3', '10:18', '0', '', '2022-07-29 00:00:00', '49', '0000-00-00 00:00:00', ''),
(1063, '7', '10:21', '0', '', '2022-07-29 00:00:00', '53', '0000-00-00 00:00:00', ''),
(1064, '29', '10:24', '0', '', '2022-07-29 00:00:00', '83', '0000-00-00 00:00:00', ''),
(1065, '3', '09:32', '0', '', '2022-07-30 00:00:00', '49', '0000-00-00 00:00:00', ''),
(1066, '1', '09:52', '0', '', '2022-08-01 00:00:00', '48', '0000-00-00 00:00:00', ''),
(1067, '7', '10:24', '0', '', '2022-08-01 00:00:00', '53', '0000-00-00 00:00:00', ''),
(1068, '29', '10:28', '0', '', '2022-08-01 00:00:00', '83', '0000-00-00 00:00:00', ''),
(1069, '3', '10:31', '0', '', '2022-08-01 00:00:00', '49', '0000-00-00 00:00:00', ''),
(1070, '1', '10:03', '0', '', '2022-08-02 00:00:00', '48', '0000-00-00 00:00:00', ''),
(1071, '3', '12:13', '0', '', '2022-08-02 00:00:00', '49', '0000-00-00 00:00:00', ''),
(1072, '1', '10:10', '0', '', '2022-08-03 00:00:00', '48', '0000-00-00 00:00:00', ''),
(1073, '7', '10:45', '0', '', '2022-08-03 00:00:00', '53', '0000-00-00 00:00:00', ''),
(1074, '29', '10:48', '0', '', '2022-08-03 00:00:00', '83', '0000-00-00 00:00:00', ''),
(1075, '1', '10:45', '0', '', '2022-08-04 00:00:00', '48', '0000-00-00 00:00:00', ''),
(1076, '7', '11:12', '0', '', '2022-08-04 00:00:00', '53', '0000-00-00 00:00:00', ''),
(1077, '3', '11:34', '0', '', '2022-08-04 00:00:00', '49', '0000-00-00 00:00:00', ''),
(1078, '3', '10:54', '0', '', '2022-08-05 00:00:00', '49', '0000-00-00 00:00:00', ''),
(1079, '7', '11:38', '0', '', '2022-08-05 00:00:00', '53', '0000-00-00 00:00:00', ''),
(1080, '3', '09:59', '1', '', '2022-08-08 00:00:00', '49', '2022-08-08 00:00:00', '49'),
(1081, '7', '10:44', '0', '', '2022-08-08 00:00:00', '53', '0000-00-00 00:00:00', ''),
(1082, '29', '10:44', '0', '', '2022-08-08 00:00:00', '83', '0000-00-00 00:00:00', ''),
(1083, '1', '11:03', '0', '', '2022-08-08 00:00:00', '48', '0000-00-00 00:00:00', ''),
(1084, '29', '10:07', '1', '', '2022-08-09 00:00:00', '83', '2022-08-09 00:00:00', '83'),
(1085, '3', '10:18', '0', '', '2022-08-09 00:00:00', '49', '0000-00-00 00:00:00', ''),
(1086, '7', '10:30', '0', '', '2022-08-09 00:00:00', '53', '0000-00-00 00:00:00', ''),
(1087, '29', '09:52', '0', '', '2022-08-10 00:00:00', '83', '0000-00-00 00:00:00', ''),
(1088, '3', '09:56', '0', '', '2022-08-10 00:00:00', '49', '0000-00-00 00:00:00', ''),
(1089, '7', '10:09', '1', '', '2022-08-10 00:00:00', '53', '2022-08-10 00:00:00', '53'),
(1090, '1', '11:28', '0', '', '2022-08-10 00:00:00', '48', '0000-00-00 00:00:00', ''),
(1091, '29', '09:52', '1', '', '2022-08-12 00:00:00', '83', '2022-08-12 00:00:00', '83'),
(1092, '7', '09:55', '1', '', '2022-08-12 00:00:00', '53', '2022-08-12 00:00:00', '53'),
(1093, '1', '10:25', '0', '', '2022-08-12 00:00:00', '48', '0000-00-00 00:00:00', ''),
(1094, '3', '14:04', '0', '', '2022-08-12 00:00:00', '49', '0000-00-00 00:00:00', ''),
(1095, '3', '10:10', '1', '', '2022-08-16 00:00:00', '49', '2022-08-16 00:00:00', '49'),
(1096, '29', '10:33', '0', '', '2022-08-16 00:00:00', '83', '0000-00-00 00:00:00', ''),
(1097, '7', '10:41', '0', '', '2022-08-16 00:00:00', '53', '0000-00-00 00:00:00', ''),
(1098, '1', '11:07', '0', '', '2022-08-16 00:00:00', '48', '0000-00-00 00:00:00', ''),
(1099, '29', '09:50', '1', '', '2022-08-17 00:00:00', '83', '2022-08-17 00:00:00', '83'),
(1100, '3', '10:40', '0', '', '2022-08-17 00:00:00', '49', '0000-00-00 00:00:00', ''),
(1101, '7', '11:03', '0', '', '2022-08-17 00:00:00', '53', '0000-00-00 00:00:00', ''),
(1102, '1', '11:03', '0', '', '2022-08-17 00:00:00', '48', '0000-00-00 00:00:00', ''),
(1103, '29', '09:46', '1', '', '2022-08-18 00:00:00', '83', '2022-08-18 00:00:00', '83'),
(1104, '3', '09:53', '1', '', '2022-08-18 00:00:00', '49', '2022-08-18 00:00:00', '49'),
(1105, '7', '11:26', '0', '', '2022-08-18 00:00:00', '53', '0000-00-00 00:00:00', ''),
(1106, '1', '11:36', '0', '', '2022-08-18 00:00:00', '48', '0000-00-00 00:00:00', ''),
(1107, '29', '10:05', '1', '', '2022-08-19 00:00:00', '83', '2022-08-19 00:00:00', '83'),
(1108, '3', '10:29', '0', '', '2022-08-19 00:00:00', '49', '0000-00-00 00:00:00', ''),
(1109, '7', '10:34', '0', '', '2022-08-19 00:00:00', '53', '0000-00-00 00:00:00', ''),
(1110, '1', '10:59', '0', '', '2022-08-19 00:00:00', '48', '0000-00-00 00:00:00', ''),
(1111, '3', '10:18', '0', '', '2022-08-22 00:00:00', '49', '0000-00-00 00:00:00', ''),
(1112, '29', '10:22', '0', '', '2022-08-22 00:00:00', '83', '0000-00-00 00:00:00', ''),
(1113, '1', '10:40', '0', '', '2022-08-22 00:00:00', '48', '0000-00-00 00:00:00', ''),
(1114, '7', '11:28', '0', '', '2022-08-22 00:00:00', '53', '0000-00-00 00:00:00', ''),
(1115, '29', '09:46', '1', '', '2022-08-23 00:00:00', '83', '2022-08-23 00:00:00', '83'),
(1116, '3', '10:12', '0', '', '2022-08-23 00:00:00', '49', '0000-00-00 00:00:00', ''),
(1117, '1', '10:40', '0', '', '2022-08-23 00:00:00', '48', '0000-00-00 00:00:00', ''),
(1118, '7', '10:56', '0', '', '2022-08-23 00:00:00', '53', '0000-00-00 00:00:00', ''),
(1119, '3', '10:13', '0', '', '2022-08-24 00:00:00', '49', '0000-00-00 00:00:00', ''),
(1120, '29', '10:13', '0', '', '2022-08-24 00:00:00', '83', '0000-00-00 00:00:00', ''),
(1121, '7', '11:55', '0', '', '2022-08-24 00:00:00', '53', '0000-00-00 00:00:00', ''),
(1122, '29', '10:18', '0', '', '2022-08-25 00:00:00', '83', '0000-00-00 00:00:00', ''),
(1123, '3', '10:33', '0', '', '2022-08-25 00:00:00', '49', '0000-00-00 00:00:00', ''),
(1124, '1', '11:05', '0', '', '2022-08-25 00:00:00', '48', '0000-00-00 00:00:00', ''),
(1125, '7', '11:13', '0', '', '2022-08-25 00:00:00', '53', '0000-00-00 00:00:00', ''),
(1126, '29', '10:10', '1', '', '2022-08-26 00:00:00', '83', '2022-08-26 00:00:00', '83'),
(1127, '3', '10:13', '0', '', '2022-08-26 00:00:00', '49', '0000-00-00 00:00:00', ''),
(1128, '1', '10:37', '0', '', '2022-08-26 00:00:00', '48', '0000-00-00 00:00:00', ''),
(1129, '7', '18:46', '0', '', '2022-08-26 00:00:00', '53', '0000-00-00 00:00:00', ''),
(1130, '29', '09:45', '1', '', '2022-08-29 00:00:00', '83', '2022-08-29 00:00:00', '83'),
(1131, '3', '10:25', '0', '', '2022-08-29 00:00:00', '49', '0000-00-00 00:00:00', ''),
(1132, '7', '11:05', '0', '', '2022-08-29 00:00:00', '53', '0000-00-00 00:00:00', ''),
(1133, '29', '10:01', '0', '', '2022-08-30 00:00:00', '83', '0000-00-00 00:00:00', ''),
(1134, '1', '11:07', '0', '', '2022-08-30 00:00:00', '48', '0000-00-00 00:00:00', ''),
(1135, '7', '20:01', '0', '', '2022-08-30 00:00:00', '53', '0000-00-00 00:00:00', ''),
(1136, '7', '10:01', '0', '', '2022-08-31 00:00:00', '53', '0000-00-00 00:00:00', ''),
(1137, '3', '10:07', '1', '', '2022-08-31 00:00:00', '49', '2022-08-31 00:00:00', '49'),
(1138, '29', '10:25', '0', '', '2022-08-31 00:00:00', '83', '0000-00-00 00:00:00', ''),
(1139, '1', '11:35', '0', '', '2022-08-31 00:00:00', '48', '0000-00-00 00:00:00', ''),
(1140, '29', '09:59', '1', '', '2022-09-01 00:00:00', '83', '2022-09-01 00:00:00', '83'),
(1141, '3', '10:11', '0', '', '2022-09-01 00:00:00', '49', '0000-00-00 00:00:00', ''),
(1142, '29', '09:30', '1', '', '2022-09-02 00:00:00', '83', '2022-09-02 00:00:00', '83'),
(1143, '3', '10:12', '0', '', '2022-09-02 00:00:00', '49', '0000-00-00 00:00:00', ''),
(1144, '1', '10:50', '0', '', '2022-09-02 00:00:00', '48', '0000-00-00 00:00:00', ''),
(1145, '29', '11:32', '0', '', '2022-09-03 00:00:00', '83', '0000-00-00 00:00:00', ''),
(1146, '29', '10:06', '1', '', '2022-09-05 00:00:00', '83', '2022-09-05 00:00:00', '83'),
(1147, '3', '10:23', '0', '', '2022-09-05 00:00:00', '49', '0000-00-00 00:00:00', ''),
(1148, '29', '09:44', '1', '', '2022-09-06 00:00:00', '83', '2022-09-06 00:00:00', '83'),
(1149, '3', '10:47', '0', '', '2022-09-06 00:00:00', '49', '0000-00-00 00:00:00', ''),
(1150, '29', '09:57', '1', '', '2022-09-07 00:00:00', '83', '2022-09-07 00:00:00', '83'),
(1151, '3', '10:10', '1', '', '2022-09-07 00:00:00', '49', '2022-09-07 00:00:00', '49'),
(1152, '7', '09:53', '1', '', '2022-09-08 00:00:00', '53', '2022-09-08 00:00:00', '53'),
(1153, '29', '10:03', '1', '', '2022-09-08 00:00:00', '83', '2022-09-08 00:00:00', '83'),
(1154, '3', '10:10', '1', '', '2022-09-08 00:00:00', '49', '2022-09-08 00:00:00', '49'),
(1155, '29', '09:54', '1', '', '2022-09-09 00:00:00', '83', '2022-09-09 00:00:00', '83'),
(1156, '3', '09:58', '1', '', '2022-09-09 00:00:00', '49', '2022-09-09 00:00:00', '49'),
(1157, '1', '11:20', '0', '', '2022-09-09 00:00:00', '48', '0000-00-00 00:00:00', ''),
(1158, '29', '09:45', '1', '', '2022-09-12 00:00:00', '83', '2022-09-12 00:00:00', '83'),
(1159, '1', '10:27', '0', '', '2022-09-12 00:00:00', '48', '0000-00-00 00:00:00', ''),
(1160, '3', '10:42', '0', '', '2022-09-12 00:00:00', '49', '0000-00-00 00:00:00', ''),
(1161, '29', '09:51', '1', '', '2022-09-13 00:00:00', '83', '2022-09-13 00:00:00', '83'),
(1162, '3', '09:57', '1', '', '2022-09-13 00:00:00', '49', '2022-09-13 00:00:00', '49'),
(1163, '29', '09:54', '0', '', '2022-09-14 00:00:00', '83', '0000-00-00 00:00:00', ''),
(1164, '3', '10:24', '0', '', '2022-09-14 00:00:00', '49', '0000-00-00 00:00:00', ''),
(1165, '29', '10:02', '1', '', '2022-09-15 00:00:00', '83', '2022-09-15 00:00:00', '83'),
(1166, '3', '10:08', '1', '', '2022-09-15 00:00:00', '49', '2022-09-15 00:00:00', '49'),
(1167, '1', '10:32', '0', '', '2022-09-15 00:00:00', '48', '0000-00-00 00:00:00', ''),
(1168, '29', '09:59', '1', '', '2022-09-16 00:00:00', '83', '2022-09-16 00:00:00', '83'),
(1169, '7', '10:05', '1', '', '2022-09-16 00:00:00', '53', '2022-09-16 00:00:00', '53'),
(1170, '1', '10:31', '0', '', '2022-09-16 00:00:00', '48', '0000-00-00 00:00:00', ''),
(1171, '3', '10:42', '0', '', '2022-09-16 00:00:00', '49', '0000-00-00 00:00:00', ''),
(1172, '29', '09:58', '1', '', '2022-09-19 00:00:00', '83', '2022-09-19 00:00:00', '83'),
(1173, '3', '10:27', '0', '', '2022-09-19 00:00:00', '49', '0000-00-00 00:00:00', ''),
(1174, '29', '09:48', '1', '', '2022-09-20 00:00:00', '83', '2022-09-20 00:00:00', '83'),
(1175, '7', '10:08', '1', '', '2022-09-20 00:00:00', '53', '2022-09-20 00:00:00', '53');
INSERT INTO `point_attendence` (`id`, `employee_id`, `in_time`, `point`, `description`, `create_date`, `created_by`, `update_date`, `update_by`) VALUES
(1176, '3', '10:31', '0', '', '2022-09-20 00:00:00', '49', '0000-00-00 00:00:00', ''),
(1177, '29', '09:59', '1', '', '2022-09-21 00:00:00', '83', '2022-09-21 00:00:00', '83'),
(1178, '3', '10:02', '1', '', '2022-09-21 00:00:00', '49', '2022-09-21 00:00:00', '49'),
(1179, '29', '09:50', '1', '', '2022-09-22 00:00:00', '83', '2022-09-22 00:00:00', '83'),
(1180, '3', '10:27', '0', '', '2022-09-22 00:00:00', '49', '0000-00-00 00:00:00', ''),
(1181, '1', '11:44', '0', '', '2022-09-22 00:00:00', '48', '0000-00-00 00:00:00', ''),
(1182, '29', '09:59', '1', '', '2022-09-23 00:00:00', '83', '2022-09-23 00:00:00', '83'),
(1183, '1', '11:31', '0', '', '2022-09-23 00:00:00', '48', '0000-00-00 00:00:00', ''),
(1184, '3', '12:32', '0', '', '2022-09-23 00:00:00', '49', '0000-00-00 00:00:00', ''),
(1185, '29', '09:59', '1', '', '2022-09-26 00:00:00', '83', '2022-09-26 00:00:00', '83'),
(1186, '3', '10:29', '0', '', '2022-09-26 00:00:00', '49', '0000-00-00 00:00:00', ''),
(1187, '1', '11:41', '0', '', '2022-09-26 00:00:00', '48', '0000-00-00 00:00:00', ''),
(1188, '29', '10:03', '0', '', '2022-09-27 00:00:00', '83', '0000-00-00 00:00:00', ''),
(1189, '3', '10:24', '0', '', '2022-09-27 00:00:00', '49', '0000-00-00 00:00:00', ''),
(1190, '29', '10:04', '1', '', '2022-09-28 00:00:00', '83', '2022-09-28 00:00:00', '83'),
(1191, '3', '10:34', '0', '', '2022-09-28 00:00:00', '49', '0000-00-00 00:00:00', ''),
(1192, '29', '09:59', '1', '', '2022-09-29 00:00:00', '83', '2022-09-29 00:00:00', '83'),
(1193, '29', '09:54', '1', '', '2022-09-30 00:00:00', '83', '2022-09-30 00:00:00', '83'),
(1194, '3', '10:19', '0', '', '2022-09-30 00:00:00', '49', '0000-00-00 00:00:00', ''),
(1195, '29', '10:04', '1', '', '2022-10-03 00:00:00', '83', '2022-10-03 00:00:00', '83'),
(1196, '3', '10:07', '1', '', '2022-10-03 00:00:00', '49', '2022-10-03 00:00:00', '49'),
(1197, '29', '10:01', '0', '', '2022-10-04 00:00:00', '83', '0000-00-00 00:00:00', ''),
(1198, '3', '11:38', '0', '', '2022-10-04 00:00:00', '49', '0000-00-00 00:00:00', ''),
(1199, '29', '10:07', '1', '', '2022-10-05 00:00:00', '83', '2022-10-05 00:00:00', '83'),
(1200, '3', '10:56', '0', '', '2022-10-05 00:00:00', '49', '0000-00-00 00:00:00', ''),
(1201, '29', '09:57', '1', '', '2022-10-06 00:00:00', '83', '2022-10-06 00:00:00', '83'),
(1202, '3', '10:06', '1', '', '2022-10-06 00:00:00', '49', '2022-10-06 00:00:00', '49'),
(1203, '29', '09:55', '1', '', '2022-10-07 00:00:00', '83', '2022-10-07 00:00:00', '83'),
(1204, '3', '10:35', '0', '', '2022-10-07 00:00:00', '49', '0000-00-00 00:00:00', ''),
(1205, '29', '10:00', '1', '', '2022-10-10 00:00:00', '83', '2022-10-10 00:00:00', '83'),
(1206, '3', '10:29', '0', '', '2022-10-10 00:00:00', '49', '0000-00-00 00:00:00', ''),
(1207, '29', '09:53', '1', '', '2022-10-11 00:00:00', '83', '2022-10-11 00:00:00', '83'),
(1208, '3', '10:40', '0', '', '2022-10-11 00:00:00', '49', '0000-00-00 00:00:00', ''),
(1209, '29', '10:41', '0', '', '2022-10-12 00:00:00', '83', '0000-00-00 00:00:00', ''),
(1210, '3', '10:42', '0', '', '2022-10-12 00:00:00', '49', '0000-00-00 00:00:00', ''),
(1211, '3', '10:14', '0', '', '2022-10-13 00:00:00', '49', '0000-00-00 00:00:00', ''),
(1212, '29', '09:50', '1', '', '2022-10-14 00:00:00', '83', '2022-10-14 00:00:00', '83'),
(1213, '3', '11:19', '0', '', '2022-10-14 00:00:00', '49', '0000-00-00 00:00:00', ''),
(1214, '29', '10:01', '1', '', '2022-10-17 00:00:00', '83', '2022-10-17 00:00:00', '83'),
(1215, '29', '09:52', '1', '', '2022-10-18 00:00:00', '83', '2022-10-18 00:00:00', '83'),
(1216, '29', '10:05', '1', '', '2022-10-19 00:00:00', '83', '2022-10-19 00:00:00', '83'),
(1217, '29', '10:24', '0', '', '2022-10-20 00:00:00', '83', '0000-00-00 00:00:00', ''),
(1218, '29', '10:12', '0', '', '2022-10-21 00:00:00', '83', '0000-00-00 00:00:00', ''),
(1219, '29', '09:51', '1', '', '2022-10-28 00:00:00', '83', '2022-10-28 00:00:00', '83'),
(1220, '29', '09:59', '1', '', '2022-10-31 00:00:00', '83', '2022-10-31 00:00:00', '83'),
(1221, '29', '09:57', '1', '', '2022-11-01 00:00:00', '83', '2022-11-01 00:00:00', '83'),
(1222, '29', '09:59', '1', '', '2022-11-02 00:00:00', '83', '2022-11-02 00:00:00', '83'),
(1223, '29', '10:08', '1', '', '2022-11-03 00:00:00', '83', '2022-11-03 00:00:00', '83'),
(1224, '29', '09:51', '1', '', '2022-11-04 00:00:00', '83', '2022-11-04 00:00:00', '83'),
(1225, '29', '09:43', '1', '', '2022-11-07 00:00:00', '83', '2022-11-07 00:00:00', '83'),
(1226, '29', '10:04', '1', '', '2022-11-08 00:00:00', '83', '2022-11-08 00:00:00', '83'),
(1227, '29', '10:01', '1', '', '2022-11-09 00:00:00', '83', '2022-11-09 00:00:00', '83'),
(1228, '29', '09:47', '1', '', '2022-11-10 00:00:00', '83', '2022-11-10 00:00:00', '83'),
(1229, '29', '09:55', '1', '', '2022-11-11 00:00:00', '83', '2022-11-11 00:00:00', '83'),
(1230, '29', '09:51', '1', '', '2022-11-14 00:00:00', '83', '2022-11-14 00:00:00', '83'),
(1231, '29', '09:45', '1', '', '2022-11-15 00:00:00', '83', '2022-11-15 00:00:00', '83'),
(1232, '29', '10:04', '0', '', '2022-11-16 00:00:00', '83', '0000-00-00 00:00:00', ''),
(1233, '29', '10:03', '1', '', '2022-11-17 00:00:00', '83', '2022-11-17 00:00:00', '83'),
(1234, '29', '10:04', '1', '', '2022-11-18 00:00:00', '83', '2022-11-18 00:00:00', '83'),
(1235, '29', '10:08', '1', '', '2022-11-21 00:00:00', '83', '2022-11-21 00:00:00', '83'),
(1236, '29', '10:14', '0', '', '2022-11-22 00:00:00', '83', '0000-00-00 00:00:00', ''),
(1237, '29', '10:02', '1', '', '2022-11-23 00:00:00', '83', '2022-11-23 00:00:00', '83'),
(1238, '29', '10:04', '1', '', '2022-11-24 00:00:00', '83', '2022-11-24 00:00:00', '83'),
(1239, '29', '09:50', '1', '', '2022-11-25 00:00:00', '83', '2022-11-25 00:00:00', '83'),
(1240, '29', '10:01', '0', '', '2022-11-28 00:00:00', '83', '0000-00-00 00:00:00', ''),
(1241, '29', '09:51', '1', '', '2022-11-29 00:00:00', '83', '2022-11-29 00:00:00', '83'),
(1242, '29', '20:56', '0', '', '2022-11-30 00:00:00', '83', '0000-00-00 00:00:00', ''),
(1243, '29', '10:13', '0', '', '2022-12-01 00:00:00', '83', '0000-00-00 00:00:00', ''),
(1244, '29', '10:47', '0', '', '2022-12-02 00:00:00', '83', '0000-00-00 00:00:00', ''),
(1245, '29', '09:43', '1', '', '2022-12-05 00:00:00', '83', '2022-12-05 00:00:00', '83'),
(1246, '29', '10:10', '1', '', '2022-12-06 00:00:00', '83', '2022-12-06 00:00:00', '83'),
(1247, '29', '09:48', '1', '', '2022-12-07 00:00:00', '83', '2022-12-07 00:00:00', '83'),
(1248, '29', '09:49', '1', '', '2022-12-08 00:00:00', '83', '2022-12-08 00:00:00', '83'),
(1249, '29', '09:48', '1', '', '2022-12-09 00:00:00', '83', '2022-12-09 00:00:00', '83'),
(1250, '29', '09:59', '1', '', '2022-12-12 00:00:00', '83', '2022-12-12 00:00:00', '83'),
(1251, '29', '10:08', '1', '', '2022-12-13 00:00:00', '83', '2022-12-13 00:00:00', '83'),
(1252, '29', '10:08', '1', '', '2022-12-14 00:00:00', '83', '2022-12-14 00:00:00', '83'),
(1253, '29', '10:09', '1', '', '2022-12-15 00:00:00', '83', '2022-12-15 00:00:00', '83'),
(1254, '29', '10:02', '1', '', '2022-12-16 00:00:00', '83', '2022-12-16 00:00:00', '83'),
(1255, '29', '10:26', '0', '', '2022-12-20 00:00:00', '83', '0000-00-00 00:00:00', ''),
(1256, '29', '10:18', '0', '', '2022-12-21 00:00:00', '83', '0000-00-00 00:00:00', ''),
(1257, '29', '10:11', '0', '', '2022-12-23 00:00:00', '83', '0000-00-00 00:00:00', ''),
(1258, '29', '10:08', '1', '', '2022-12-26 00:00:00', '83', '2022-12-26 00:00:00', '83'),
(1259, '29', '10:08', '1', '', '2022-12-27 00:00:00', '83', '2022-12-27 00:00:00', '83'),
(1260, '29', '10:04', '1', '', '2022-12-28 00:00:00', '83', '2022-12-28 00:00:00', '83'),
(1261, '29', '10:03', '1', '', '2022-12-29 00:00:00', '83', '2022-12-29 00:00:00', '83'),
(1262, '26', '12:39', '0', '', '2022-12-29 00:00:00', '77', '0000-00-00 00:00:00', ''),
(1263, '29', '09:58', '1', '', '2022-12-30 00:00:00', '83', '2022-12-30 00:00:00', '83'),
(1264, '29', '10:04', '1', '', '2023-01-02 00:00:00', '83', '2023-01-02 00:00:00', '83'),
(1265, '1', '12:26', '0', '', '2023-01-02 00:00:00', '48', '0000-00-00 00:00:00', ''),
(1266, '29', '10:07', '0', '', '2023-01-03 00:00:00', '83', '0000-00-00 00:00:00', ''),
(1267, '31', '16:43', '0', '', '2023-01-03 00:00:00', '88', '0000-00-00 00:00:00', ''),
(1268, '32', '16:46', '0', '', '2023-01-03 00:00:00', '87', '0000-00-00 00:00:00', ''),
(1269, '29', '10:30', '0', '', '2023-01-04 00:00:00', '83', '0000-00-00 00:00:00', ''),
(1270, '1', '10:49', '0', '', '2023-01-04 00:00:00', '48', '0000-00-00 00:00:00', ''),
(1271, '30', '10:49', '0', '', '2023-01-04 00:00:00', '90', '0000-00-00 00:00:00', ''),
(1272, '31', '11:43', '0', '', '2023-01-04 00:00:00', '88', '0000-00-00 00:00:00', ''),
(1273, '31', '10:09', '0', '', '2023-01-05 00:00:00', '88', '0000-00-00 00:00:00', ''),
(1274, '29', '10:10', '1', '', '2023-01-05 00:00:00', '83', '2023-01-05 00:00:00', '83'),
(1275, '30', '11:50', '0', '', '2023-01-05 00:00:00', '90', '0000-00-00 00:00:00', ''),
(1276, '32', '12:41', '0', '', '2023-01-05 00:00:00', '87', '0000-00-00 00:00:00', ''),
(1277, '29', '10:09', '0', '', '2023-01-06 00:00:00', '83', '0000-00-00 00:00:00', ''),
(1278, '31', '10:10', '0', '', '2023-01-06 00:00:00', '88', '0000-00-00 00:00:00', ''),
(1279, '32', '10:18', '0', '', '2023-01-06 00:00:00', '87', '0000-00-00 00:00:00', ''),
(1280, '1', '10:46', '0', '', '2023-01-06 00:00:00', '48', '0000-00-00 00:00:00', ''),
(1281, '29', '10:06', '1', '', '2023-01-09 00:00:00', '83', '2023-01-09 00:00:00', '83'),
(1282, '31', '10:20', '0', '', '2023-01-09 00:00:00', '88', '0000-00-00 00:00:00', ''),
(1283, '1', '10:48', '0', '', '2023-01-09 00:00:00', '48', '0000-00-00 00:00:00', ''),
(1284, '29', '09:56', '1', '', '2023-01-10 00:00:00', '83', '2023-01-10 00:00:00', '83'),
(1285, '27', '10:21', '0', '', '2023-01-10 00:00:00', '80', '0000-00-00 00:00:00', ''),
(1286, '31', '10:40', '0', '', '2023-01-10 00:00:00', '88', '0000-00-00 00:00:00', ''),
(1287, '1', '10:43', '0', '', '2023-01-10 00:00:00', '48', '0000-00-00 00:00:00', ''),
(1288, '32', '15:05', '0', '', '2023-01-10 00:00:00', '87', '0000-00-00 00:00:00', ''),
(1289, '31', '10:02', '0', '', '2023-01-11 00:00:00', '88', '0000-00-00 00:00:00', ''),
(1290, '30', '10:11', '0', '', '2023-01-11 00:00:00', '90', '0000-00-00 00:00:00', ''),
(1291, '29', '10:11', '0', '', '2023-01-11 00:00:00', '83', '0000-00-00 00:00:00', ''),
(1292, '27', '10:25', '0', '', '2023-01-11 00:00:00', '80', '0000-00-00 00:00:00', ''),
(1293, '31', '09:45', '0', '', '2023-01-12 00:00:00', '88', '0000-00-00 00:00:00', ''),
(1294, '29', '10:06', '1', '', '2023-01-12 00:00:00', '83', '2023-01-12 00:00:00', '83'),
(1295, '27', '10:16', '0', '', '2023-01-12 00:00:00', '80', '0000-00-00 00:00:00', ''),
(1296, '30', '10:23', '0', '', '2023-01-12 00:00:00', '90', '0000-00-00 00:00:00', ''),
(1297, '32', '16:19', '0', '', '2023-01-12 00:00:00', '87', '0000-00-00 00:00:00', ''),
(1298, '31', '09:59', '0', '', '2023-01-13 00:00:00', '88', '0000-00-00 00:00:00', ''),
(1299, '30', '10:06', '1', '', '2023-01-13 00:00:00', '90', '2023-01-13 00:00:00', '90'),
(1300, '27', '10:30', '0', '', '2023-01-13 00:00:00', '80', '0000-00-00 00:00:00', ''),
(1301, '1', '10:53', '0', '', '2023-01-13 00:00:00', '48', '0000-00-00 00:00:00', ''),
(1302, '32', '11:37', '0', '', '2023-01-13 00:00:00', '87', '0000-00-00 00:00:00', ''),
(1303, '31', '10:13', '0', '', '2023-01-16 00:00:00', '88', '0000-00-00 00:00:00', ''),
(1304, '29', '10:15', '0', '', '2023-01-16 00:00:00', '83', '0000-00-00 00:00:00', ''),
(1305, '27', '10:19', '0', '', '2023-01-16 00:00:00', '80', '0000-00-00 00:00:00', ''),
(1306, '1', '10:24', '0', '', '2023-01-16 00:00:00', '48', '0000-00-00 00:00:00', ''),
(1307, '30', '10:51', '0', '', '2023-01-16 00:00:00', '90', '0000-00-00 00:00:00', ''),
(1308, '32', '11:11', '0', '', '2023-01-16 00:00:00', '87', '0000-00-00 00:00:00', ''),
(1309, '31', '09:48', '0', '', '2023-01-17 00:00:00', '88', '0000-00-00 00:00:00', ''),
(1310, '29', '10:09', '0', '', '2023-01-17 00:00:00', '83', '0000-00-00 00:00:00', ''),
(1311, '32', '10:43', '0', '', '2023-01-17 00:00:00', '87', '0000-00-00 00:00:00', ''),
(1312, '27', '10:43', '0', '', '2023-01-17 00:00:00', '80', '0000-00-00 00:00:00', ''),
(1313, '30', '10:43', '0', '', '2023-01-17 00:00:00', '90', '0000-00-00 00:00:00', ''),
(1314, '1', '10:51', '0', '', '2023-01-17 00:00:00', '48', '0000-00-00 00:00:00', ''),
(1315, '29', '09:48', '1', '', '2023-01-18 00:00:00', '83', '2023-01-18 00:00:00', '83'),
(1316, '31', '09:50', '0', '', '2023-01-18 00:00:00', '88', '0000-00-00 00:00:00', ''),
(1317, '27', '10:04', '1', '', '2023-01-18 00:00:00', '80', '2023-01-18 00:00:00', '80'),
(1318, '30', '10:44', '0', '', '2023-01-18 00:00:00', '90', '0000-00-00 00:00:00', ''),
(1319, '32', '10:45', '0', '', '2023-01-18 00:00:00', '87', '0000-00-00 00:00:00', ''),
(1320, '1', '17:34', '0', '', '2023-01-18 00:00:00', '48', '0000-00-00 00:00:00', ''),
(1321, '31', '09:53', '0', '', '2023-01-19 00:00:00', '88', '0000-00-00 00:00:00', ''),
(1322, '29', '10:05', '1', '', '2023-01-19 00:00:00', '83', '2023-01-19 00:00:00', '83'),
(1323, '27', '10:15', '0', '', '2023-01-19 00:00:00', '80', '0000-00-00 00:00:00', ''),
(1324, '30', '10:36', '0', '', '2023-01-19 00:00:00', '90', '0000-00-00 00:00:00', ''),
(1325, '32', '10:37', '0', '', '2023-01-19 00:00:00', '87', '0000-00-00 00:00:00', ''),
(1326, '1', '11:15', '0', '', '2023-01-19 00:00:00', '48', '0000-00-00 00:00:00', ''),
(1327, '31', '09:52', '0', '', '2023-01-20 00:00:00', '88', '0000-00-00 00:00:00', ''),
(1328, '29', '10:09', '0', '', '2023-01-20 00:00:00', '83', '0000-00-00 00:00:00', ''),
(1329, '27', '10:17', '0', '', '2023-01-20 00:00:00', '80', '0000-00-00 00:00:00', ''),
(1330, '30', '10:25', '0', '', '2023-01-20 00:00:00', '90', '0000-00-00 00:00:00', ''),
(1331, '32', '11:38', '0', '', '2023-01-20 00:00:00', '87', '0000-00-00 00:00:00', ''),
(1332, '1', '12:48', '0', '', '2023-01-20 00:00:00', '48', '0000-00-00 00:00:00', ''),
(1333, '29', '09:56', '1', '', '2023-01-23 00:00:00', '83', '2023-01-23 00:00:00', '83'),
(1334, '31', '09:57', '0', '', '2023-01-23 00:00:00', '88', '0000-00-00 00:00:00', ''),
(1335, '27', '10:26', '0', '', '2023-01-23 00:00:00', '80', '0000-00-00 00:00:00', ''),
(1336, '30', '10:23', '0', '', '2023-01-23 00:00:00', '90', '0000-00-00 00:00:00', ''),
(1337, '32', '12:06', '0', '', '2023-01-23 00:00:00', '87', '0000-00-00 00:00:00', ''),
(1338, '29', '10:02', '1', '', '2023-01-24 00:00:00', '83', '2023-01-24 00:00:00', '83'),
(1339, '27', '10:08', '0', '', '2023-01-24 00:00:00', '80', '0000-00-00 00:00:00', ''),
(1340, '31', '10:08', '0', '', '2023-01-24 00:00:00', '88', '0000-00-00 00:00:00', ''),
(1341, '30', '10:15', '0', '', '2023-01-24 00:00:00', '90', '0000-00-00 00:00:00', ''),
(1342, '32', '10:18', '0', '', '2023-01-24 00:00:00', '87', '0000-00-00 00:00:00', ''),
(1343, '1', '11:40', '0', '', '2023-01-24 00:00:00', '48', '0000-00-00 00:00:00', ''),
(1344, '29', '10:11', '0', '', '2023-01-25 00:00:00', '83', '0000-00-00 00:00:00', ''),
(1345, '31', '10:19', '0', '', '2023-01-25 00:00:00', '88', '0000-00-00 00:00:00', ''),
(1346, '27', '10:28', '0', '', '2023-01-25 00:00:00', '80', '0000-00-00 00:00:00', ''),
(1347, '30', '10:31', '0', '', '2023-01-25 00:00:00', '90', '0000-00-00 00:00:00', ''),
(1348, '32', '13:05', '0', '', '2023-01-25 00:00:00', '87', '0000-00-00 00:00:00', ''),
(1349, '27', '10:01', '1', '', '2023-01-27 00:00:00', '80', '2023-01-27 00:00:00', '80'),
(1350, '31', '10:10', '0', '', '2023-01-27 00:00:00', '88', '0000-00-00 00:00:00', ''),
(1351, '29', '10:11', '0', '', '2023-01-27 00:00:00', '83', '0000-00-00 00:00:00', ''),
(1352, '32', '11:49', '0', '', '2023-01-27 00:00:00', '87', '0000-00-00 00:00:00', ''),
(1353, '29', '09:52', '1', '', '2023-01-30 00:00:00', '83', '2023-01-30 00:00:00', '83'),
(1354, '27', '10:11', '0', '', '2023-01-30 00:00:00', '80', '0000-00-00 00:00:00', ''),
(1355, '32', '10:19', '0', '', '2023-01-30 00:00:00', '87', '0000-00-00 00:00:00', ''),
(1356, '1', '10:45', '0', '', '2023-01-30 00:00:00', '48', '0000-00-00 00:00:00', ''),
(1357, '30', '11:16', '0', '', '2023-01-30 00:00:00', '90', '0000-00-00 00:00:00', ''),
(1358, '31', '10:06', '0', '', '2023-01-31 00:00:00', '88', '0000-00-00 00:00:00', ''),
(1359, '29', '10:09', '1', '', '2023-01-31 00:00:00', '83', '2023-01-31 00:00:00', '83'),
(1360, '30', '10:23', '0', '', '2023-01-31 00:00:00', '90', '0000-00-00 00:00:00', ''),
(1361, '32', '10:28', '0', '', '2023-01-31 00:00:00', '87', '0000-00-00 00:00:00', ''),
(1362, '27', '10:44', '0', '', '2023-01-31 00:00:00', '80', '0000-00-00 00:00:00', ''),
(1363, '1', '13:50', '0', '', '2023-01-31 00:00:00', '48', '0000-00-00 00:00:00', ''),
(1364, '32', '10:03', '0', '', '2023-02-01 00:00:00', '87', '0000-00-00 00:00:00', ''),
(1365, '29', '10:08', '1', '', '2023-02-01 00:00:00', '83', '2023-02-01 00:00:00', '83'),
(1366, '31', '10:13', '0', '', '2023-02-01 00:00:00', '88', '0000-00-00 00:00:00', ''),
(1367, '30', '10:37', '0', '', '2023-02-01 00:00:00', '90', '0000-00-00 00:00:00', ''),
(1368, '1', '11:09', '0', '', '2023-02-01 00:00:00', '48', '0000-00-00 00:00:00', ''),
(1369, '27', '12:25', '0', '', '2023-02-01 00:00:00', '80', '0000-00-00 00:00:00', ''),
(1370, '27', '09:45', '1', '', '2023-02-02 00:00:00', '80', '2023-02-02 00:00:00', '80'),
(1371, '31', '10:08', '0', '', '2023-02-02 00:00:00', '88', '0000-00-00 00:00:00', ''),
(1372, '29', '10:08', '1', '', '2023-02-02 00:00:00', '83', '2023-02-02 00:00:00', '83'),
(1373, '30', '10:28', '0', '', '2023-02-02 00:00:00', '90', '0000-00-00 00:00:00', ''),
(1374, '32', '10:31', '0', '', '2023-02-02 00:00:00', '87', '0000-00-00 00:00:00', ''),
(1375, '1', '10:57', '0', '', '2023-02-02 00:00:00', '48', '0000-00-00 00:00:00', ''),
(1376, '27', '10:01', '0', '', '2023-02-03 00:00:00', '80', '0000-00-00 00:00:00', ''),
(1377, '31', '10:13', '0', '', '2023-02-03 00:00:00', '88', '0000-00-00 00:00:00', ''),
(1378, '32', '10:32', '0', '', '2023-02-03 00:00:00', '87', '0000-00-00 00:00:00', ''),
(1379, '30', '10:35', '0', '', '2023-02-03 00:00:00', '90', '0000-00-00 00:00:00', ''),
(1380, '29', '10:38', '0', '', '2023-02-03 00:00:00', '83', '0000-00-00 00:00:00', ''),
(1381, '1', '10:55', '0', '', '2023-02-03 00:00:00', '48', '0000-00-00 00:00:00', ''),
(1382, '31', '10:09', '0', '', '2023-02-06 00:00:00', '88', '0000-00-00 00:00:00', ''),
(1383, '29', '10:10', '1', '', '2023-02-06 00:00:00', '83', '2023-02-06 00:00:00', '83'),
(1384, '30', '10:30', '0', '', '2023-02-06 00:00:00', '90', '0000-00-00 00:00:00', ''),
(1385, '1', '11:11', '0', '', '2023-02-06 00:00:00', '48', '0000-00-00 00:00:00', ''),
(1386, '32', '13:10', '0', '', '2023-02-06 00:00:00', '87', '0000-00-00 00:00:00', ''),
(1387, '29', '10:10', '1', '', '2023-02-07 00:00:00', '83', '2023-02-07 00:00:00', '83'),
(1388, '31', '10:10', '0', '', '2023-02-07 00:00:00', '88', '0000-00-00 00:00:00', ''),
(1389, '30', '10:35', '0', '', '2023-02-07 00:00:00', '90', '0000-00-00 00:00:00', ''),
(1390, '1', '10:48', '0', '', '2023-02-07 00:00:00', '48', '0000-00-00 00:00:00', ''),
(1391, '32', '18:24', '0', '', '2023-02-07 00:00:00', '87', '0000-00-00 00:00:00', ''),
(1392, '29', '10:14', '0', '', '2023-02-08 00:00:00', '83', '0000-00-00 00:00:00', ''),
(1393, '31', '10:19', '0', '', '2023-02-08 00:00:00', '88', '0000-00-00 00:00:00', ''),
(1394, '30', '10:25', '0', '', '2023-02-08 00:00:00', '90', '0000-00-00 00:00:00', ''),
(1395, '32', '10:37', '0', '', '2023-02-08 00:00:00', '87', '0000-00-00 00:00:00', ''),
(1396, '1', '11:24', '0', '', '2023-02-08 00:00:00', '48', '0000-00-00 00:00:00', ''),
(1397, '31', '10:01', '0', '', '2023-02-09 00:00:00', '88', '0000-00-00 00:00:00', ''),
(1398, '30', '10:17', '0', '', '2023-02-09 00:00:00', '90', '0000-00-00 00:00:00', ''),
(1399, '29', '10:17', '0', '', '2023-02-09 00:00:00', '83', '0000-00-00 00:00:00', ''),
(1400, '32', '10:22', '0', '', '2023-02-09 00:00:00', '87', '0000-00-00 00:00:00', ''),
(1401, '1', '10:49', '0', '', '2023-02-09 00:00:00', '48', '0000-00-00 00:00:00', ''),
(1402, '30', '10:07', '1', '', '2023-02-10 00:00:00', '90', '2023-02-10 00:00:00', '90'),
(1403, '29', '10:09', '1', '', '2023-02-10 00:00:00', '83', '2023-02-10 00:00:00', '83'),
(1404, '31', '10:09', '0', '', '2023-02-10 00:00:00', '88', '0000-00-00 00:00:00', ''),
(1405, '1', '10:33', '0', '', '2023-02-10 00:00:00', '48', '0000-00-00 00:00:00', ''),
(1406, '29', '09:57', '0', '', '2023-02-13 00:00:00', '83', '0000-00-00 00:00:00', ''),
(1407, '31', '10:21', '0', '', '2023-02-13 00:00:00', '88', '0000-00-00 00:00:00', ''),
(1408, '30', '10:22', '0', '', '2023-02-13 00:00:00', '90', '0000-00-00 00:00:00', ''),
(1409, '32', '11:54', '0', '', '2023-02-13 00:00:00', '87', '0000-00-00 00:00:00', ''),
(1410, '29', '10:02', '1', '', '2023-02-14 00:00:00', '83', '2023-02-14 00:00:00', '83'),
(1411, '27', '10:07', '1', '', '2023-02-14 00:00:00', '80', '2023-02-14 00:00:00', '80'),
(1412, '31', '10:24', '0', '', '2023-02-14 00:00:00', '88', '0000-00-00 00:00:00', ''),
(1413, '30', '10:24', '0', '', '2023-02-14 00:00:00', '90', '0000-00-00 00:00:00', ''),
(1414, '1', '11:30', '0', '', '2023-02-14 00:00:00', '48', '0000-00-00 00:00:00', ''),
(1415, '32', '11:34', '0', '', '2023-02-14 00:00:00', '87', '0000-00-00 00:00:00', ''),
(1416, '27', '10:03', '0', '', '2023-02-15 00:00:00', '80', '0000-00-00 00:00:00', ''),
(1417, '29', '10:21', '0', '', '2023-02-15 00:00:00', '83', '0000-00-00 00:00:00', ''),
(1418, '30', '10:59', '0', '', '2023-02-15 00:00:00', '90', '0000-00-00 00:00:00', ''),
(1419, '32', '11:03', '0', '', '2023-02-15 00:00:00', '87', '0000-00-00 00:00:00', ''),
(1420, '29', '10:01', '0', '', '2023-02-16 00:00:00', '83', '0000-00-00 00:00:00', ''),
(1421, '30', '10:39', '0', '', '2023-02-16 00:00:00', '90', '0000-00-00 00:00:00', ''),
(1422, '27', '11:09', '0', '', '2023-02-16 00:00:00', '80', '0000-00-00 00:00:00', ''),
(1423, '32', '18:30', '0', '', '2023-02-16 00:00:00', '87', '0000-00-00 00:00:00', ''),
(1424, '29', '10:08', '0', '', '2023-02-17 00:00:00', '83', '0000-00-00 00:00:00', ''),
(1425, '27', '10:21', '0', '', '2023-02-17 00:00:00', '80', '0000-00-00 00:00:00', ''),
(1426, '32', '10:34', '0', '', '2023-02-17 00:00:00', '87', '0000-00-00 00:00:00', ''),
(1427, '27', '09:58', '1', '', '2023-02-20 00:00:00', '80', '2023-02-20 00:00:00', '80'),
(1428, '31', '10:07', '0', '', '2023-02-20 00:00:00', '88', '0000-00-00 00:00:00', ''),
(1429, '29', '10:18', '0', '', '2023-02-20 00:00:00', '83', '0000-00-00 00:00:00', ''),
(1430, '30', '10:22', '0', '', '2023-02-20 00:00:00', '90', '0000-00-00 00:00:00', ''),
(1431, '32', '10:27', '0', '', '2023-02-20 00:00:00', '87', '0000-00-00 00:00:00', ''),
(1432, '29', '10:08', '0', '', '2023-02-21 00:00:00', '83', '0000-00-00 00:00:00', ''),
(1433, '31', '10:11', '0', '', '2023-02-21 00:00:00', '88', '0000-00-00 00:00:00', ''),
(1434, '30', '10:20', '0', '', '2023-02-21 00:00:00', '90', '0000-00-00 00:00:00', ''),
(1435, '27', '10:32', '0', '', '2023-02-21 00:00:00', '80', '0000-00-00 00:00:00', ''),
(1436, '29', '10:05', '0', '', '2023-02-22 00:00:00', '83', '0000-00-00 00:00:00', ''),
(1437, '31', '10:20', '0', '', '2023-02-22 00:00:00', '88', '0000-00-00 00:00:00', ''),
(1438, '30', '10:30', '0', '', '2023-02-22 00:00:00', '90', '0000-00-00 00:00:00', ''),
(1439, '1', '10:51', '0', '', '2023-02-22 00:00:00', '48', '0000-00-00 00:00:00', ''),
(1440, '32', '11:43', '0', '', '2023-02-22 00:00:00', '87', '0000-00-00 00:00:00', ''),
(1441, '27', '13:03', '0', '', '2023-02-22 00:00:00', '80', '0000-00-00 00:00:00', ''),
(1442, '31', '09:53', '0', '', '2023-02-23 00:00:00', '88', '0000-00-00 00:00:00', ''),
(1443, '27', '09:59', '1', '', '2023-02-23 00:00:00', '80', '2023-02-23 00:00:00', '80'),
(1444, '30', '10:01', '1', '', '2023-02-23 00:00:00', '90', '2023-02-23 00:00:00', '90'),
(1445, '29', '10:06', '1', '', '2023-02-23 00:00:00', '83', '2023-02-23 00:00:00', '83'),
(1446, '32', '11:16', '0', '', '2023-02-23 00:00:00', '87', '0000-00-00 00:00:00', ''),
(1447, '29', '10:02', '1', '', '2023-02-24 00:00:00', '83', '2023-02-24 00:00:00', '83'),
(1448, '27', '10:11', '0', '', '2023-02-24 00:00:00', '80', '0000-00-00 00:00:00', ''),
(1449, '31', '10:11', '0', '', '2023-02-24 00:00:00', '88', '0000-00-00 00:00:00', ''),
(1450, '30', '10:29', '0', '', '2023-02-24 00:00:00', '90', '0000-00-00 00:00:00', ''),
(1451, '32', '11:15', '0', '', '2023-02-24 00:00:00', '87', '0000-00-00 00:00:00', ''),
(1452, '1', '11:32', '0', '', '2023-02-24 00:00:00', '48', '0000-00-00 00:00:00', ''),
(1453, '29', '09:58', '1', '', '2023-02-27 00:00:00', '83', '2023-02-27 00:00:00', '83'),
(1454, '27', '10:00', '1', '', '2023-02-27 00:00:00', '80', '2023-02-27 00:00:00', '80'),
(1455, '30', '10:20', '0', '', '2023-02-27 00:00:00', '90', '0000-00-00 00:00:00', ''),
(1456, '1', '10:42', '0', '', '2023-02-27 00:00:00', '48', '0000-00-00 00:00:00', ''),
(1457, '31', '09:50', '0', '', '2023-02-28 00:00:00', '88', '0000-00-00 00:00:00', ''),
(1458, '29', '10:00', '1', '', '2023-02-28 00:00:00', '83', '2023-02-28 00:00:00', '83'),
(1459, '30', '10:11', '0', '', '2023-02-28 00:00:00', '90', '0000-00-00 00:00:00', ''),
(1460, '1', '10:47', '0', '', '2023-02-28 00:00:00', '48', '0000-00-00 00:00:00', ''),
(1461, '32', '18:40', '0', '', '2023-02-28 00:00:00', '87', '0000-00-00 00:00:00', ''),
(1462, '27', '18:59', '0', '', '2023-02-28 00:00:00', '80', '0000-00-00 00:00:00', ''),
(1463, '27', '09:24', '1', '', '2023-03-01 00:00:00', '80', '2023-03-01 00:00:00', '80'),
(1464, '29', '09:57', '1', '', '2023-03-01 00:00:00', '83', '2023-03-01 00:00:00', '83'),
(1465, '30', '10:05', '1', '', '2023-03-01 00:00:00', '90', '2023-03-01 00:00:00', '90'),
(1466, '31', '10:27', '0', '', '2023-03-01 00:00:00', '88', '0000-00-00 00:00:00', ''),
(1467, '1', '10:50', '0', '', '2023-03-01 00:00:00', '48', '0000-00-00 00:00:00', ''),
(1468, '32', '11:10', '0', '', '2023-03-01 00:00:00', '87', '0000-00-00 00:00:00', ''),
(1469, '27', '09:52', '1', '', '2023-03-02 00:00:00', '80', '2023-03-02 00:00:00', '80'),
(1470, '30', '09:57', '1', '', '2023-03-02 00:00:00', '90', '2023-03-02 00:00:00', '90'),
(1471, '29', '10:05', '0', '', '2023-03-02 00:00:00', '83', '0000-00-00 00:00:00', ''),
(1472, '31', '11:51', '0', '', '2023-03-02 00:00:00', '88', '0000-00-00 00:00:00', ''),
(1473, '1', '12:54', '0', '', '2023-03-02 00:00:00', '48', '0000-00-00 00:00:00', ''),
(1474, '33', '10:08', '1', '', '2023-03-03 00:00:00', '92', '2023-03-03 00:00:00', '92'),
(1475, '29', '10:10', '1', '', '2023-03-03 00:00:00', '83', '2023-03-03 00:00:00', '83'),
(1476, '31', '10:14', '0', '', '2023-03-03 00:00:00', '88', '0000-00-00 00:00:00', ''),
(1477, '30', '10:16', '0', '', '2023-03-03 00:00:00', '90', '0000-00-00 00:00:00', ''),
(1478, '1', '11:02', '0', '', '2023-03-03 00:00:00', '48', '0000-00-00 00:00:00', ''),
(1479, '32', '11:48', '0', '', '2023-03-03 00:00:00', '87', '0000-00-00 00:00:00', ''),
(1480, '27', '12:10', '0', '', '2023-03-03 00:00:00', '80', '0000-00-00 00:00:00', ''),
(1481, '27', '10:48', '0', '', '2023-03-04 00:00:00', '80', '0000-00-00 00:00:00', ''),
(1482, '27', '10:05', '0', '', '2023-03-06 00:00:00', '80', '0000-00-00 00:00:00', ''),
(1483, '33', '10:05', '0', '', '2023-03-06 00:00:00', '92', '0000-00-00 00:00:00', ''),
(1484, '29', '10:08', '0', '', '2023-03-06 00:00:00', '83', '0000-00-00 00:00:00', ''),
(1485, '31', '10:11', '0', '', '2023-03-06 00:00:00', '88', '0000-00-00 00:00:00', ''),
(1486, '30', '10:17', '0', '', '2023-03-06 00:00:00', '90', '0000-00-00 00:00:00', ''),
(1487, '32', '10:58', '0', '', '2023-03-06 00:00:00', '87', '0000-00-00 00:00:00', ''),
(1488, '1', '11:03', '0', '', '2023-03-06 00:00:00', '48', '0000-00-00 00:00:00', ''),
(1489, '27', '10:20', '0', '', '2023-03-08 00:00:00', '80', '0000-00-00 00:00:00', ''),
(1490, '31', '10:26', '0', '', '2023-03-08 00:00:00', '88', '0000-00-00 00:00:00', ''),
(1491, '29', '10:01', '1', '', '2023-03-09 00:00:00', '83', '2023-03-09 00:00:00', '83'),
(1492, '30', '10:16', '0', '', '2023-03-09 00:00:00', '90', '0000-00-00 00:00:00', ''),
(1493, '33', '10:23', '0', '', '2023-03-09 00:00:00', '92', '0000-00-00 00:00:00', ''),
(1494, '27', '10:26', '0', '', '2023-03-09 00:00:00', '80', '0000-00-00 00:00:00', ''),
(1495, '31', '10:28', '0', '', '2023-03-09 00:00:00', '88', '0000-00-00 00:00:00', ''),
(1496, '1', '10:32', '0', '', '2023-03-09 00:00:00', '48', '0000-00-00 00:00:00', ''),
(1497, '32', '11:17', '0', '', '2023-03-09 00:00:00', '87', '0000-00-00 00:00:00', ''),
(1498, '27', '09:57', '1', '', '2023-03-10 00:00:00', '80', '2023-03-10 00:00:00', '80'),
(1499, '29', '10:05', '1', '', '2023-03-10 00:00:00', '83', '2023-03-10 00:00:00', '83'),
(1500, '33', '10:10', '1', '', '2023-03-10 00:00:00', '92', '2023-03-10 00:00:00', '92'),
(1501, '30', '10:10', '1', '', '2023-03-10 00:00:00', '90', '2023-03-10 00:00:00', '90'),
(1502, '31', '10:13', '0', '', '2023-03-10 00:00:00', '88', '0000-00-00 00:00:00', ''),
(1503, '1', '10:24', '0', '', '2023-03-10 00:00:00', '48', '0000-00-00 00:00:00', ''),
(1504, '32', '11:03', '0', '', '2023-03-10 00:00:00', '87', '0000-00-00 00:00:00', ''),
(1505, '29', '10:02', '1', '', '2023-03-13 00:00:00', '83', '2023-03-13 00:00:00', '83'),
(1506, '1', '10:04', '0', '', '2023-03-13 00:00:00', '48', '0000-00-00 00:00:00', ''),
(1507, '33', '10:05', '1', '', '2023-03-13 00:00:00', '92', '2023-03-13 00:00:00', '92'),
(1508, '31', '10:15', '0', '', '2023-03-13 00:00:00', '88', '0000-00-00 00:00:00', ''),
(1509, '27', '10:27', '0', '', '2023-03-13 00:00:00', '80', '0000-00-00 00:00:00', ''),
(1510, '32', '10:59', '0', '', '2023-03-13 00:00:00', '87', '0000-00-00 00:00:00', ''),
(1511, '30', '11:45', '0', '', '2023-03-13 00:00:00', '90', '0000-00-00 00:00:00', ''),
(1512, '30', '10:00', '1', '', '2023-03-14 00:00:00', '90', '2023-03-14 00:00:00', '90'),
(1513, '33', '10:03', '1', '', '2023-03-14 00:00:00', '92', '2023-03-14 00:00:00', '92'),
(1514, '27', '10:10', '1', '', '2023-03-14 00:00:00', '80', '2023-03-14 00:00:00', '80'),
(1515, '29', '10:11', '0', '', '2023-03-14 00:00:00', '83', '0000-00-00 00:00:00', ''),
(1516, '31', '10:18', '0', '', '2023-03-14 00:00:00', '88', '0000-00-00 00:00:00', ''),
(1517, '1', '10:47', '0', '', '2023-03-14 00:00:00', '48', '0000-00-00 00:00:00', ''),
(1518, '30', '09:59', '1', '', '2023-03-15 00:00:00', '90', '2023-03-15 00:00:00', '90'),
(1519, '29', '10:03', '1', '', '2023-03-15 00:00:00', '83', '2023-03-15 00:00:00', '83'),
(1520, '33', '10:14', '0', '', '2023-03-15 00:00:00', '92', '0000-00-00 00:00:00', ''),
(1521, '31', '10:27', '0', '', '2023-03-15 00:00:00', '88', '0000-00-00 00:00:00', ''),
(1522, '27', '11:02', '0', '', '2023-03-15 00:00:00', '80', '0000-00-00 00:00:00', ''),
(1523, '30', '09:55', '1', '', '2023-03-16 00:00:00', '90', '2023-03-16 00:00:00', '90'),
(1524, '29', '10:04', '1', '', '2023-03-16 00:00:00', '83', '2023-03-16 00:00:00', '83'),
(1525, '33', '10:16', '0', '', '2023-03-16 00:00:00', '92', '0000-00-00 00:00:00', ''),
(1526, '31', '10:29', '0', '', '2023-03-16 00:00:00', '88', '0000-00-00 00:00:00', ''),
(1527, '27', '10:37', '0', '', '2023-03-16 00:00:00', '80', '0000-00-00 00:00:00', ''),
(1528, '1', '11:15', '0', '', '2023-03-16 00:00:00', '48', '0000-00-00 00:00:00', ''),
(1529, '29', '09:59', '1', '', '2023-03-17 00:00:00', '83', '2023-03-17 00:00:00', '83'),
(1530, '30', '09:57', '0', '', '2023-03-17 00:00:00', '90', '0000-00-00 00:00:00', ''),
(1531, '33', '10:11', '0', '', '2023-03-17 00:00:00', '92', '0000-00-00 00:00:00', ''),
(1532, '1', '10:17', '0', '', '2023-03-17 00:00:00', '48', '0000-00-00 00:00:00', ''),
(1533, '31', '10:25', '0', '', '2023-03-17 00:00:00', '88', '0000-00-00 00:00:00', ''),
(1534, '27', '10:33', '0', '', '2023-03-17 00:00:00', '80', '0000-00-00 00:00:00', ''),
(1535, '30', '18:55', '0', '', '2023-03-20 00:00:00', '90', '0000-00-00 00:00:00', ''),
(1536, '33', '18:59', '0', '', '2023-03-20 00:00:00', '92', '0000-00-00 00:00:00', ''),
(1537, '29', '19:05', '0', '', '2023-03-20 00:00:00', '83', '0000-00-00 00:00:00', ''),
(1538, '27', '19:17', '0', '', '2023-03-20 00:00:00', '80', '0000-00-00 00:00:00', ''),
(1539, '29', '10:05', '1', '', '2023-03-21 00:00:00', '83', '2023-03-21 00:00:00', '83'),
(1540, '31', '10:07', '0', '', '2023-03-21 00:00:00', '88', '0000-00-00 00:00:00', ''),
(1541, '30', '10:03', '1', '', '2023-03-21 00:00:00', '90', '2023-03-21 00:00:00', '90'),
(1542, '33', '10:26', '0', '', '2023-03-21 00:00:00', '92', '0000-00-00 00:00:00', ''),
(1543, '27', '09:55', '1', '', '2023-03-22 00:00:00', '80', '2023-03-22 00:00:00', '80'),
(1544, '33', '10:01', '1', '', '2023-03-22 00:00:00', '92', '2023-03-22 00:00:00', '92'),
(1545, '29', '10:22', '0', '', '2023-03-22 00:00:00', '83', '0000-00-00 00:00:00', ''),
(1546, '30', '10:22', '0', '', '2023-03-22 00:00:00', '90', '0000-00-00 00:00:00', ''),
(1547, '1', '11:30', '0', '', '2023-03-22 00:00:00', '48', '0000-00-00 00:00:00', ''),
(1548, '29', '10:02', '1', '', '2023-03-23 00:00:00', '83', '2023-03-23 00:00:00', '83'),
(1549, '33', '10:02', '1', '', '2023-03-23 00:00:00', '92', '2023-03-23 00:00:00', '92'),
(1550, '27', '10:06', '1', '', '2023-03-23 00:00:00', '80', '2023-03-23 00:00:00', '80'),
(1551, '31', '10:12', '0', '', '2023-03-23 00:00:00', '88', '0000-00-00 00:00:00', ''),
(1552, '1', '10:51', '0', '', '2023-03-23 00:00:00', '48', '0000-00-00 00:00:00', ''),
(1553, '30', '11:20', '0', '', '2023-03-23 00:00:00', '90', '0000-00-00 00:00:00', ''),
(1554, '33', '10:05', '1', '', '2023-03-24 00:00:00', '92', '2023-03-24 00:00:00', '92'),
(1555, '29', '10:09', '1', '', '2023-03-24 00:00:00', '83', '2023-03-24 00:00:00', '83'),
(1556, '30', '10:23', '0', '', '2023-03-24 00:00:00', '90', '0000-00-00 00:00:00', ''),
(1557, '31', '10:28', '0', '', '2023-03-24 00:00:00', '88', '0000-00-00 00:00:00', ''),
(1558, '1', '11:09', '0', '', '2023-03-24 00:00:00', '48', '0000-00-00 00:00:00', ''),
(1559, '29', '09:57', '0', '', '2023-03-27 00:00:00', '83', '0000-00-00 00:00:00', ''),
(1560, '33', '10:05', '1', '', '2023-03-27 00:00:00', '92', '2023-03-27 00:00:00', '92'),
(1561, '27', '10:12', '0', '', '2023-03-27 00:00:00', '80', '0000-00-00 00:00:00', ''),
(1562, '30', '10:11', '0', '', '2023-03-27 00:00:00', '90', '0000-00-00 00:00:00', ''),
(1563, '1', '10:37', '0', '', '2023-03-27 00:00:00', '48', '0000-00-00 00:00:00', ''),
(1564, '33', '10:09', '1', '', '2023-03-28 00:00:00', '92', '2023-03-28 00:00:00', '92'),
(1565, '27', '10:23', '0', '', '2023-03-28 00:00:00', '80', '0000-00-00 00:00:00', ''),
(1566, '29', '10:27', '0', '', '2023-03-28 00:00:00', '83', '0000-00-00 00:00:00', ''),
(1567, '30', '10:35', '0', '', '2023-03-28 00:00:00', '90', '0000-00-00 00:00:00', ''),
(1568, '1', '10:42', '0', '', '2023-03-28 00:00:00', '48', '0000-00-00 00:00:00', ''),
(1569, '33', '10:09', '1', '', '2023-03-29 00:00:00', '92', '2023-03-29 00:00:00', '92'),
(1570, '29', '10:14', '0', '', '2023-03-29 00:00:00', '83', '0000-00-00 00:00:00', ''),
(1571, '30', '10:18', '0', '', '2023-03-29 00:00:00', '90', '0000-00-00 00:00:00', ''),
(1572, '1', '11:45', '0', '', '2023-03-29 00:00:00', '48', '0000-00-00 00:00:00', ''),
(1573, '27', '19:10', '0', '', '2023-03-29 00:00:00', '80', '0000-00-00 00:00:00', ''),
(1574, '33', '09:49', '0', '', '2023-03-30 00:00:00', '92', '0000-00-00 00:00:00', ''),
(1575, '30', '10:00', '0', '', '2023-03-30 00:00:00', '90', '0000-00-00 00:00:00', ''),
(1576, '27', '10:27', '0', '', '2023-03-30 00:00:00', '80', '0000-00-00 00:00:00', ''),
(1577, '31', '10:27', '0', '', '2023-03-30 00:00:00', '88', '0000-00-00 00:00:00', ''),
(1578, '1', '12:21', '0', '', '2023-03-30 00:00:00', '48', '0000-00-00 00:00:00', ''),
(1579, '31', '10:26', '0', '', '2023-03-31 00:00:00', '88', '0000-00-00 00:00:00', ''),
(1580, '30', '10:36', '0', '', '2023-03-31 00:00:00', '90', '0000-00-00 00:00:00', ''),
(1581, '1', '10:47', '0', '', '2023-03-31 00:00:00', '48', '0000-00-00 00:00:00', ''),
(1582, '27', '10:46', '0', '', '2023-03-31 00:00:00', '80', '0000-00-00 00:00:00', ''),
(1583, '33', '10:05', '0', '', '2023-04-03 00:00:00', '92', '0000-00-00 00:00:00', ''),
(1584, '29', '10:07', '1', '', '2023-04-03 00:00:00', '83', '2023-04-03 00:00:00', '83'),
(1585, '30', '10:12', '0', '', '2023-04-03 00:00:00', '90', '0000-00-00 00:00:00', ''),
(1586, '27', '10:33', '0', '', '2023-04-03 00:00:00', '80', '0000-00-00 00:00:00', ''),
(1587, '1', '11:01', '0', '', '2023-04-03 00:00:00', '48', '0000-00-00 00:00:00', ''),
(1588, '30', '10:08', '1', '', '2023-04-04 00:00:00', '90', '2023-04-04 00:00:00', '90'),
(1589, '29', '10:15', '0', '', '2023-04-04 00:00:00', '83', '0000-00-00 00:00:00', ''),
(1590, '33', '10:17', '0', '', '2023-04-04 00:00:00', '92', '0000-00-00 00:00:00', ''),
(1591, '27', '10:24', '0', '', '2023-04-04 00:00:00', '80', '0000-00-00 00:00:00', ''),
(1592, '1', '10:59', '0', '', '2023-04-04 00:00:00', '48', '0000-00-00 00:00:00', ''),
(1593, '29', '09:36', '0', '', '2023-04-05 00:00:00', '83', '0000-00-00 00:00:00', ''),
(1594, '30', '09:56', '1', '', '2023-04-05 00:00:00', '90', '2023-04-05 00:00:00', '90'),
(1595, '33', '10:04', '1', '', '2023-04-05 00:00:00', '92', '2023-04-05 00:00:00', '92'),
(1596, '27', '10:27', '0', '', '2023-04-05 00:00:00', '80', '0000-00-00 00:00:00', ''),
(1597, '1', '10:54', '0', '', '2023-04-05 00:00:00', '48', '0000-00-00 00:00:00', ''),
(1598, '29', '10:06', '1', '', '2023-04-06 00:00:00', '83', '2023-04-06 00:00:00', '83'),
(1599, '33', '10:06', '1', '', '2023-04-06 00:00:00', '92', '2023-04-06 00:00:00', '92'),
(1600, '27', '10:27', '0', '', '2023-04-06 00:00:00', '80', '0000-00-00 00:00:00', ''),
(1601, '30', '10:21', '0', '', '2023-04-06 00:00:00', '90', '0000-00-00 00:00:00', ''),
(1602, '1', '11:04', '0', '', '2023-04-06 00:00:00', '48', '0000-00-00 00:00:00', ''),
(1603, '33', '10:01', '0', '', '2023-04-07 00:00:00', '92', '0000-00-00 00:00:00', ''),
(1604, '29', '10:13', '0', '', '2023-04-07 00:00:00', '83', '0000-00-00 00:00:00', ''),
(1605, '30', '10:14', '0', '', '2023-04-07 00:00:00', '90', '0000-00-00 00:00:00', ''),
(1606, '27', '10:43', '0', '', '2023-04-07 00:00:00', '80', '0000-00-00 00:00:00', ''),
(1607, '1', '11:01', '0', '', '2023-04-07 00:00:00', '48', '0000-00-00 00:00:00', ''),
(1608, '33', '10:04', '1', '', '2023-04-10 00:00:00', '92', '2023-04-10 00:00:00', '92'),
(1609, '29', '10:07', '1', '', '2023-04-10 00:00:00', '83', '2023-04-10 00:00:00', '83'),
(1610, '27', '10:23', '0', '', '2023-04-10 00:00:00', '80', '0000-00-00 00:00:00', ''),
(1611, '30', '10:22', '0', '', '2023-04-10 00:00:00', '90', '0000-00-00 00:00:00', ''),
(1612, '1', '11:49', '0', '', '2023-04-10 00:00:00', '48', '0000-00-00 00:00:00', ''),
(1613, '33', '09:59', '0', '', '2023-04-11 00:00:00', '92', '0000-00-00 00:00:00', ''),
(1614, '30', '10:17', '0', '', '2023-04-11 00:00:00', '90', '0000-00-00 00:00:00', ''),
(1615, '1', '10:52', '0', '', '2023-04-11 00:00:00', '48', '0000-00-00 00:00:00', ''),
(1616, '29', '19:12', '0', '', '2023-04-11 00:00:00', '83', '0000-00-00 00:00:00', ''),
(1617, '33', '10:05', '1', '', '2023-04-12 00:00:00', '92', '2023-04-12 00:00:00', '92'),
(1618, '27', '10:17', '0', '', '2023-04-12 00:00:00', '80', '0000-00-00 00:00:00', ''),
(1619, '29', '10:24', '0', '', '2023-04-12 00:00:00', '83', '0000-00-00 00:00:00', ''),
(1620, '1', '11:04', '0', '', '2023-04-12 00:00:00', '48', '0000-00-00 00:00:00', ''),
(1621, '33', '10:06', '1', '', '2023-04-13 00:00:00', '92', '2023-04-13 00:00:00', '92'),
(1622, '29', '10:16', '0', '', '2023-04-13 00:00:00', '83', '0000-00-00 00:00:00', ''),
(1623, '27', '10:27', '0', '', '2023-04-13 00:00:00', '80', '0000-00-00 00:00:00', ''),
(1624, '30', '10:49', '0', '', '2023-04-13 00:00:00', '90', '0000-00-00 00:00:00', ''),
(1625, '33', '09:56', '0', '', '2023-04-14 00:00:00', '92', '0000-00-00 00:00:00', ''),
(1626, '29', '10:18', '0', '', '2023-04-14 00:00:00', '83', '0000-00-00 00:00:00', ''),
(1627, '27', '10:22', '0', '', '2023-04-14 00:00:00', '80', '0000-00-00 00:00:00', ''),
(1628, '30', '11:21', '0', '', '2023-04-14 00:00:00', '90', '0000-00-00 00:00:00', ''),
(1629, '33', '10:08', '1', '', '2023-04-17 00:00:00', '92', '2023-04-17 00:00:00', '92'),
(1630, '30', '10:10', '1', '', '2023-04-17 00:00:00', '90', '2023-04-17 00:00:00', '90'),
(1631, '29', '10:20', '0', '', '2023-04-17 00:00:00', '83', '0000-00-00 00:00:00', ''),
(1632, '27', '10:31', '0', '', '2023-04-17 00:00:00', '80', '0000-00-00 00:00:00', ''),
(1633, '1', '10:49', '0', '', '2023-04-17 00:00:00', '48', '0000-00-00 00:00:00', ''),
(1634, '33', '10:05', '1', '', '2023-04-18 00:00:00', '92', '2023-04-18 00:00:00', '92'),
(1635, '29', '10:05', '1', '', '2023-04-18 00:00:00', '83', '2023-04-18 00:00:00', '83'),
(1636, '30', '10:10', '1', '', '2023-04-18 00:00:00', '90', '2023-04-18 00:00:00', '90'),
(1637, '27', '10:51', '0', '', '2023-04-18 00:00:00', '80', '0000-00-00 00:00:00', ''),
(1638, '33', '10:00', '0', '', '2023-04-19 00:00:00', '92', '0000-00-00 00:00:00', ''),
(1639, '30', '09:55', '1', '', '2023-04-19 00:00:00', '90', '2023-04-19 00:00:00', '90'),
(1640, '29', '10:08', '0', '', '2023-04-19 00:00:00', '83', '0000-00-00 00:00:00', ''),
(1641, '1', '11:00', '0', '', '2023-04-19 00:00:00', '48', '0000-00-00 00:00:00', ''),
(1642, '27', '11:08', '0', '', '2023-04-19 00:00:00', '80', '0000-00-00 00:00:00', ''),
(1643, '30', '09:51', '1', '', '2023-04-20 00:00:00', '90', '2023-04-20 00:00:00', '90'),
(1644, '33', '10:05', '1', '', '2023-04-20 00:00:00', '92', '2023-04-20 00:00:00', '92'),
(1645, '27', '10:07', '1', '', '2023-04-20 00:00:00', '80', '2023-04-20 00:00:00', '80'),
(1646, '1', '11:06', '0', '', '2023-04-20 00:00:00', '48', '0000-00-00 00:00:00', ''),
(1647, '29', '19:11', '0', '', '2023-04-20 00:00:00', '83', '0000-00-00 00:00:00', ''),
(1648, '33', '10:02', '1', '', '2023-04-21 00:00:00', '92', '2023-04-21 00:00:00', '92'),
(1649, '29', '10:11', '0', '', '2023-04-21 00:00:00', '83', '0000-00-00 00:00:00', ''),
(1650, '30', '10:03', '1', '', '2023-04-21 00:00:00', '90', '2023-04-21 00:00:00', '90'),
(1651, '27', '10:31', '0', '', '2023-04-21 00:00:00', '80', '0000-00-00 00:00:00', ''),
(1652, '1', '10:49', '0', '', '2023-04-21 00:00:00', '48', '0000-00-00 00:00:00', ''),
(1653, '29', '10:01', '1', '', '2023-04-24 00:00:00', '83', '2023-04-24 00:00:00', '83'),
(1654, '33', '10:06', '1', '', '2023-04-24 00:00:00', '92', '2023-04-24 00:00:00', '92'),
(1655, '1', '10:29', '0', '', '2023-04-24 00:00:00', '48', '0000-00-00 00:00:00', ''),
(1656, '27', '10:30', '0', '', '2023-04-24 00:00:00', '80', '0000-00-00 00:00:00', ''),
(1657, '30', '10:45', '0', '', '2023-04-24 00:00:00', '90', '0000-00-00 00:00:00', ''),
(1658, '33', '10:06', '0', '', '2023-04-25 00:00:00', '92', '0000-00-00 00:00:00', ''),
(1659, '29', '10:10', '1', '', '2023-04-25 00:00:00', '83', '2023-04-25 00:00:00', '83'),
(1660, '30', '09:59', '1', '', '2023-04-25 00:00:00', '90', '2023-04-25 00:00:00', '90'),
(1661, '27', '10:38', '0', '', '2023-04-25 00:00:00', '80', '0000-00-00 00:00:00', ''),
(1662, '1', '10:59', '0', '', '2023-04-25 00:00:00', '48', '0000-00-00 00:00:00', ''),
(1663, '33', '10:07', '1', '', '2023-04-26 00:00:00', '92', '2023-04-26 00:00:00', '92'),
(1664, '30', '10:05', '1', '', '2023-04-26 00:00:00', '90', '2023-04-26 00:00:00', '90'),
(1665, '29', '10:19', '0', '', '2023-04-26 00:00:00', '83', '0000-00-00 00:00:00', ''),
(1666, '1', '10:46', '0', '', '2023-04-26 00:00:00', '48', '0000-00-00 00:00:00', ''),
(1667, '27', '17:30', '0', '', '2023-04-26 00:00:00', '80', '0000-00-00 00:00:00', ''),
(1668, '29', '10:05', '0', '', '2023-04-27 00:00:00', '83', '0000-00-00 00:00:00', ''),
(1669, '30', '09:59', '1', '', '2023-04-27 00:00:00', '90', '2023-04-27 00:00:00', '90'),
(1670, '33', '10:26', '0', '', '2023-04-27 00:00:00', '92', '0000-00-00 00:00:00', ''),
(1671, '1', '10:32', '0', '', '2023-04-27 00:00:00', '48', '0000-00-00 00:00:00', ''),
(1672, '27', '18:29', '0', '', '2023-04-27 00:00:00', '80', '0000-00-00 00:00:00', ''),
(1673, '29', '10:03', '0', '', '2023-04-28 00:00:00', '83', '0000-00-00 00:00:00', ''),
(1674, '33', '10:03', '1', '', '2023-04-28 00:00:00', '92', '2023-04-28 00:00:00', '92'),
(1675, '30', '10:16', '0', '', '2023-04-28 00:00:00', '90', '0000-00-00 00:00:00', ''),
(1676, '27', '10:40', '0', '', '2023-04-28 00:00:00', '80', '0000-00-00 00:00:00', ''),
(1677, '1', '10:46', '0', '', '2023-04-28 00:00:00', '48', '0000-00-00 00:00:00', ''),
(1678, '33', '10:03', '1', '', '2023-05-01 00:00:00', '92', '2023-05-01 00:00:00', '92'),
(1679, '34', '10:04', '1', '', '2023-05-01 00:00:00', '95', '2023-05-01 00:00:00', '95'),
(1680, '29', '10:15', '0', '', '2023-05-01 00:00:00', '83', '0000-00-00 00:00:00', ''),
(1681, '30', '09:58', '1', '', '2023-05-01 00:00:00', '90', '2023-05-01 00:00:00', '90'),
(1682, '27', '10:23', '0', '', '2023-05-01 00:00:00', '80', '0000-00-00 00:00:00', ''),
(1683, '1', '11:01', '0', '', '2023-05-01 00:00:00', '48', '0000-00-00 00:00:00', ''),
(1684, '33', '10:02', '1', '', '2023-05-02 00:00:00', '92', '2023-05-02 00:00:00', '92'),
(1685, '34', '10:18', '0', '', '2023-05-02 00:00:00', '95', '0000-00-00 00:00:00', ''),
(1686, '29', '10:19', '0', '', '2023-05-02 00:00:00', '83', '0000-00-00 00:00:00', ''),
(1687, '27', '10:21', '0', '', '2023-05-02 00:00:00', '80', '0000-00-00 00:00:00', ''),
(1688, '30', '10:16', '0', '', '2023-05-02 00:00:00', '90', '0000-00-00 00:00:00', ''),
(1689, '1', '10:51', '0', '', '2023-05-02 00:00:00', '48', '0000-00-00 00:00:00', ''),
(1690, '33', '10:06', '1', '', '2023-05-03 00:00:00', '92', '2023-05-03 00:00:00', '92'),
(1691, '30', '10:00', '1', '', '2023-05-03 00:00:00', '90', '2023-05-03 00:00:00', '90'),
(1692, '34', '10:12', '0', '', '2023-05-03 00:00:00', '95', '0000-00-00 00:00:00', ''),
(1693, '29', '10:16', '0', '', '2023-05-03 00:00:00', '83', '0000-00-00 00:00:00', ''),
(1694, '27', '10:19', '0', '', '2023-05-03 00:00:00', '80', '0000-00-00 00:00:00', ''),
(1695, '1', '11:01', '0', '', '2023-05-03 00:00:00', '48', '0000-00-00 00:00:00', ''),
(1696, '29', '10:02', '0', '', '2023-05-04 00:00:00', '83', '0000-00-00 00:00:00', ''),
(1697, '33', '10:04', '1', '', '2023-05-04 00:00:00', '92', '2023-05-04 00:00:00', '92'),
(1698, '34', '10:06', '1', '', '2023-05-04 00:00:00', '95', '2023-05-04 00:00:00', '95'),
(1699, '30', '09:55', '1', '', '2023-05-04 00:00:00', '90', '2023-05-04 00:00:00', '90'),
(1700, '27', '11:08', '0', '', '2023-05-04 00:00:00', '80', '0000-00-00 00:00:00', ''),
(1701, '33', '10:02', '1', '', '2023-05-05 00:00:00', '92', '2023-05-05 00:00:00', '92'),
(1702, '29', '10:09', '0', '', '2023-05-05 00:00:00', '83', '0000-00-00 00:00:00', ''),
(1703, '34', '10:21', '0', '', '2023-05-05 00:00:00', '95', '0000-00-00 00:00:00', ''),
(1704, '27', '10:30', '0', '', '2023-05-05 00:00:00', '80', '0000-00-00 00:00:00', ''),
(1705, '1', '11:16', '0', '', '2023-05-05 00:00:00', '48', '0000-00-00 00:00:00', ''),
(1706, '33', '10:04', '1', '', '2023-05-08 00:00:00', '92', '2023-05-08 00:00:00', '92'),
(1707, '34', '10:04', '1', '', '2023-05-08 00:00:00', '95', '2023-05-08 00:00:00', '95'),
(1708, '29', '10:04', '1', '', '2023-05-08 00:00:00', '83', '2023-05-08 00:00:00', '83'),
(1709, '27', '10:47', '0', '', '2023-05-08 00:00:00', '80', '0000-00-00 00:00:00', ''),
(1710, '30', '10:55', '0', '', '2023-05-08 00:00:00', '90', '0000-00-00 00:00:00', ''),
(1711, '33', '10:08', '1', '', '2023-05-09 00:00:00', '92', '2023-05-09 00:00:00', '92'),
(1712, '30', '10:17', '0', '', '2023-05-09 00:00:00', '90', '0000-00-00 00:00:00', ''),
(1713, '29', '10:19', '0', '', '2023-05-09 00:00:00', '83', '0000-00-00 00:00:00', ''),
(1714, '27', '10:19', '0', '', '2023-05-09 00:00:00', '80', '0000-00-00 00:00:00', ''),
(1715, '34', '10:27', '0', '', '2023-05-09 00:00:00', '95', '0000-00-00 00:00:00', ''),
(1716, '1', '12:06', '0', '', '2023-05-09 00:00:00', '48', '0000-00-00 00:00:00', ''),
(1717, '33', '10:07', '1', '', '2023-05-10 00:00:00', '92', '2023-05-10 00:00:00', '92'),
(1718, '29', '10:08', '1', '', '2023-05-10 00:00:00', '83', '2023-05-10 00:00:00', '83'),
(1719, '30', '10:11', '0', '', '2023-05-10 00:00:00', '90', '0000-00-00 00:00:00', ''),
(1720, '34', '10:31', '0', '', '2023-05-10 00:00:00', '95', '0000-00-00 00:00:00', ''),
(1721, '33', '10:06', '0', '', '2023-05-11 00:00:00', '92', '0000-00-00 00:00:00', ''),
(1722, '29', '10:20', '0', '', '2023-05-11 00:00:00', '83', '0000-00-00 00:00:00', ''),
(1723, '30', '10:21', '0', '', '2023-05-11 00:00:00', '90', '0000-00-00 00:00:00', ''),
(1724, '1', '10:50', '0', '', '2023-05-11 00:00:00', '48', '0000-00-00 00:00:00', ''),
(1725, '33', '09:58', '1', '', '2023-05-12 00:00:00', '92', '2023-05-12 00:00:00', '92'),
(1726, '30', '10:12', '0', '', '2023-05-12 00:00:00', '90', '0000-00-00 00:00:00', ''),
(1727, '1', '10:46', '0', '', '2023-05-12 00:00:00', '48', '0000-00-00 00:00:00', ''),
(1728, '29', '19:00', '0', '', '2023-05-12 00:00:00', '83', '0000-00-00 00:00:00', ''),
(1729, '34', '10:02', '0', '', '2023-05-15 00:00:00', '95', '0000-00-00 00:00:00', ''),
(1730, '33', '10:07', '1', '', '2023-05-15 00:00:00', '92', '2023-05-15 00:00:00', '92'),
(1731, '30', '10:13', '0', '', '2023-05-15 00:00:00', '90', '0000-00-00 00:00:00', ''),
(1732, '1', '10:57', '0', '', '2023-05-15 00:00:00', '48', '0000-00-00 00:00:00', ''),
(1733, '29', '18:59', '0', '', '2023-05-15 00:00:00', '83', '0000-00-00 00:00:00', ''),
(1734, '29', '10:04', '1', '', '2023-05-16 00:00:00', '83', '2023-05-16 00:00:00', '83'),
(1735, '33', '10:06', '1', '', '2023-05-16 00:00:00', '92', '2023-05-16 00:00:00', '92'),
(1736, '34', '10:10', '1', '', '2023-05-16 00:00:00', '95', '2023-05-16 00:00:00', '95'),
(1737, '30', '10:07', '1', '', '2023-05-16 00:00:00', '90', '2023-05-16 00:00:00', '90'),
(1738, '1', '10:53', '0', '', '2023-05-16 00:00:00', '48', '0000-00-00 00:00:00', ''),
(1739, '27', '11:07', '0', '', '2023-05-16 00:00:00', '80', '0000-00-00 00:00:00', ''),
(1740, '33', '10:05', '1', '', '2023-05-17 00:00:00', '92', '2023-05-17 00:00:00', '92'),
(1741, '34', '10:10', '1', '', '2023-05-17 00:00:00', '95', '2023-05-17 00:00:00', '95'),
(1742, '29', '10:12', '0', '', '2023-05-17 00:00:00', '83', '0000-00-00 00:00:00', ''),
(1743, '30', '10:19', '0', '', '2023-05-17 00:00:00', '90', '0000-00-00 00:00:00', ''),
(1744, '30', '11:23', '0', '', '2023-05-18 00:00:00', '90', '0000-00-00 00:00:00', ''),
(1745, '33', '10:31', '0', '', '2023-05-22 00:00:00', '92', '0000-00-00 00:00:00', ''),
(1746, '30', '10:41', '0', '', '2023-05-22 00:00:00', '90', '0000-00-00 00:00:00', ''),
(1747, '1', '10:49', '0', '', '2023-05-22 00:00:00', '48', '0000-00-00 00:00:00', ''),
(1748, '29', '19:11', '0', '', '2023-05-22 00:00:00', '83', '0000-00-00 00:00:00', ''),
(1749, '29', '10:03', '0', '', '2023-05-23 00:00:00', '83', '0000-00-00 00:00:00', ''),
(1750, '33', '10:04', '1', '', '2023-05-23 00:00:00', '92', '2023-05-23 00:00:00', '92'),
(1751, '30', '10:06', '1', '', '2023-05-23 00:00:00', '90', '2023-05-23 00:00:00', '90');
INSERT INTO `point_attendence` (`id`, `employee_id`, `in_time`, `point`, `description`, `create_date`, `created_by`, `update_date`, `update_by`) VALUES
(1752, '34', '10:30', '0', '', '2023-05-23 00:00:00', '95', '0000-00-00 00:00:00', ''),
(1753, '1', '10:55', '0', '', '2023-05-23 00:00:00', '48', '0000-00-00 00:00:00', ''),
(1754, '33', '10:00', '1', '', '2023-05-24 00:00:00', '92', '2023-05-24 00:00:00', '92'),
(1755, '29', '10:12', '0', '', '2023-05-24 00:00:00', '83', '0000-00-00 00:00:00', ''),
(1756, '34', '10:14', '0', '', '2023-05-24 00:00:00', '95', '0000-00-00 00:00:00', ''),
(1757, '30', '10:21', '0', '', '2023-05-24 00:00:00', '90', '0000-00-00 00:00:00', ''),
(1758, '33', '10:07', '0', '', '2023-05-25 00:00:00', '92', '0000-00-00 00:00:00', ''),
(1759, '34', '10:16', '0', '', '2023-05-25 00:00:00', '95', '0000-00-00 00:00:00', ''),
(1760, '30', '10:25', '0', '', '2023-05-25 00:00:00', '90', '0000-00-00 00:00:00', ''),
(1761, '1', '10:57', '0', '', '2023-05-25 00:00:00', '48', '0000-00-00 00:00:00', ''),
(1762, '30', '10:03', '1', '', '2023-05-26 00:00:00', '90', '2023-05-26 00:00:00', '90'),
(1763, '29', '10:15', '0', '', '2023-05-26 00:00:00', '83', '0000-00-00 00:00:00', ''),
(1764, '34', '10:18', '0', '', '2023-05-26 00:00:00', '95', '0000-00-00 00:00:00', ''),
(1765, '1', '10:57', '0', '', '2023-05-26 00:00:00', '48', '0000-00-00 00:00:00', ''),
(1766, '33', '10:02', '1', '', '2023-05-29 00:00:00', '92', '2023-05-29 00:00:00', '92'),
(1767, '29', '10:06', '0', '', '2023-05-29 00:00:00', '83', '0000-00-00 00:00:00', ''),
(1768, '30', '11:16', '0', '', '2023-05-29 00:00:00', '90', '0000-00-00 00:00:00', ''),
(1769, '33', '10:03', '0', '', '2023-05-30 00:00:00', '92', '0000-00-00 00:00:00', ''),
(1770, '29', '10:09', '0', '', '2023-05-30 00:00:00', '83', '0000-00-00 00:00:00', ''),
(1771, '30', '10:05', '1', '', '2023-05-30 00:00:00', '90', '2023-05-30 00:00:00', '90'),
(1772, '1', '11:24', '0', '', '2023-05-30 00:00:00', '48', '0000-00-00 00:00:00', ''),
(1773, '33', '10:03', '1', '', '2023-05-31 00:00:00', '92', '2023-05-31 00:00:00', '92'),
(1774, '29', '10:11', '0', '', '2023-05-31 00:00:00', '83', '0000-00-00 00:00:00', ''),
(1775, '30', '10:10', '1', '', '2023-05-31 00:00:00', '90', '2023-05-31 00:00:00', '90'),
(1776, '1', '11:21', '0', '', '2023-05-31 00:00:00', '48', '0000-00-00 00:00:00', ''),
(1777, '33', '10:05', '1', '', '2023-06-01 00:00:00', '92', '2023-06-01 00:00:00', '92'),
(1778, '30', '10:06', '1', '', '2023-06-01 00:00:00', '90', '2023-06-01 00:00:00', '90'),
(1779, '29', '10:04', '1', '', '2023-06-02 00:00:00', '83', '2023-06-02 00:00:00', '83'),
(1780, '30', '09:54', '0', '', '2023-06-02 00:00:00', '90', '0000-00-00 00:00:00', ''),
(1781, '33', '10:07', '1', '', '2023-06-02 00:00:00', '92', '2023-06-02 00:00:00', '92'),
(1782, '33', '10:01', '0', '', '2023-06-05 00:00:00', '92', '0000-00-00 00:00:00', ''),
(1783, '30', '10:09', '1', '', '2023-06-05 00:00:00', '90', '2023-06-05 00:00:00', '90'),
(1784, '29', '10:17', '0', '', '2023-06-05 00:00:00', '83', '0000-00-00 00:00:00', ''),
(1785, '1', '10:58', '0', '', '2023-06-05 00:00:00', '48', '0000-00-00 00:00:00', ''),
(1786, '5', '14:12', '0', '', '2023-06-05 00:00:00', '51', '0000-00-00 00:00:00', ''),
(1787, '33', '10:01', '1', '', '2023-06-06 00:00:00', '92', '2023-06-06 00:00:00', '92'),
(1788, '30', '09:55', '1', '', '2023-06-06 00:00:00', '90', '2023-06-06 00:00:00', '90'),
(1789, '29', '10:13', '0', '', '2023-06-06 00:00:00', '83', '0000-00-00 00:00:00', ''),
(1790, '5', '11:15', '0', '', '2023-06-06 00:00:00', '51', '0000-00-00 00:00:00', ''),
(1791, '1', '11:46', '0', '', '2023-06-06 00:00:00', '48', '0000-00-00 00:00:00', ''),
(1792, '30', '09:51', '1', '', '2023-06-07 00:00:00', '90', '2023-06-07 00:00:00', '90'),
(1793, '33', '10:07', '1', '', '2023-06-07 00:00:00', '92', '2023-06-07 00:00:00', '92'),
(1794, '29', '10:11', '0', '', '2023-06-07 00:00:00', '83', '0000-00-00 00:00:00', ''),
(1795, '1', '10:41', '0', '', '2023-06-07 00:00:00', '48', '0000-00-00 00:00:00', ''),
(1796, '5', '11:14', '0', '', '2023-06-07 00:00:00', '51', '0000-00-00 00:00:00', ''),
(1797, '30', '09:55', '1', '', '2023-06-08 00:00:00', '90', '2023-06-08 00:00:00', '90'),
(1798, '33', '10:07', '1', '', '2023-06-08 00:00:00', '92', '2023-06-08 00:00:00', '92'),
(1799, '5', '11:11', '0', '', '2023-06-08 00:00:00', '51', '0000-00-00 00:00:00', ''),
(1800, '1', '11:24', '0', '', '2023-06-08 00:00:00', '48', '0000-00-00 00:00:00', ''),
(1801, '29', '18:59', '0', '', '2023-06-08 00:00:00', '83', '0000-00-00 00:00:00', ''),
(1802, '33', '10:02', '1', '', '2023-06-09 00:00:00', '92', '2023-06-09 00:00:00', '92'),
(1803, '29', '10:11', '0', '', '2023-06-09 00:00:00', '83', '0000-00-00 00:00:00', ''),
(1804, '30', '10:14', '0', '', '2023-06-09 00:00:00', '90', '0000-00-00 00:00:00', ''),
(1805, '5', '11:19', '0', '', '2023-06-09 00:00:00', '51', '0000-00-00 00:00:00', ''),
(1806, '1', '11:36', '0', '', '2023-06-09 00:00:00', '48', '0000-00-00 00:00:00', ''),
(1807, '29', '10:03', '0', '', '2023-06-12 00:00:00', '83', '0000-00-00 00:00:00', ''),
(1808, '33', '10:04', '1', '', '2023-06-12 00:00:00', '92', '2023-06-12 00:00:00', '92'),
(1809, '30', '10:14', '0', '', '2023-06-12 00:00:00', '90', '0000-00-00 00:00:00', ''),
(1810, '5', '10:51', '0', '', '2023-06-12 00:00:00', '51', '0000-00-00 00:00:00', ''),
(1811, '29', '09:52', '1', '', '2023-06-13 00:00:00', '83', '2023-06-13 00:00:00', '83'),
(1812, '33', '10:04', '1', '', '2023-06-13 00:00:00', '92', '2023-06-13 00:00:00', '92'),
(1813, '30', '09:57', '1', '', '2023-06-13 00:00:00', '90', '2023-06-13 00:00:00', '90'),
(1814, '5', '10:56', '0', '', '2023-06-13 00:00:00', '51', '0000-00-00 00:00:00', ''),
(1815, '33', '09:58', '1', '', '2023-06-14 00:00:00', '92', '2023-06-14 00:00:00', '92'),
(1816, '5', '11:00', '0', '', '2023-06-14 00:00:00', '51', '0000-00-00 00:00:00', ''),
(1817, '30', '12:34', '0', '', '2023-06-14 00:00:00', '90', '0000-00-00 00:00:00', ''),
(1818, '29', '09:50', '0', '', '2023-06-15 00:00:00', '83', '0000-00-00 00:00:00', ''),
(1819, '30', '10:02', '1', '', '2023-06-15 00:00:00', '90', '2023-06-15 00:00:00', '90'),
(1820, '33', '10:04', '1', '', '2023-06-15 00:00:00', '92', '2023-06-15 00:00:00', '92'),
(1821, '5', '10:58', '0', '', '2023-06-15 00:00:00', '51', '0000-00-00 00:00:00', ''),
(1822, '35', '11:33', '0', '', '2023-06-15 00:00:00', '97', '0000-00-00 00:00:00', ''),
(1823, '33', '10:00', '1', '', '2023-06-16 00:00:00', '92', '2023-06-16 00:00:00', '92'),
(1824, '29', '10:00', '0', '', '2023-06-16 00:00:00', '83', '0000-00-00 00:00:00', ''),
(1825, '30', '10:02', '1', '', '2023-06-16 00:00:00', '90', '2023-06-16 00:00:00', '90'),
(1826, '1', '10:57', '0', '', '2023-06-16 00:00:00', '48', '0000-00-00 00:00:00', ''),
(1827, '5', '11:23', '0', '', '2023-06-16 00:00:00', '51', '0000-00-00 00:00:00', ''),
(1828, '29', '09:51', '0', '', '2023-06-19 00:00:00', '83', '0000-00-00 00:00:00', ''),
(1829, '33', '10:10', '1', '', '2023-06-19 00:00:00', '92', '2023-06-19 00:00:00', '92'),
(1830, '30', '10:14', '0', '', '2023-06-19 00:00:00', '90', '0000-00-00 00:00:00', ''),
(1831, '5', '11:08', '0', '', '2023-06-19 00:00:00', '51', '0000-00-00 00:00:00', ''),
(1832, '1', '11:47', '0', '', '2023-06-19 00:00:00', '48', '0000-00-00 00:00:00', ''),
(1833, '35', '17:59', '0', '', '2023-06-19 00:00:00', '97', '0000-00-00 00:00:00', ''),
(1834, '29', '09:59', '1', '', '2023-06-20 00:00:00', '83', '2023-06-20 00:00:00', '83'),
(1835, '33', '10:09', '1', '', '2023-06-20 00:00:00', '92', '2023-06-20 00:00:00', '92'),
(1836, '1', '10:39', '0', '', '2023-06-20 00:00:00', '48', '0000-00-00 00:00:00', ''),
(1837, '5', '10:56', '0', '', '2023-06-20 00:00:00', '51', '0000-00-00 00:00:00', ''),
(1838, '29', '10:03', '1', '', '2023-06-21 00:00:00', '83', '2023-06-21 00:00:00', '83'),
(1839, '33', '10:27', '0', '', '2023-06-21 00:00:00', '92', '0000-00-00 00:00:00', ''),
(1840, '5', '11:00', '0', '', '2023-06-21 00:00:00', '51', '0000-00-00 00:00:00', ''),
(1841, '1', '11:06', '0', '', '2023-06-21 00:00:00', '48', '0000-00-00 00:00:00', ''),
(1842, '35', '18:21', '0', '', '2023-06-21 00:00:00', '97', '0000-00-00 00:00:00', ''),
(1843, '29', '10:03', '0', '', '2023-06-22 00:00:00', '83', '0000-00-00 00:00:00', ''),
(1844, '33', '10:08', '1', '', '2023-06-22 00:00:00', '92', '2023-06-22 00:00:00', '92'),
(1845, '5', '10:55', '0', '', '2023-06-22 00:00:00', '51', '0000-00-00 00:00:00', ''),
(1846, '1', '11:13', '0', '', '2023-06-22 00:00:00', '48', '0000-00-00 00:00:00', ''),
(1847, '33', '10:05', '1', '', '2023-06-23 00:00:00', '92', '2023-06-23 00:00:00', '92'),
(1848, '1', '10:50', '0', '', '2023-06-23 00:00:00', '48', '0000-00-00 00:00:00', ''),
(1849, '30', '11:00', '0', '', '2023-06-23 00:00:00', '90', '0000-00-00 00:00:00', ''),
(1850, '5', '11:11', '0', '', '2023-06-23 00:00:00', '51', '0000-00-00 00:00:00', ''),
(1851, '33', '10:02', '0', '', '2023-06-26 00:00:00', '92', '0000-00-00 00:00:00', ''),
(1852, '29', '10:07', '0', '', '2023-06-26 00:00:00', '83', '0000-00-00 00:00:00', ''),
(1853, '30', '10:14', '0', '', '2023-06-26 00:00:00', '90', '0000-00-00 00:00:00', ''),
(1854, '35', '10:14', '0', '', '2023-06-26 00:00:00', '97', '0000-00-00 00:00:00', ''),
(1855, '1', '10:44', '0', '', '2023-06-26 00:00:00', '48', '0000-00-00 00:00:00', ''),
(1856, '5', '11:14', '0', '', '2023-06-26 00:00:00', '51', '0000-00-00 00:00:00', ''),
(1857, '29', '09:54', '0', '', '2023-06-27 00:00:00', '83', '0000-00-00 00:00:00', ''),
(1858, '33', '10:03', '1', '', '2023-06-27 00:00:00', '92', '2023-06-27 00:00:00', '92'),
(1859, '30', '10:00', '1', '', '2023-06-27 00:00:00', '90', '2023-06-27 00:00:00', '90'),
(1860, '1', '11:04', '0', '', '2023-06-27 00:00:00', '48', '0000-00-00 00:00:00', ''),
(1861, '5', '11:14', '0', '', '2023-06-27 00:00:00', '51', '0000-00-00 00:00:00', ''),
(1862, '29', '09:58', '0', '', '2023-06-28 00:00:00', '83', '0000-00-00 00:00:00', ''),
(1863, '33', '10:15', '0', '', '2023-06-28 00:00:00', '92', '0000-00-00 00:00:00', ''),
(1864, '30', '10:13', '0', '', '2023-06-28 00:00:00', '90', '0000-00-00 00:00:00', ''),
(1865, '1', '10:38', '0', '', '2023-06-28 00:00:00', '48', '0000-00-00 00:00:00', ''),
(1866, '5', '11:23', '0', '', '2023-06-28 00:00:00', '51', '0000-00-00 00:00:00', ''),
(1867, '29', '10:07', '0', '', '2023-06-29 00:00:00', '83', '0000-00-00 00:00:00', ''),
(1868, '33', '10:14', '0', '', '2023-06-29 00:00:00', '92', '0000-00-00 00:00:00', ''),
(1869, '30', '10:18', '0', '', '2023-06-29 00:00:00', '90', '0000-00-00 00:00:00', ''),
(1870, '5', '11:02', '0', '', '2023-06-29 00:00:00', '51', '0000-00-00 00:00:00', ''),
(1871, '1', '11:02', '0', '', '2023-06-29 00:00:00', '48', '0000-00-00 00:00:00', ''),
(1872, '35', '11:12', '0', '', '2023-06-29 00:00:00', '97', '0000-00-00 00:00:00', ''),
(1873, '33', '10:04', '1', '', '2023-06-30 00:00:00', '92', '2023-06-30 00:00:00', '92'),
(1874, '30', '10:05', '1', '', '2023-06-30 00:00:00', '90', '2023-06-30 00:00:00', '90'),
(1875, '29', '10:11', '0', '', '2023-06-30 00:00:00', '83', '0000-00-00 00:00:00', ''),
(1876, '35', '10:11', '0', '', '2023-06-30 00:00:00', '97', '0000-00-00 00:00:00', ''),
(1877, '1', '10:37', '0', '', '2023-06-30 00:00:00', '48', '0000-00-00 00:00:00', ''),
(1878, '5', '11:20', '0', '', '2023-06-30 00:00:00', '51', '0000-00-00 00:00:00', ''),
(1879, '29', '09:10', '0', '', '2023-07-03 00:00:00', '83', '0000-00-00 00:00:00', ''),
(1880, '33', '09:57', '1', '', '2023-07-03 00:00:00', '92', '2023-07-03 00:00:00', '92'),
(1881, '30', '10:11', '0', '', '2023-07-03 00:00:00', '90', '0000-00-00 00:00:00', ''),
(1882, '35', '10:15', '0', '', '2023-07-03 00:00:00', '97', '0000-00-00 00:00:00', ''),
(1883, '1', '10:39', '0', '', '2023-07-03 00:00:00', '48', '0000-00-00 00:00:00', ''),
(1884, '5', '12:15', '0', '', '2023-07-03 00:00:00', '51', '0000-00-00 00:00:00', ''),
(1885, '33', '10:03', '0', '', '2023-07-04 00:00:00', '92', '0000-00-00 00:00:00', ''),
(1886, '30', '10:10', '1', '', '2023-07-04 00:00:00', '90', '2023-07-04 00:00:00', '90'),
(1887, '1', '10:42', '0', '', '2023-07-04 00:00:00', '48', '0000-00-00 00:00:00', ''),
(1888, '5', '11:16', '0', '', '2023-07-04 00:00:00', '51', '0000-00-00 00:00:00', ''),
(1889, '35', '11:18', '0', '', '2023-07-04 00:00:00', '97', '0000-00-00 00:00:00', ''),
(1890, '29', '09:55', '0', '', '2023-07-05 00:00:00', '83', '0000-00-00 00:00:00', ''),
(1891, '33', '10:09', '1', '', '2023-07-05 00:00:00', '92', '2023-07-05 00:00:00', '92'),
(1892, '30', '10:17', '0', '', '2023-07-05 00:00:00', '90', '0000-00-00 00:00:00', ''),
(1893, '35', '10:25', '0', '', '2023-07-05 00:00:00', '97', '0000-00-00 00:00:00', ''),
(1894, '5', '11:19', '0', '', '2023-07-05 00:00:00', '51', '0000-00-00 00:00:00', ''),
(1895, '29', '09:55', '0', '', '2023-07-06 00:00:00', '83', '0000-00-00 00:00:00', ''),
(1896, '33', '10:08', '1', '', '2023-07-06 00:00:00', '92', '2023-07-06 00:00:00', '92'),
(1897, '35', '10:13', '0', '', '2023-07-06 00:00:00', '97', '0000-00-00 00:00:00', ''),
(1898, '1', '10:31', '0', '', '2023-07-06 00:00:00', '48', '0000-00-00 00:00:00', ''),
(1899, '30', '10:24', '0', '', '2023-07-06 00:00:00', '90', '0000-00-00 00:00:00', ''),
(1900, '5', '11:16', '0', '', '2023-07-06 00:00:00', '51', '0000-00-00 00:00:00', ''),
(1901, '29', '10:01', '0', '', '2023-07-07 00:00:00', '83', '0000-00-00 00:00:00', ''),
(1902, '33', '10:03', '0', '', '2023-07-07 00:00:00', '92', '0000-00-00 00:00:00', ''),
(1903, '30', '10:14', '0', '', '2023-07-07 00:00:00', '90', '0000-00-00 00:00:00', ''),
(1904, '1', '11:02', '0', '', '2023-07-07 00:00:00', '48', '0000-00-00 00:00:00', ''),
(1905, '5', '11:03', '0', '', '2023-07-07 00:00:00', '51', '0000-00-00 00:00:00', ''),
(1906, '30', '10:21', '0', '', '2023-07-10 00:00:00', '90', '0000-00-00 00:00:00', ''),
(1907, '29', '11:05', '0', '', '2023-07-10 00:00:00', '83', '0000-00-00 00:00:00', ''),
(1908, '33', '11:07', '0', '', '2023-07-10 00:00:00', '92', '0000-00-00 00:00:00', ''),
(1909, '35', '11:17', '0', '', '2023-07-10 00:00:00', '97', '0000-00-00 00:00:00', ''),
(1910, '29', '09:27', '0', '', '2023-07-11 00:00:00', '83', '0000-00-00 00:00:00', ''),
(1911, '33', '10:25', '0', '', '2023-07-11 00:00:00', '92', '0000-00-00 00:00:00', ''),
(1912, '30', '10:27', '0', '', '2023-07-11 00:00:00', '90', '0000-00-00 00:00:00', ''),
(1913, '35', '10:30', '0', '', '2023-07-11 00:00:00', '97', '0000-00-00 00:00:00', ''),
(1914, '33', '10:06', '1', '', '2023-07-12 00:00:00', '92', '2023-07-12 00:00:00', '92'),
(1915, '30', '10:01', '0', '', '2023-07-12 00:00:00', '90', '0000-00-00 00:00:00', ''),
(1916, '1', '10:54', '0', '', '2023-07-12 00:00:00', '48', '0000-00-00 00:00:00', ''),
(1917, '5', '11:16', '0', '', '2023-07-12 00:00:00', '51', '0000-00-00 00:00:00', ''),
(1918, '35', '11:17', '0', '', '2023-07-12 00:00:00', '97', '0000-00-00 00:00:00', ''),
(1919, '33', '10:08', '0', '', '2023-07-13 00:00:00', '92', '0000-00-00 00:00:00', ''),
(1920, '30', '10:08', '1', '', '2023-07-13 00:00:00', '90', '2023-07-13 00:00:00', '90'),
(1921, '1', '10:36', '0', '', '2023-07-13 00:00:00', '48', '0000-00-00 00:00:00', ''),
(1922, '35', '10:51', '0', '', '2023-07-13 00:00:00', '97', '0000-00-00 00:00:00', ''),
(1923, '30', '09:53', '1', '', '2023-07-14 00:00:00', '90', '2023-07-14 00:00:00', '90'),
(1924, '33', '10:13', '0', '', '2023-07-14 00:00:00', '92', '0000-00-00 00:00:00', ''),
(1925, '35', '10:21', '0', '', '2023-07-14 00:00:00', '97', '0000-00-00 00:00:00', ''),
(1926, '1', '10:47', '0', '', '2023-07-14 00:00:00', '48', '0000-00-00 00:00:00', ''),
(1927, '5', '10:55', '0', '', '2023-07-14 00:00:00', '51', '0000-00-00 00:00:00', ''),
(1928, '29', '09:40', '0', '', '2023-07-17 00:00:00', '83', '0000-00-00 00:00:00', ''),
(1929, '30', '10:14', '0', '', '2023-07-17 00:00:00', '90', '0000-00-00 00:00:00', ''),
(1930, '33', '10:23', '0', '', '2023-07-17 00:00:00', '92', '0000-00-00 00:00:00', ''),
(1931, '35', '10:45', '0', '', '2023-07-17 00:00:00', '97', '0000-00-00 00:00:00', ''),
(1932, '1', '10:50', '0', '', '2023-07-17 00:00:00', '48', '0000-00-00 00:00:00', ''),
(1933, '29', '10:03', '0', '', '2023-07-18 00:00:00', '83', '0000-00-00 00:00:00', ''),
(1934, '35', '10:03', '0', '', '2023-07-18 00:00:00', '97', '0000-00-00 00:00:00', ''),
(1935, '33', '10:08', '1', '', '2023-07-18 00:00:00', '92', '2023-07-18 00:00:00', '92'),
(1936, '30', '10:24', '0', '', '2023-07-18 00:00:00', '90', '0000-00-00 00:00:00', ''),
(1937, '5', '11:01', '0', '', '2023-07-18 00:00:00', '51', '0000-00-00 00:00:00', ''),
(1938, '30', '10:05', '1', '', '2023-07-19 00:00:00', '90', '2023-07-19 00:00:00', '90'),
(1939, '33', '10:07', '0', '', '2023-07-19 00:00:00', '92', '0000-00-00 00:00:00', ''),
(1940, '35', '10:11', '0', '', '2023-07-19 00:00:00', '97', '0000-00-00 00:00:00', ''),
(1941, '1', '11:31', '0', '', '2023-07-19 00:00:00', '48', '0000-00-00 00:00:00', ''),
(1942, '29', '18:49', '0', '', '2023-07-19 00:00:00', '83', '0000-00-00 00:00:00', ''),
(1943, '33', '10:35', '0', '', '2023-07-20 00:00:00', '92', '0000-00-00 00:00:00', ''),
(1944, '29', '10:36', '0', '', '2023-07-20 00:00:00', '83', '0000-00-00 00:00:00', ''),
(1945, '35', '10:36', '0', '', '2023-07-20 00:00:00', '97', '0000-00-00 00:00:00', ''),
(1946, '30', '10:36', '0', '', '2023-07-20 00:00:00', '90', '0000-00-00 00:00:00', ''),
(1947, '5', '11:00', '0', '', '2023-07-20 00:00:00', '51', '0000-00-00 00:00:00', ''),
(1948, '1', '11:17', '0', '', '2023-07-20 00:00:00', '48', '0000-00-00 00:00:00', ''),
(1949, '33', '09:38', '1', '', '2023-07-21 00:00:00', '92', '2023-07-21 00:00:00', '92'),
(1950, '35', '10:07', '0', '', '2023-07-21 00:00:00', '97', '0000-00-00 00:00:00', ''),
(1951, '29', '10:07', '0', '', '2023-07-21 00:00:00', '83', '0000-00-00 00:00:00', ''),
(1952, '30', '10:16', '0', '', '2023-07-21 00:00:00', '90', '0000-00-00 00:00:00', ''),
(1953, '1', '11:11', '0', '', '2023-07-21 00:00:00', '48', '0000-00-00 00:00:00', ''),
(1954, '30', '09:59', '1', '', '2023-07-24 00:00:00', '90', '2023-07-24 00:00:00', '90'),
(1955, '33', '10:09', '0', '', '2023-07-24 00:00:00', '92', '0000-00-00 00:00:00', ''),
(1956, '33', '10:15', '0', '', '2023-07-25 00:00:00', '92', '0000-00-00 00:00:00', ''),
(1957, '30', '10:17', '0', '', '2023-07-25 00:00:00', '90', '0000-00-00 00:00:00', ''),
(1958, '1', '11:07', '0', '', '2023-07-25 00:00:00', '48', '0000-00-00 00:00:00', ''),
(1959, '30', '10:05', '1', '', '2023-07-26 00:00:00', '90', '2023-07-26 00:00:00', '90'),
(1960, '33', '10:17', '0', '', '2023-07-26 00:00:00', '92', '0000-00-00 00:00:00', ''),
(1961, '1', '11:06', '0', '', '2023-07-26 00:00:00', '48', '0000-00-00 00:00:00', ''),
(1962, '35', '18:51', '0', '', '2023-07-26 00:00:00', '97', '0000-00-00 00:00:00', ''),
(1963, '33', '10:16', '0', '', '2023-07-27 00:00:00', '92', '0000-00-00 00:00:00', ''),
(1964, '30', '10:18', '0', '', '2023-07-27 00:00:00', '90', '0000-00-00 00:00:00', ''),
(1965, '35', '11:42', '0', '', '2023-07-27 00:00:00', '97', '0000-00-00 00:00:00', ''),
(1966, '30', '10:04', '0', '', '2023-07-28 00:00:00', '90', '0000-00-00 00:00:00', ''),
(1967, '29', '10:05', '0', '', '2023-07-28 00:00:00', '83', '0000-00-00 00:00:00', ''),
(1968, '33', '10:07', '1', '', '2023-07-28 00:00:00', '92', '2023-07-28 00:00:00', '92'),
(1969, '35', '10:09', '0', '', '2023-07-28 00:00:00', '97', '0000-00-00 00:00:00', ''),
(1970, '1', '10:57', '0', '', '2023-07-28 00:00:00', '48', '0000-00-00 00:00:00', ''),
(1971, '30', '10:10', '1', '', '2023-07-31 00:00:00', '90', '2023-07-31 00:00:00', '90'),
(1972, '35', '10:28', '0', '', '2023-07-31 00:00:00', '97', '0000-00-00 00:00:00', ''),
(1973, '29', '10:28', '0', '', '2023-07-31 00:00:00', '83', '0000-00-00 00:00:00', ''),
(1974, '1', '10:53', '0', '', '2023-07-31 00:00:00', '48', '0000-00-00 00:00:00', ''),
(1975, '29', '10:01', '0', '', '2023-08-01 00:00:00', '83', '0000-00-00 00:00:00', ''),
(1976, '1', '10:26', '0', '', '2023-08-01 00:00:00', '48', '0000-00-00 00:00:00', ''),
(1977, '30', '10:30', '0', '', '2023-08-01 00:00:00', '90', '0000-00-00 00:00:00', ''),
(1978, '33', '10:41', '0', '', '2023-08-01 00:00:00', '92', '0000-00-00 00:00:00', ''),
(1979, '35', '10:47', '0', '', '2023-08-01 00:00:00', '97', '0000-00-00 00:00:00', ''),
(1980, '29', '10:05', '0', '', '2023-08-02 00:00:00', '83', '0000-00-00 00:00:00', ''),
(1981, '33', '10:06', '1', '', '2023-08-02 00:00:00', '92', '2023-08-02 00:00:00', '92'),
(1982, '30', '10:07', '1', '', '2023-08-02 00:00:00', '90', '2023-08-02 00:00:00', '90'),
(1983, '35', '10:26', '0', '', '2023-08-02 00:00:00', '97', '0000-00-00 00:00:00', ''),
(1984, '1', '11:03', '0', '', '2023-08-02 00:00:00', '48', '0000-00-00 00:00:00', ''),
(1985, '29', '10:02', '0', '', '2023-08-03 00:00:00', '83', '0000-00-00 00:00:00', ''),
(1986, '33', '10:08', '1', '', '2023-08-03 00:00:00', '92', '2023-08-03 00:00:00', '92'),
(1987, '35', '10:42', '0', '', '2023-08-03 00:00:00', '97', '0000-00-00 00:00:00', ''),
(1988, '1', '10:58', '0', '', '2023-08-03 00:00:00', '48', '0000-00-00 00:00:00', ''),
(1989, '30', '10:40', '0', '', '2023-08-03 00:00:00', '90', '0000-00-00 00:00:00', ''),
(1990, '29', '09:59', '0', '', '2023-08-04 00:00:00', '83', '0000-00-00 00:00:00', ''),
(1991, '33', '10:08', '0', '', '2023-08-04 00:00:00', '92', '0000-00-00 00:00:00', ''),
(1992, '30', '11:10', '0', '', '2023-08-04 00:00:00', '90', '0000-00-00 00:00:00', ''),
(1993, '35', '10:05', '0', '', '2023-08-07 00:00:00', '97', '0000-00-00 00:00:00', ''),
(1994, '29', '10:05', '0', '', '2023-08-07 00:00:00', '83', '0000-00-00 00:00:00', ''),
(1995, '33', '10:08', '1', '', '2023-08-07 00:00:00', '92', '2023-08-07 00:00:00', '92'),
(1996, '30', '10:20', '0', '', '2023-08-07 00:00:00', '90', '0000-00-00 00:00:00', ''),
(1997, '1', '12:38', '0', '', '2023-08-07 00:00:00', '48', '0000-00-00 00:00:00', ''),
(1998, '29', '09:48', '0', '', '2023-08-08 00:00:00', '83', '0000-00-00 00:00:00', ''),
(1999, '33', '10:06', '1', '', '2023-08-08 00:00:00', '92', '2023-08-08 00:00:00', '92'),
(2000, '35', '18:54', '0', '', '2023-08-08 00:00:00', '97', '0000-00-00 00:00:00', ''),
(2001, '29', '09:59', '0', '', '2023-08-09 00:00:00', '83', '0000-00-00 00:00:00', ''),
(2002, '30', '10:13', '0', '', '2023-08-09 00:00:00', '90', '0000-00-00 00:00:00', ''),
(2003, '33', '10:31', '0', '', '2023-08-09 00:00:00', '92', '0000-00-00 00:00:00', ''),
(2004, '35', '11:25', '0', '', '2023-08-09 00:00:00', '97', '0000-00-00 00:00:00', ''),
(2005, '35', '10:06', '0', '', '2023-08-10 00:00:00', '97', '0000-00-00 00:00:00', ''),
(2006, '29', '10:06', '0', '', '2023-08-10 00:00:00', '83', '0000-00-00 00:00:00', ''),
(2007, '33', '10:07', '1', '', '2023-08-10 00:00:00', '92', '2023-08-10 00:00:00', '92'),
(2008, '30', '10:29', '0', '', '2023-08-10 00:00:00', '90', '0000-00-00 00:00:00', ''),
(2009, '33', '10:08', '0', '', '2023-08-11 00:00:00', '92', '0000-00-00 00:00:00', ''),
(2010, '29', '10:21', '0', '', '2023-08-11 00:00:00', '83', '0000-00-00 00:00:00', ''),
(2011, '35', '10:23', '0', '', '2023-08-11 00:00:00', '97', '0000-00-00 00:00:00', ''),
(2012, '30', '10:27', '0', '', '2023-08-11 00:00:00', '90', '0000-00-00 00:00:00', ''),
(2013, '35', '10:00', '0', '', '2023-08-14 00:00:00', '97', '0000-00-00 00:00:00', ''),
(2014, '29', '10:03', '0', '', '2023-08-14 00:00:00', '83', '0000-00-00 00:00:00', ''),
(2015, '33', '10:09', '1', '', '2023-08-14 00:00:00', '92', '2023-08-14 00:00:00', '92'),
(2016, '1', '11:29', '0', '', '2023-08-14 00:00:00', '48', '0000-00-00 00:00:00', ''),
(2017, '35', '09:07', '0', '', '2023-08-16 00:00:00', '97', '0000-00-00 00:00:00', ''),
(2018, '29', '09:32', '0', '', '2023-08-16 00:00:00', '83', '0000-00-00 00:00:00', ''),
(2019, '33', '10:09', '1', '', '2023-08-16 00:00:00', '92', '2023-08-16 00:00:00', '92'),
(2020, '30', '10:10', '0', '', '2023-08-16 00:00:00', '90', '0000-00-00 00:00:00', ''),
(2021, '29', '09:50', '1', '', '2023-08-17 00:00:00', '83', '2023-08-17 00:00:00', '83'),
(2022, '30', '09:58', '0', '', '2023-08-17 00:00:00', '90', '0000-00-00 00:00:00', ''),
(2023, '33', '10:07', '1', '', '2023-08-17 00:00:00', '92', '2023-08-17 00:00:00', '92'),
(2024, '33', '10:03', '0', '', '2023-08-18 00:00:00', '92', '0000-00-00 00:00:00', ''),
(2025, '29', '10:19', '0', '', '2023-08-18 00:00:00', '83', '0000-00-00 00:00:00', ''),
(2026, '35', '10:21', '0', '', '2023-08-18 00:00:00', '97', '0000-00-00 00:00:00', ''),
(2027, '30', '10:28', '0', '', '2023-08-18 00:00:00', '90', '0000-00-00 00:00:00', ''),
(2028, '1', '11:01', '0', '', '2023-08-18 00:00:00', '48', '0000-00-00 00:00:00', ''),
(2029, '33', '10:09', '1', '', '2023-08-21 00:00:00', '92', '2023-08-21 00:00:00', '92'),
(2030, '35', '10:15', '0', '', '2023-08-21 00:00:00', '97', '0000-00-00 00:00:00', ''),
(2031, '30', '10:21', '0', '', '2023-08-21 00:00:00', '90', '0000-00-00 00:00:00', ''),
(2032, '1', '11:11', '0', '', '2023-08-21 00:00:00', '48', '0000-00-00 00:00:00', ''),
(2033, '33', '10:07', '1', '', '2023-08-22 00:00:00', '92', '2023-08-22 00:00:00', '92'),
(2034, '30', '10:08', '0', '', '2023-08-22 00:00:00', '90', '0000-00-00 00:00:00', ''),
(2035, '1', '11:10', '0', '', '2023-08-22 00:00:00', '48', '0000-00-00 00:00:00', ''),
(2036, '35', '09:32', '0', '', '2023-08-23 00:00:00', '97', '0000-00-00 00:00:00', ''),
(2037, '33', '10:08', '1', '', '2023-08-23 00:00:00', '92', '2023-08-23 00:00:00', '92'),
(2038, '30', '09:57', '0', '', '2023-08-23 00:00:00', '90', '0000-00-00 00:00:00', ''),
(2039, '35', '09:33', '0', '', '2023-08-24 00:00:00', '97', '0000-00-00 00:00:00', ''),
(2040, '30', '10:03', '0', '', '2023-08-24 00:00:00', '90', '0000-00-00 00:00:00', ''),
(2041, '1', '11:53', '0', '', '2023-08-24 00:00:00', '48', '0000-00-00 00:00:00', ''),
(2042, '33', '19:05', '0', '', '2023-08-24 00:00:00', '92', '0000-00-00 00:00:00', ''),
(2043, '33', '10:10', '1', '', '2023-08-25 00:00:00', '92', '2023-08-25 00:00:00', '92'),
(2044, '30', '10:04', '0', '', '2023-08-25 00:00:00', '90', '0000-00-00 00:00:00', ''),
(2045, '35', '10:18', '0', '', '2023-08-25 00:00:00', '97', '0000-00-00 00:00:00', ''),
(2046, '35', '10:00', '0', '', '2023-08-28 00:00:00', '97', '0000-00-00 00:00:00', ''),
(2047, '29', '10:01', '0', '', '2023-08-28 00:00:00', '83', '0000-00-00 00:00:00', ''),
(2048, '33', '10:07', '1', '', '2023-08-28 00:00:00', '92', '2023-08-28 00:00:00', '92'),
(2049, '30', '10:12', '0', '', '2023-08-28 00:00:00', '90', '0000-00-00 00:00:00', ''),
(2050, '1', '10:50', '0', '', '2023-08-28 00:00:00', '48', '0000-00-00 00:00:00', ''),
(2051, '35', '09:58', '0', '', '2023-08-29 00:00:00', '97', '0000-00-00 00:00:00', ''),
(2052, '33', '10:09', '0', '', '2023-08-29 00:00:00', '92', '0000-00-00 00:00:00', ''),
(2053, '30', '10:12', '0', '', '2023-08-29 00:00:00', '90', '0000-00-00 00:00:00', ''),
(2054, '33', '10:01', '0', '', '2023-08-30 00:00:00', '92', '0000-00-00 00:00:00', ''),
(2055, '30', '10:08', '0', '', '2023-08-30 00:00:00', '90', '0000-00-00 00:00:00', ''),
(2056, '35', '10:13', '0', '', '2023-08-30 00:00:00', '97', '0000-00-00 00:00:00', ''),
(2057, '30', '10:09', '0', '', '2023-09-01 00:00:00', '90', '0000-00-00 00:00:00', ''),
(2058, '33', '10:16', '0', '', '2023-09-01 00:00:00', '92', '0000-00-00 00:00:00', ''),
(2059, '35', '10:29', '0', '', '2023-09-01 00:00:00', '97', '0000-00-00 00:00:00', ''),
(2060, '1', '10:53', '0', '', '2023-09-01 00:00:00', '48', '0000-00-00 00:00:00', ''),
(2061, '33', '10:07', '1', '', '2023-09-04 00:00:00', '92', '2023-09-04 00:00:00', '92'),
(2062, '35', '10:14', '0', '', '2023-09-04 00:00:00', '97', '0000-00-00 00:00:00', ''),
(2063, '29', '10:16', '0', '', '2023-09-04 00:00:00', '83', '0000-00-00 00:00:00', ''),
(2064, '30', '11:11', '0', '', '2023-09-04 00:00:00', '90', '0000-00-00 00:00:00', ''),
(2065, '33', '10:08', '0', '', '2023-09-05 00:00:00', '92', '0000-00-00 00:00:00', ''),
(2066, '35', '10:11', '0', '', '2023-09-05 00:00:00', '97', '0000-00-00 00:00:00', ''),
(2067, '29', '10:11', '0', '', '2023-09-05 00:00:00', '83', '0000-00-00 00:00:00', ''),
(2068, '30', '10:11', '0', '', '2023-09-05 00:00:00', '90', '0000-00-00 00:00:00', ''),
(2069, '1', '11:05', '0', '', '2023-09-05 00:00:00', '48', '0000-00-00 00:00:00', ''),
(2070, '33', '10:06', '1', '', '2023-09-06 00:00:00', '92', '2023-09-06 00:00:00', '92'),
(2071, '30', '10:16', '0', '', '2023-09-06 00:00:00', '90', '0000-00-00 00:00:00', ''),
(2072, '35', '10:21', '0', '', '2023-09-06 00:00:00', '97', '0000-00-00 00:00:00', ''),
(2073, '29', '09:59', '0', '', '2023-09-07 00:00:00', '83', '0000-00-00 00:00:00', ''),
(2074, '35', '10:02', '0', '', '2023-09-07 00:00:00', '97', '0000-00-00 00:00:00', ''),
(2075, '33', '10:09', '0', '', '2023-09-07 00:00:00', '92', '0000-00-00 00:00:00', ''),
(2076, '30', '10:11', '0', '', '2023-09-07 00:00:00', '90', '0000-00-00 00:00:00', ''),
(2077, '1', '11:12', '0', '', '2023-09-07 00:00:00', '48', '0000-00-00 00:00:00', ''),
(2078, '33', '10:04', '1', '', '2023-09-08 00:00:00', '92', '2023-09-08 00:00:00', '92'),
(2079, '35', '10:17', '0', '', '2023-09-08 00:00:00', '97', '0000-00-00 00:00:00', ''),
(2080, '30', '10:19', '0', '', '2023-09-08 00:00:00', '90', '0000-00-00 00:00:00', ''),
(2081, '29', '10:04', '0', '', '2023-09-11 00:00:00', '83', '0000-00-00 00:00:00', ''),
(2082, '35', '10:09', '0', '', '2023-09-11 00:00:00', '97', '0000-00-00 00:00:00', ''),
(2083, '30', '10:12', '0', '', '2023-09-11 00:00:00', '90', '0000-00-00 00:00:00', ''),
(2084, '33', '10:18', '0', '', '2023-09-11 00:00:00', '92', '0000-00-00 00:00:00', ''),
(2085, '1', '10:44', '0', '', '2023-09-11 00:00:00', '48', '0000-00-00 00:00:00', ''),
(2086, '29', '09:59', '0', '', '2023-09-12 00:00:00', '83', '0000-00-00 00:00:00', ''),
(2087, '35', '10:00', '0', '', '2023-09-12 00:00:00', '97', '0000-00-00 00:00:00', ''),
(2088, '33', '10:07', '0', '', '2023-09-12 00:00:00', '92', '0000-00-00 00:00:00', ''),
(2089, '30', '10:14', '0', '', '2023-09-12 00:00:00', '90', '0000-00-00 00:00:00', ''),
(2090, '1', '10:47', '0', '', '2023-09-12 00:00:00', '48', '0000-00-00 00:00:00', ''),
(2091, '30', '10:05', '0', '', '2023-09-13 00:00:00', '90', '0000-00-00 00:00:00', ''),
(2092, '33', '10:29', '0', '', '2023-09-13 00:00:00', '92', '0000-00-00 00:00:00', ''),
(2093, '35', '12:33', '0', '', '2023-09-13 00:00:00', '97', '0000-00-00 00:00:00', ''),
(2094, '35', '10:00', '0', '', '2023-09-14 00:00:00', '97', '0000-00-00 00:00:00', ''),
(2095, '33', '10:08', '1', '', '2023-09-14 00:00:00', '92', '2023-09-14 00:00:00', '92'),
(2096, '30', '10:16', '0', '', '2023-09-14 00:00:00', '90', '0000-00-00 00:00:00', ''),
(2097, '1', '11:21', '0', '', '2023-09-14 00:00:00', '48', '0000-00-00 00:00:00', ''),
(2098, '30', '10:04', '0', '', '2023-09-15 00:00:00', '90', '0000-00-00 00:00:00', ''),
(2099, '33', '10:24', '0', '', '2023-09-15 00:00:00', '92', '0000-00-00 00:00:00', ''),
(2100, '35', '10:30', '0', '', '2023-09-15 00:00:00', '97', '0000-00-00 00:00:00', ''),
(2101, '29', '09:44', '0', '', '2023-09-18 00:00:00', '83', '0000-00-00 00:00:00', ''),
(2102, '35', '09:46', '0', '', '2023-09-18 00:00:00', '97', '0000-00-00 00:00:00', ''),
(2103, '33', '10:26', '0', '', '2023-09-18 00:00:00', '92', '0000-00-00 00:00:00', ''),
(2104, '30', '10:42', '0', '', '2023-09-18 00:00:00', '90', '0000-00-00 00:00:00', ''),
(2105, '29', '09:57', '0', '', '2023-09-19 00:00:00', '83', '0000-00-00 00:00:00', ''),
(2106, '35', '09:57', '0', '', '2023-09-19 00:00:00', '97', '0000-00-00 00:00:00', ''),
(2107, '33', '10:09', '1', '', '2023-09-19 00:00:00', '92', '2023-09-19 00:00:00', '92'),
(2108, '29', '09:56', '0', '', '2023-09-20 00:00:00', '83', '0000-00-00 00:00:00', ''),
(2109, '35', '09:58', '0', '', '2023-09-20 00:00:00', '97', '0000-00-00 00:00:00', ''),
(2110, '30', '10:07', '0', '', '2023-09-20 00:00:00', '90', '0000-00-00 00:00:00', ''),
(2111, '33', '10:10', '1', '', '2023-09-20 00:00:00', '92', '2023-09-20 00:00:00', '92'),
(2112, '1', '11:11', '0', '', '2023-09-20 00:00:00', '48', '0000-00-00 00:00:00', ''),
(2113, '29', '10:02', '0', '', '2023-09-21 00:00:00', '83', '0000-00-00 00:00:00', ''),
(2114, '33', '10:04', '0', '', '2023-09-21 00:00:00', '92', '0000-00-00 00:00:00', ''),
(2115, '30', '09:59', '0', '', '2023-09-21 00:00:00', '90', '0000-00-00 00:00:00', ''),
(2116, '33', '10:15', '0', '', '2023-09-22 00:00:00', '92', '0000-00-00 00:00:00', ''),
(2117, '30', '10:20', '0', '', '2023-09-22 00:00:00', '90', '0000-00-00 00:00:00', ''),
(2118, '35', '10:27', '0', '', '2023-09-22 00:00:00', '97', '0000-00-00 00:00:00', ''),
(2119, '33', '10:07', '1', '', '2023-09-25 00:00:00', '92', '2023-09-25 00:00:00', '92'),
(2120, '35', '10:09', '0', '', '2023-09-25 00:00:00', '97', '0000-00-00 00:00:00', ''),
(2121, '30', '10:14', '0', '', '2023-09-25 00:00:00', '90', '0000-00-00 00:00:00', ''),
(2122, '1', '10:32', '0', '', '2023-09-25 00:00:00', '48', '0000-00-00 00:00:00', ''),
(2123, '33', '10:09', '1', '', '2023-09-26 00:00:00', '92', '2023-09-26 00:00:00', '92'),
(2124, '30', '10:07', '0', '', '2023-09-26 00:00:00', '90', '0000-00-00 00:00:00', ''),
(2125, '30', '10:01', '0', '', '2023-09-27 00:00:00', '90', '0000-00-00 00:00:00', ''),
(2126, '33', '10:19', '0', '', '2023-09-27 00:00:00', '92', '0000-00-00 00:00:00', ''),
(2127, '35', '10:31', '0', '', '2023-09-27 00:00:00', '97', '0000-00-00 00:00:00', ''),
(2128, '30', '10:06', '0', '', '2023-09-28 00:00:00', '90', '0000-00-00 00:00:00', ''),
(2129, '35', '10:08', '0', '', '2023-09-28 00:00:00', '97', '0000-00-00 00:00:00', ''),
(2130, '33', '10:25', '0', '', '2023-09-28 00:00:00', '92', '0000-00-00 00:00:00', ''),
(2131, '29', '10:06', '0', '', '2023-09-29 00:00:00', '83', '0000-00-00 00:00:00', ''),
(2132, '30', '10:06', '0', '', '2023-09-29 00:00:00', '90', '0000-00-00 00:00:00', ''),
(2133, '35', '10:06', '0', '', '2023-09-29 00:00:00', '97', '0000-00-00 00:00:00', ''),
(2134, '33', '10:11', '0', '', '2023-09-29 00:00:00', '92', '0000-00-00 00:00:00', ''),
(2135, '35', '09:55', '0', '', '2023-10-02 00:00:00', '97', '0000-00-00 00:00:00', ''),
(2136, '33', '10:09', '1', '', '2023-10-02 00:00:00', '92', '2023-10-02 00:00:00', '92'),
(2137, '30', '10:29', '0', '', '2023-10-02 00:00:00', '90', '0000-00-00 00:00:00', ''),
(2138, '35', '10:13', '0', '', '2023-10-03 00:00:00', '97', '0000-00-00 00:00:00', ''),
(2139, '30', '10:19', '0', '', '2023-10-03 00:00:00', '90', '0000-00-00 00:00:00', ''),
(2140, '33', '10:20', '0', '', '2023-10-03 00:00:00', '92', '0000-00-00 00:00:00', ''),
(2141, '35', '10:06', '0', '', '2023-10-04 00:00:00', '97', '0000-00-00 00:00:00', ''),
(2142, '33', '10:09', '1', '', '2023-10-04 00:00:00', '92', '2023-10-04 00:00:00', '92'),
(2143, '30', '10:17', '0', '', '2023-10-04 00:00:00', '90', '0000-00-00 00:00:00', ''),
(2144, '33', '10:09', '1', '', '2023-10-05 00:00:00', '92', '2023-10-05 00:00:00', '92'),
(2145, '30', '10:10', '0', '', '2023-10-05 00:00:00', '90', '0000-00-00 00:00:00', ''),
(2146, '35', '10:49', '0', '', '2023-10-05 00:00:00', '97', '0000-00-00 00:00:00', ''),
(2147, '35', '10:19', '0', '', '2023-10-06 00:00:00', '97', '0000-00-00 00:00:00', ''),
(2148, '30', '10:19', '0', '', '2023-10-06 00:00:00', '90', '0000-00-00 00:00:00', ''),
(2149, '30', '10:02', '0', '', '2023-10-09 00:00:00', '90', '0000-00-00 00:00:00', ''),
(2150, '33', '10:06', '1', '', '2023-10-09 00:00:00', '92', '2023-10-09 00:00:00', '92'),
(2151, '33', '10:01', '1', '', '2023-10-10 00:00:00', '92', '2023-10-10 00:00:00', '92'),
(2152, '30', '10:06', '0', '', '2023-10-10 00:00:00', '90', '0000-00-00 00:00:00', ''),
(2153, '35', '10:22', '0', '', '2023-10-10 00:00:00', '97', '0000-00-00 00:00:00', ''),
(2154, '35', '10:08', '0', '', '2023-10-11 00:00:00', '97', '0000-00-00 00:00:00', ''),
(2155, '33', '11:01', '0', '', '2023-10-11 00:00:00', '92', '0000-00-00 00:00:00', ''),
(2156, '30', '10:06', '0', '', '2023-10-12 00:00:00', '90', '0000-00-00 00:00:00', ''),
(2157, '33', '10:09', '0', '', '2023-10-12 00:00:00', '92', '0000-00-00 00:00:00', ''),
(2158, '35', '10:32', '0', '', '2023-10-12 00:00:00', '97', '0000-00-00 00:00:00', ''),
(2159, '29', '08:34', '0', '', '2023-10-13 00:00:00', '83', '0000-00-00 00:00:00', ''),
(2160, '35', '10:05', '0', '', '2023-10-13 00:00:00', '97', '0000-00-00 00:00:00', ''),
(2161, '33', '10:07', '1', '', '2023-10-13 00:00:00', '92', '2023-10-13 00:00:00', '92'),
(2162, '30', '10:10', '0', '', '2023-10-13 00:00:00', '90', '0000-00-00 00:00:00', ''),
(2163, '35', '09:45', '0', '', '2023-10-16 00:00:00', '97', '0000-00-00 00:00:00', ''),
(2164, '33', '10:10', '1', '', '2023-10-16 00:00:00', '92', '2023-10-16 00:00:00', '92'),
(2165, '29', '10:45', '0', '', '2023-10-16 00:00:00', '83', '0000-00-00 00:00:00', ''),
(2166, '30', '10:46', '0', '', '2023-10-16 00:00:00', '90', '0000-00-00 00:00:00', ''),
(2167, '29', '10:06', '0', '', '2023-10-17 00:00:00', '83', '0000-00-00 00:00:00', ''),
(2168, '33', '10:23', '0', '', '2023-10-17 00:00:00', '92', '0000-00-00 00:00:00', ''),
(2169, '35', '10:37', '0', '', '2023-10-17 00:00:00', '97', '0000-00-00 00:00:00', ''),
(2170, '30', '10:11', '0', '', '2023-10-18 00:00:00', '90', '0000-00-00 00:00:00', ''),
(2171, '33', '10:02', '1', '', '2023-10-19 00:00:00', '92', '2023-10-19 00:00:00', '92'),
(2172, '30', '10:09', '0', '', '2023-10-19 00:00:00', '90', '0000-00-00 00:00:00', ''),
(2173, '35', '10:29', '0', '', '2023-10-19 00:00:00', '97', '0000-00-00 00:00:00', ''),
(2174, '33', '10:05', '1', '', '2023-10-20 00:00:00', '92', '2023-10-20 00:00:00', '92'),
(2175, '35', '10:10', '0', '', '2023-10-20 00:00:00', '97', '0000-00-00 00:00:00', ''),
(2176, '30', '10:10', '0', '', '2023-10-20 00:00:00', '90', '0000-00-00 00:00:00', ''),
(2177, '30', '10:34', '0', '', '2023-10-23 00:00:00', '90', '0000-00-00 00:00:00', ''),
(2178, '35', '11:23', '0', '', '2023-10-23 00:00:00', '97', '0000-00-00 00:00:00', ''),
(2179, '30', '10:26', '0', '', '2023-10-24 00:00:00', '90', '0000-00-00 00:00:00', ''),
(2180, '33', '11:37', '0', '', '2023-10-24 00:00:00', '92', '0000-00-00 00:00:00', ''),
(2181, '33', '10:08', '1', '', '2023-10-25 00:00:00', '92', '2023-10-25 00:00:00', '92'),
(2182, '30', '10:01', '0', '', '2023-10-25 00:00:00', '90', '0000-00-00 00:00:00', ''),
(2183, '29', '10:22', '0', '', '2023-10-25 00:00:00', '83', '0000-00-00 00:00:00', ''),
(2184, '30', '10:10', '0', '', '2023-10-26 00:00:00', '90', '0000-00-00 00:00:00', ''),
(2185, '33', '10:26', '0', '', '2023-10-26 00:00:00', '92', '0000-00-00 00:00:00', ''),
(2186, '35', '19:09', '0', '', '2023-10-26 00:00:00', '97', '0000-00-00 00:00:00', ''),
(2187, '29', '10:18', '0', '', '2023-10-27 00:00:00', '83', '0000-00-00 00:00:00', ''),
(2188, '33', '10:29', '0', '', '2023-10-27 00:00:00', '92', '0000-00-00 00:00:00', ''),
(2189, '30', '10:33', '0', '', '2023-10-27 00:00:00', '90', '0000-00-00 00:00:00', ''),
(2190, '35', '10:34', '0', '', '2023-10-27 00:00:00', '97', '0000-00-00 00:00:00', ''),
(2191, '30', '10:18', '0', '', '2023-10-30 00:00:00', '90', '0000-00-00 00:00:00', ''),
(2192, '33', '10:27', '0', '', '2023-10-30 00:00:00', '92', '0000-00-00 00:00:00', ''),
(2193, '35', '10:35', '0', '', '2023-10-30 00:00:00', '97', '0000-00-00 00:00:00', ''),
(2194, '29', '10:36', '0', '', '2023-10-30 00:00:00', '83', '0000-00-00 00:00:00', ''),
(2195, '33', '10:04', '1', '', '2023-10-31 00:00:00', '92', '2023-10-31 00:00:00', '92'),
(2196, '30', '10:10', '0', '', '2023-10-31 00:00:00', '90', '0000-00-00 00:00:00', ''),
(2197, '35', '10:28', '0', '', '2023-10-31 00:00:00', '97', '0000-00-00 00:00:00', ''),
(2198, '33', '09:51', '1', '', '2023-11-01 00:00:00', '92', '2023-11-01 00:00:00', '92'),
(2199, '30', '10:00', '0', '', '2023-11-01 00:00:00', '90', '0000-00-00 00:00:00', ''),
(2200, '35', '10:20', '0', '', '2023-11-01 00:00:00', '97', '0000-00-00 00:00:00', ''),
(2201, '33', '10:11', '0', '', '2023-11-02 00:00:00', '92', '0000-00-00 00:00:00', ''),
(2202, '30', '10:24', '0', '', '2023-11-02 00:00:00', '90', '0000-00-00 00:00:00', ''),
(2203, '33', '10:04', '1', '', '2023-11-03 00:00:00', '92', '2023-11-03 00:00:00', '92'),
(2204, '35', '10:39', '0', '', '2023-11-03 00:00:00', '97', '0000-00-00 00:00:00', ''),
(2205, '30', '13:01', '0', '', '2023-11-03 00:00:00', '90', '0000-00-00 00:00:00', ''),
(2206, '33', '10:07', '1', '', '2023-11-06 00:00:00', '92', '2023-11-06 00:00:00', '92'),
(2207, '30', '10:14', '0', '', '2023-11-06 00:00:00', '90', '0000-00-00 00:00:00', ''),
(2208, '35', '11:35', '0', '', '2023-11-06 00:00:00', '97', '0000-00-00 00:00:00', ''),
(2209, '30', '10:00', '0', '', '2023-11-07 00:00:00', '90', '0000-00-00 00:00:00', ''),
(2210, '33', '10:07', '1', '', '2023-11-07 00:00:00', '92', '2023-11-07 00:00:00', '92'),
(2211, '35', '10:23', '0', '', '2023-11-07 00:00:00', '97', '0000-00-00 00:00:00', ''),
(2212, '30', '09:55', '0', '', '2023-11-08 00:00:00', '90', '0000-00-00 00:00:00', ''),
(2213, '33', '10:05', '1', '', '2023-11-08 00:00:00', '92', '2023-11-08 00:00:00', '92'),
(2214, '35', '10:09', '0', '', '2023-11-08 00:00:00', '97', '0000-00-00 00:00:00', ''),
(2215, '33', '10:03', '1', '', '2023-11-09 00:00:00', '92', '2023-11-09 00:00:00', '92'),
(2216, '35', '10:35', '0', '', '2023-11-09 00:00:00', '97', '0000-00-00 00:00:00', ''),
(2217, '33', '10:04', '1', '', '2023-11-16 00:00:00', '92', '2023-11-16 00:00:00', '92'),
(2218, '35', '10:39', '0', '', '2023-11-16 00:00:00', '97', '0000-00-00 00:00:00', ''),
(2219, '30', '10:38', '0', '', '2023-11-16 00:00:00', '90', '0000-00-00 00:00:00', ''),
(2220, '33', '10:05', '0', '', '2023-11-17 00:00:00', '92', '0000-00-00 00:00:00', ''),
(2221, '30', '10:12', '0', '', '2023-11-17 00:00:00', '90', '0000-00-00 00:00:00', ''),
(2222, '35', '10:39', '0', '', '2023-11-17 00:00:00', '97', '0000-00-00 00:00:00', ''),
(2223, '30', '10:00', '0', '', '2023-11-20 00:00:00', '90', '0000-00-00 00:00:00', ''),
(2224, '33', '10:09', '0', '', '2023-11-20 00:00:00', '92', '0000-00-00 00:00:00', ''),
(2225, '33', '10:15', '0', '', '2023-11-21 00:00:00', '92', '0000-00-00 00:00:00', ''),
(2226, '35', '10:15', '0', '', '2023-11-21 00:00:00', '97', '0000-00-00 00:00:00', ''),
(2227, '30', '10:15', '0', '', '2023-11-21 00:00:00', '90', '0000-00-00 00:00:00', ''),
(2228, '30', '09:59', '0', '', '2023-11-22 00:00:00', '90', '0000-00-00 00:00:00', ''),
(2229, '33', '10:11', '0', '', '2023-11-22 00:00:00', '92', '0000-00-00 00:00:00', ''),
(2230, '35', '10:33', '0', '', '2023-11-22 00:00:00', '97', '0000-00-00 00:00:00', ''),
(2231, '33', '10:05', '0', '', '2023-11-23 00:00:00', '92', '0000-00-00 00:00:00', ''),
(2232, '30', '11:00', '0', '', '2023-11-23 00:00:00', '90', '0000-00-00 00:00:00', ''),
(2233, '33', '10:05', '0', '', '2023-11-24 00:00:00', '92', '0000-00-00 00:00:00', ''),
(2234, '30', '10:11', '0', '', '2023-11-24 00:00:00', '90', '0000-00-00 00:00:00', ''),
(2235, '30', '10:11', '0', '', '2023-11-27 00:00:00', '90', '0000-00-00 00:00:00', ''),
(2236, '30', '10:09', '0', '', '2023-11-28 00:00:00', '90', '0000-00-00 00:00:00', ''),
(2237, '35', '10:27', '0', '', '2023-11-28 00:00:00', '97', '0000-00-00 00:00:00', ''),
(2238, '30', '11:04', '0', '', '2023-11-29 00:00:00', '90', '0000-00-00 00:00:00', ''),
(2239, '35', '11:46', '0', '', '2023-11-29 00:00:00', '97', '0000-00-00 00:00:00', ''),
(2240, '30', '10:11', '0', '', '2023-11-30 00:00:00', '90', '0000-00-00 00:00:00', ''),
(2241, '35', '10:44', '0', '', '2023-11-30 00:00:00', '97', '0000-00-00 00:00:00', ''),
(2242, '30', '10:33', '0', '', '2023-12-01 00:00:00', '90', '0000-00-00 00:00:00', ''),
(2243, '35', '10:42', '0', '', '2023-12-01 00:00:00', '97', '0000-00-00 00:00:00', ''),
(2244, '33', '10:01', '1', '', '2023-12-04 00:00:00', '92', '2023-12-04 00:00:00', '92'),
(2245, '30', '10:06', '0', '', '2023-12-04 00:00:00', '90', '0000-00-00 00:00:00', ''),
(2246, '35', '10:38', '0', '', '2023-12-04 00:00:00', '97', '0000-00-00 00:00:00', ''),
(2247, '33', '10:05', '0', '', '2023-12-05 00:00:00', '92', '0000-00-00 00:00:00', ''),
(2248, '35', '10:29', '0', '', '2023-12-05 00:00:00', '97', '0000-00-00 00:00:00', ''),
(2249, '30', '10:48', '0', '', '2023-12-05 00:00:00', '90', '0000-00-00 00:00:00', ''),
(2250, '30', '09:56', '0', '', '2023-12-06 00:00:00', '90', '0000-00-00 00:00:00', ''),
(2251, '33', '10:27', '0', '', '2023-12-06 00:00:00', '92', '0000-00-00 00:00:00', ''),
(2252, '33', '10:05', '0', '', '2023-12-07 00:00:00', '92', '0000-00-00 00:00:00', ''),
(2253, '33', '10:03', '0', '', '2023-12-08 00:00:00', '92', '0000-00-00 00:00:00', ''),
(2254, '30', '09:59', '0', '', '2023-12-08 00:00:00', '90', '0000-00-00 00:00:00', ''),
(2255, '35', '11:33', '0', '', '2023-12-08 00:00:00', '97', '0000-00-00 00:00:00', ''),
(2256, '33', '10:06', '1', '', '2023-12-11 00:00:00', '92', '2023-12-11 00:00:00', '92'),
(2257, '30', '10:01', '0', '', '2023-12-11 00:00:00', '90', '0000-00-00 00:00:00', ''),
(2258, '35', '10:30', '0', '', '2023-12-11 00:00:00', '97', '0000-00-00 00:00:00', ''),
(2259, '33', '10:05', '1', '', '2023-12-12 00:00:00', '92', '2023-12-12 00:00:00', '92'),
(2260, '30', '10:53', '0', '', '2023-12-12 00:00:00', '90', '0000-00-00 00:00:00', ''),
(2261, '33', '10:03', '1', '', '2023-12-13 00:00:00', '92', '2023-12-13 00:00:00', '92'),
(2262, '30', '10:31', '0', '', '2023-12-13 00:00:00', '90', '0000-00-00 00:00:00', ''),
(2263, '35', '10:33', '0', '', '2023-12-13 00:00:00', '97', '0000-00-00 00:00:00', ''),
(2264, '33', '10:03', '0', '', '2023-12-14 00:00:00', '92', '0000-00-00 00:00:00', ''),
(2265, '35', '10:41', '0', '', '2023-12-14 00:00:00', '97', '0000-00-00 00:00:00', ''),
(2266, '30', '10:54', '0', '', '2023-12-14 00:00:00', '90', '0000-00-00 00:00:00', ''),
(2267, '33', '10:03', '0', '', '2023-12-15 00:00:00', '92', '0000-00-00 00:00:00', ''),
(2268, '30', '10:18', '0', '', '2023-12-15 00:00:00', '90', '0000-00-00 00:00:00', ''),
(2269, '35', '10:27', '0', '', '2023-12-15 00:00:00', '97', '0000-00-00 00:00:00', ''),
(2270, '33', '10:01', '0', '', '2023-12-18 00:00:00', '92', '0000-00-00 00:00:00', ''),
(2271, '30', '10:05', '0', '', '2023-12-18 00:00:00', '90', '0000-00-00 00:00:00', ''),
(2272, '33', '10:08', '0', '', '2023-12-19 00:00:00', '92', '0000-00-00 00:00:00', ''),
(2273, '30', '10:11', '0', '', '2023-12-19 00:00:00', '90', '0000-00-00 00:00:00', ''),
(2274, '35', '10:44', '0', '', '2023-12-19 00:00:00', '97', '0000-00-00 00:00:00', ''),
(2275, '33', '10:01', '1', '', '2023-12-20 00:00:00', '92', '2023-12-20 00:00:00', '92'),
(2276, '30', '10:12', '0', '', '2023-12-20 00:00:00', '90', '0000-00-00 00:00:00', ''),
(2277, '35', '10:43', '0', '', '2023-12-20 00:00:00', '97', '0000-00-00 00:00:00', ''),
(2278, '33', '10:03', '0', '', '2023-12-21 00:00:00', '92', '0000-00-00 00:00:00', ''),
(2279, '35', '10:25', '0', '', '2023-12-21 00:00:00', '97', '0000-00-00 00:00:00', ''),
(2280, '30', '10:34', '0', '', '2023-12-21 00:00:00', '90', '0000-00-00 00:00:00', ''),
(2281, '33', '10:05', '0', '', '2023-12-22 00:00:00', '92', '0000-00-00 00:00:00', ''),
(2282, '30', '10:10', '0', '', '2023-12-22 00:00:00', '90', '0000-00-00 00:00:00', ''),
(2283, '35', '10:51', '0', '', '2023-12-22 00:00:00', '97', '0000-00-00 00:00:00', ''),
(2284, '33', '10:14', '0', '', '2023-12-25 00:00:00', '92', '0000-00-00 00:00:00', ''),
(2285, '30', '10:43', '0', '', '2023-12-25 00:00:00', '90', '0000-00-00 00:00:00', ''),
(2286, '35', '10:44', '0', '', '2023-12-25 00:00:00', '97', '0000-00-00 00:00:00', ''),
(2287, '33', '10:05', '0', '', '2023-12-26 00:00:00', '92', '0000-00-00 00:00:00', ''),
(2288, '30', '11:37', '0', '', '2023-12-26 00:00:00', '90', '0000-00-00 00:00:00', ''),
(2289, '33', '10:01', '0', '', '2023-12-27 00:00:00', '92', '0000-00-00 00:00:00', ''),
(2290, '30', '10:01', '0', '', '2023-12-27 00:00:00', '90', '0000-00-00 00:00:00', ''),
(2291, '33', '10:04', '0', '', '2023-12-28 00:00:00', '92', '0000-00-00 00:00:00', ''),
(2292, '30', '11:31', '0', '', '2023-12-28 00:00:00', '90', '0000-00-00 00:00:00', ''),
(2293, '33', '10:16', '0', '', '2023-12-29 00:00:00', '92', '0000-00-00 00:00:00', ''),
(2294, '33', '10:26', '0', '', '2024-01-02 00:00:00', '92', '0000-00-00 00:00:00', ''),
(2295, '30', '10:46', '0', '', '2024-01-02 00:00:00', '90', '0000-00-00 00:00:00', ''),
(2296, '33', '10:03', '0', '', '2024-01-03 00:00:00', '92', '0000-00-00 00:00:00', ''),
(2297, '30', '10:22', '0', '', '2024-01-04 00:00:00', '90', '0000-00-00 00:00:00', ''),
(2298, '33', '10:29', '0', '', '2024-01-04 00:00:00', '92', '0000-00-00 00:00:00', ''),
(2299, '30', '10:15', '0', '', '2024-01-05 00:00:00', '90', '0000-00-00 00:00:00', ''),
(2300, '33', '10:31', '0', '', '2024-01-05 00:00:00', '92', '0000-00-00 00:00:00', ''),
(2301, '33', '10:16', '0', '', '2024-01-08 00:00:00', '92', '0000-00-00 00:00:00', ''),
(2302, '30', '11:08', '0', '', '2024-01-08 00:00:00', '90', '0000-00-00 00:00:00', ''),
(2303, '33', '10:25', '0', '', '2024-01-09 00:00:00', '92', '0000-00-00 00:00:00', ''),
(2304, '33', '19:12', '0', '', '2024-01-10 00:00:00', '92', '0000-00-00 00:00:00', ''),
(2305, '33', '10:15', '0', '', '2024-01-11 00:00:00', '92', '0000-00-00 00:00:00', ''),
(2306, '33', '10:26', '0', '', '2024-01-12 00:00:00', '92', '0000-00-00 00:00:00', ''),
(2307, '33', '10:12', '0', '', '2024-01-16 00:00:00', '92', '0000-00-00 00:00:00', ''),
(2308, '30', '10:30', '0', '', '2024-01-16 00:00:00', '90', '0000-00-00 00:00:00', ''),
(2309, '33', '10:14', '0', '', '2024-01-17 00:00:00', '92', '0000-00-00 00:00:00', ''),
(2310, '33', '10:15', '0', '', '2024-01-18 00:00:00', '92', '0000-00-00 00:00:00', ''),
(2311, '33', '10:09', '0', '', '2024-01-19 00:00:00', '92', '0000-00-00 00:00:00', ''),
(2312, '33', '10:08', '0', '', '2024-01-22 00:00:00', '92', '0000-00-00 00:00:00', ''),
(2313, '33', '10:05', '0', '', '2024-01-23 00:00:00', '92', '0000-00-00 00:00:00', ''),
(2314, '33', '10:07', '0', '', '2024-01-24 00:00:00', '92', '0000-00-00 00:00:00', ''),
(2315, '33', '10:12', '0', '', '2024-01-25 00:00:00', '92', '0000-00-00 00:00:00', ''),
(2316, '33', '10:08', '0', '', '2024-01-29 00:00:00', '92', '0000-00-00 00:00:00', ''),
(2317, '33', '10:06', '1', '', '2024-01-30 00:00:00', '92', '2024-01-30 00:00:00', '92'),
(2318, '33', '10:24', '0', '', '2024-01-31 00:00:00', '92', '0000-00-00 00:00:00', ''),
(2319, '33', '10:13', '0', '', '2024-02-01 00:00:00', '92', '0000-00-00 00:00:00', ''),
(2320, '33', '10:25', '0', '', '2024-02-02 00:00:00', '92', '0000-00-00 00:00:00', ''),
(2321, '33', '10:07', '0', '', '2024-02-05 00:00:00', '92', '0000-00-00 00:00:00', ''),
(2322, '33', '10:15', '0', '', '2024-02-07 00:00:00', '92', '0000-00-00 00:00:00', ''),
(2323, '33', '10:07', '0', '', '2024-02-08 00:00:00', '92', '0000-00-00 00:00:00', ''),
(2324, '33', '10:07', '0', '', '2024-02-09 00:00:00', '92', '0000-00-00 00:00:00', ''),
(2325, '33', '10:08', '0', '', '2024-02-12 00:00:00', '92', '0000-00-00 00:00:00', ''),
(2326, '33', '10:06', '0', '', '2024-02-13 00:00:00', '92', '0000-00-00 00:00:00', ''),
(2327, '33', '10:16', '0', '', '2024-02-14 00:00:00', '92', '0000-00-00 00:00:00', ''),
(2328, '33', '09:59', '0', '', '2024-02-15 00:00:00', '92', '0000-00-00 00:00:00', ''),
(2329, '33', '10:07', '0', '', '2024-02-16 00:00:00', '92', '0000-00-00 00:00:00', '');
INSERT INTO `point_attendence` (`id`, `employee_id`, `in_time`, `point`, `description`, `create_date`, `created_by`, `update_date`, `update_by`) VALUES
(2330, '33', '10:09', '0', '', '2024-02-19 00:00:00', '92', '0000-00-00 00:00:00', ''),
(2331, '33', '10:00', '0', '', '2024-02-20 00:00:00', '92', '0000-00-00 00:00:00', ''),
(2332, '33', '10:03', '0', '', '2024-02-21 00:00:00', '92', '0000-00-00 00:00:00', ''),
(2333, '33', '10:06', '0', '', '2024-02-27 00:00:00', '92', '0000-00-00 00:00:00', ''),
(2334, '33', '10:09', '0', '', '2024-02-28 00:00:00', '92', '0000-00-00 00:00:00', ''),
(2335, '29', '16:23', '0', '', '2024-02-28 00:00:00', '83', '0000-00-00 00:00:00', ''),
(2336, '33', '10:10', '0', '', '2024-02-29 00:00:00', '92', '0000-00-00 00:00:00', ''),
(2337, '33', '10:06', '0', '', '2024-03-01 00:00:00', '92', '0000-00-00 00:00:00', ''),
(2338, '33', '10:02', '0', '', '2024-03-04 00:00:00', '92', '0000-00-00 00:00:00', ''),
(2339, '33', '10:05', '0', '', '2024-03-05 00:00:00', '92', '0000-00-00 00:00:00', ''),
(2340, '33', '10:07', '0', '', '2024-03-06 00:00:00', '92', '0000-00-00 00:00:00', ''),
(2341, '33', '10:12', '0', '', '2024-03-07 00:00:00', '92', '0000-00-00 00:00:00', ''),
(2342, '33', '10:00', '0', '', '2024-03-11 00:00:00', '92', '0000-00-00 00:00:00', ''),
(2343, '33', '10:00', '0', '', '2024-03-13 00:00:00', '92', '0000-00-00 00:00:00', ''),
(2344, '33', '10:01', '0', '', '2024-03-14 00:00:00', '92', '0000-00-00 00:00:00', ''),
(2345, '33', '10:07', '0', '', '2024-03-18 00:00:00', '92', '0000-00-00 00:00:00', ''),
(2346, '33', '10:10', '0', '', '2024-03-19 00:00:00', '92', '0000-00-00 00:00:00', ''),
(2347, '33', '10:00', '0', '', '2024-03-26 00:00:00', '92', '0000-00-00 00:00:00', ''),
(2348, '35', '11:26', '0', '', '2024-03-26 00:00:00', '97', '0000-00-00 00:00:00', ''),
(2349, '35', '10:21', '0', '', '2024-03-28 00:00:00', '97', '0000-00-00 00:00:00', ''),
(2350, '35', '11:19', '0', '', '2024-03-29 00:00:00', '97', '0000-00-00 00:00:00', ''),
(2351, '35', '09:50', '0', '', '2024-04-01 00:00:00', '97', '0000-00-00 00:00:00', ''),
(2352, '35', '10:49', '0', '', '2024-04-03 00:00:00', '97', '0000-00-00 00:00:00', ''),
(2353, '35', '09:51', '0', '', '2024-04-04 00:00:00', '97', '0000-00-00 00:00:00', ''),
(2354, '35', '09:42', '0', '', '2024-04-05 00:00:00', '97', '0000-00-00 00:00:00', ''),
(2355, '29', '18:02', '0', '', '2024-04-05 00:00:00', '83', '0000-00-00 00:00:00', ''),
(2356, '35', '09:29', '0', '', '2024-04-08 00:00:00', '97', '0000-00-00 00:00:00', '');

-- --------------------------------------------------------

--
-- Table structure for table `point_categories`
--

CREATE TABLE `point_categories` (
  `id` int(11) NOT NULL,
  `point_category` varchar(100) DEFAULT NULL,
  `created_by` varchar(50) DEFAULT NULL,
  `update_by` varchar(50) DEFAULT NULL,
  `created_at` datetime DEFAULT NULL,
  `update_at` datetime DEFAULT NULL
) ENGINE=InnoDB DEFAULT CHARSET=utf8mb4 COLLATE=utf8mb4_general_ci;

-- --------------------------------------------------------

--
-- Table structure for table `point_collaborative`
--

CREATE TABLE `point_collaborative` (
  `id` int(11) NOT NULL,
  `point_shared_by` varchar(50) DEFAULT NULL COMMENT 'Employee shared point',
  `point_shared_with` varchar(50) DEFAULT NULL COMMENT 'Employee received point',
  `reason` text DEFAULT NULL,
  `point` varchar(50) DEFAULT NULL,
  `point_date` date DEFAULT NULL,
  `create_date` datetime DEFAULT NULL,
  `created_by` varchar(50) DEFAULT NULL COMMENT 'users',
  `update_date` datetime DEFAULT NULL,
  `update_by` varchar(50) DEFAULT NULL COMMENT 'users'
) ENGINE=InnoDB DEFAULT CHARSET=utf8mb4 COLLATE=utf8mb4_general_ci;

-- --------------------------------------------------------

--
-- Table structure for table `point_management`
--

CREATE TABLE `point_management` (
  `id` int(11) NOT NULL,
  `employee_id` varchar(50) DEFAULT NULL,
  `point_category` varchar(50) DEFAULT NULL,
  `description` text DEFAULT NULL,
  `point` varchar(50) DEFAULT NULL,
  `create_date` datetime DEFAULT NULL,
  `created_by` varchar(50) DEFAULT NULL,
  `update_date` datetime DEFAULT NULL,
  `update_by` varchar(50) DEFAULT NULL
) ENGINE=InnoDB DEFAULT CHARSET=utf8mb4 COLLATE=utf8mb4_general_ci;

-- --------------------------------------------------------

--
-- Table structure for table `point_reward`
--

CREATE TABLE `point_reward` (
  `id` int(11) NOT NULL,
  `employee_id` varchar(50) DEFAULT NULL COMMENT 'employee id',
  `attendence` varchar(50) DEFAULT NULL COMMENT 'attendence points',
  `management` varchar(50) DEFAULT NULL COMMENT 'management points',
  `collaborative` varchar(50) DEFAULT NULL COMMENT 'collaborative points',
  `total` int(50) DEFAULT NULL,
  `date` date DEFAULT NULL COMMENT 'pointing time'
) ENGINE=InnoDB DEFAULT CHARSET=utf8mb4 COLLATE=utf8mb4_general_ci;

--
-- Dumping data for table `point_reward`
--

INSERT INTO `point_reward` (`id`, `employee_id`, `attendence`, `management`, `collaborative`, `total`, `date`) VALUES
(1, '7', '4', NULL, NULL, 4, '2021-09-13'),
(2, '6', '5', NULL, NULL, 5, '2021-09-15'),
(3, '3', '1', NULL, NULL, 1, '2021-09-24'),
(4, '1', '1', NULL, NULL, 1, '2021-09-28'),
(5, '5', '1', NULL, NULL, 1, '2021-09-28'),
(6, '5', '7', NULL, NULL, 7, '2021-10-02'),
(7, '3', '3', NULL, NULL, 3, '2021-10-04'),
(8, '2', '2', NULL, NULL, 2, '2021-10-04'),
(9, '7', '4', NULL, NULL, 4, '2021-10-04'),
(10, '6', '14', NULL, NULL, 14, '2021-10-04'),
(11, '25', '4', NULL, NULL, 4, '2021-10-07'),
(12, '1', '2', NULL, NULL, 2, '2021-10-11'),
(13, '6', '3', NULL, NULL, 3, '2021-11-01'),
(14, '5', '8', NULL, NULL, 8, '2021-11-10'),
(15, '3', '9', NULL, NULL, 9, '2021-11-10'),
(16, '25', '5', NULL, NULL, 5, '2021-11-11'),
(17, '7', '7', NULL, NULL, 7, '2021-11-16'),
(18, '5', '8', NULL, NULL, 8, '2021-12-01'),
(19, '3', '8', NULL, NULL, 8, '2021-12-01'),
(20, '7', '11', NULL, NULL, 11, '2021-12-01'),
(21, '25', '4', NULL, NULL, 4, '2021-12-15'),
(22, '7', '7', NULL, NULL, 7, '2022-01-03'),
(23, '3', '3', NULL, NULL, 3, '2022-01-06'),
(24, '26', '1', NULL, NULL, 1, '2022-01-20'),
(25, '7', '10', NULL, NULL, 10, '2022-02-01'),
(26, '3', '4', NULL, NULL, 4, '2022-02-02'),
(27, '25', '3', NULL, NULL, 3, '2022-02-23'),
(28, '26', '1', NULL, NULL, 1, '2022-02-25'),
(29, '3', '9', NULL, NULL, 9, '2022-03-01'),
(30, '26', '11', NULL, NULL, 11, '2022-03-03'),
(31, '7', '5', NULL, NULL, 5, '2022-03-05'),
(32, '26', '5', NULL, NULL, 5, '2022-04-01'),
(33, '3', '8', NULL, NULL, 8, '2022-04-04'),
(34, '7', '3', NULL, NULL, 3, '2022-04-13'),
(35, '3', '4', NULL, NULL, 4, '2022-05-06'),
(36, '26', '3', NULL, NULL, 3, '2022-05-09'),
(37, '7', '1', NULL, NULL, 1, '2022-05-10'),
(38, '27', '6', NULL, NULL, 6, '2022-05-12'),
(39, '27', '8', NULL, NULL, 8, '2022-06-01'),
(40, '26', '4', NULL, NULL, 4, '2022-06-01'),
(41, '3', '5', NULL, NULL, 5, '2022-06-02'),
(42, '29', '10', NULL, NULL, 10, '2022-07-05'),
(43, '3', '5', NULL, NULL, 5, '2022-07-06'),
(44, '27', '2', NULL, NULL, 2, '2022-07-06'),
(45, '3', '4', NULL, NULL, 4, '2022-08-08'),
(46, '29', '8', NULL, NULL, 8, '2022-08-09'),
(47, '7', '2', NULL, NULL, 2, '2022-08-10'),
(48, '29', '20', NULL, NULL, 20, '2022-09-01'),
(49, '3', '6', NULL, NULL, 6, '2022-09-07'),
(50, '7', '3', NULL, NULL, 3, '2022-09-08'),
(51, '29', '12', NULL, NULL, 12, '2022-10-03'),
(52, '3', '2', NULL, NULL, 2, '2022-10-03'),
(53, '29', '18', NULL, NULL, 18, '2022-11-01'),
(54, '29', '15', NULL, NULL, 15, '2022-12-05'),
(55, '29', '11', NULL, NULL, 11, '2023-01-02'),
(56, '30', '1', NULL, NULL, 1, '2023-01-13'),
(57, '27', '2', NULL, NULL, 2, '2023-01-18'),
(58, '29', '10', NULL, NULL, 10, '2023-02-01'),
(59, '27', '5', NULL, NULL, 5, '2023-02-02'),
(60, '30', '2', NULL, NULL, 2, '2023-02-10'),
(61, '30', '7', NULL, NULL, 7, '2023-03-01'),
(62, '29', '11', NULL, NULL, 11, '2023-03-01'),
(63, '27', '6', NULL, NULL, 6, '2023-03-01'),
(64, '33', '10', NULL, NULL, 10, '2023-03-03'),
(65, '29', '6', NULL, NULL, 6, '2023-04-03'),
(66, '30', '10', NULL, NULL, 10, '2023-04-04'),
(67, '33', '12', NULL, NULL, 12, '2023-04-05'),
(68, '27', '1', NULL, NULL, 1, '2023-04-20'),
(69, '30', '8', NULL, NULL, 8, '2023-05-01'),
(70, '33', '16', NULL, NULL, 16, '2023-05-01'),
(71, '34', '5', NULL, NULL, 5, '2023-05-01'),
(72, '29', '3', NULL, NULL, 3, '2023-05-08'),
(73, '33', '17', NULL, NULL, 17, '2023-06-01'),
(74, '30', '10', NULL, NULL, 10, '2023-06-01'),
(75, '29', '4', NULL, NULL, 4, '2023-06-02'),
(76, '33', '7', NULL, NULL, 7, '2023-07-03'),
(77, '30', '7', NULL, NULL, 7, '2023-07-04'),
(78, '30', '1', NULL, NULL, 1, '2023-08-02'),
(79, '33', '13', NULL, NULL, 13, '2023-08-02'),
(80, '29', '1', NULL, NULL, 1, '2023-08-17'),
(81, '33', '8', NULL, NULL, 8, '2023-09-04'),
(82, '33', '11', NULL, NULL, 11, '2023-10-02'),
(83, '33', '7', NULL, NULL, 7, '2023-11-01'),
(84, '33', '5', NULL, NULL, 5, '2023-12-04'),
(85, '33', '1', NULL, NULL, 1, '2024-01-30');

-- --------------------------------------------------------

--
-- Table structure for table `point_settings`
--

CREATE TABLE `point_settings` (
  `id` int(11) NOT NULL,
  `general_point` varchar(50) DEFAULT NULL COMMENT 'Maximum limit for collaborative points',
  `attendence_point` varchar(50) DEFAULT NULL,
  `attendence_start` varchar(50) DEFAULT NULL,
  `attendence_end` varchar(50) DEFAULT NULL,
  `collaborative_start` date DEFAULT NULL,
  `collaborative_end` date DEFAULT NULL,
  `created_by` varchar(50) DEFAULT NULL,
  `updated_by` varchar(50) DEFAULT NULL,
  `created_at` datetime DEFAULT NULL,
  `update_at` datetime DEFAULT NULL
) ENGINE=InnoDB DEFAULT CHARSET=utf8mb4 COLLATE=utf8mb4_general_ci;

--
-- Dumping data for table `point_settings`
--

INSERT INTO `point_settings` (`id`, `general_point`, `attendence_point`, `attendence_start`, `attendence_end`, `collaborative_start`, `collaborative_end`, `created_by`, `updated_by`, `created_at`, `update_at`) VALUES
(5, '3', '1', '09:30', '10:10', '2021-02-01', '2021-02-16', '19', '113', '2020-12-29 06:43:13', '2021-02-16 06:45:56');

-- --------------------------------------------------------

--
-- Table structure for table `position`
--

CREATE TABLE `position` (
  `pos_id` int(11) NOT NULL,
  `position_name` varchar(255) CHARACTER SET latin1 COLLATE latin1_swedish_ci NOT NULL,
  `position_details` varchar(255) CHARACTER SET latin1 COLLATE latin1_swedish_ci NOT NULL
) ENGINE=InnoDB DEFAULT CHARSET=utf8 COLLATE=utf8_general_ci;

--
-- Dumping data for table `position`
--

INSERT INTO `position` (`pos_id`, `position_name`, `position_details`) VALUES
(2, 'PHP Developer', ''),
(3, 'Business Development Manager ', ''),
(4, 'HR Manager', ''),
(5, 'Front-end-devloper', ''),
(6, 'Wordpress Developer', ''),
(7, 'UI/UX Designer', ''),
(8, 'Content writer ', ''),
(9, 'React Native Developer', ''),
(10, 'Android Developer', ''),
(11, 'Business Analyst', ''),
(12, 'Dot Net Developer', ''),
(13, 'Office Boy', ''),
(14, 'Technical Lead', ''),
(15, 'Quality Analyst', ''),
(16, 'Flutter Developer', '');

-- --------------------------------------------------------

--
-- Table structure for table `procurement_bid_analysis`
--

CREATE TABLE `procurement_bid_analysis` (
  `bid_analysis_form_id` int(11) NOT NULL,
  `quotation_form_id` int(11) DEFAULT NULL,
  `sba_no` varchar(200) DEFAULT NULL,
  `location` varchar(500) DEFAULT NULL,
  `attachment` text DEFAULT NULL,
  `total` varchar(20) DEFAULT NULL,
  `create_date` date DEFAULT NULL,
  `created_by` varchar(11) DEFAULT NULL,
  `update_date` date DEFAULT NULL,
  `update_by` varchar(11) DEFAULT NULL
) ENGINE=InnoDB DEFAULT CHARSET=utf8 COLLATE=utf8_general_ci;

-- --------------------------------------------------------

--
-- Table structure for table `procurement_commitee_list`
--

CREATE TABLE `procurement_commitee_list` (
  `id` int(11) NOT NULL,
  `bid_id` int(11) DEFAULT NULL COMMENT 'when selecting in bid analysis',
  `bid_committee_id` varchar(11) DEFAULT NULL COMMENT 'Selecting in bid analysis',
  `type` varchar(255) DEFAULT NULL,
  `name` varchar(200) DEFAULT NULL,
  `sign_image` text DEFAULT NULL,
  `date` date DEFAULT NULL,
  `created_by` int(11) DEFAULT NULL,
  `created_at` date DEFAULT NULL,
  `updated_by` int(11) DEFAULT NULL,
  `updated_at` date DEFAULT NULL
) ENGINE=InnoDB DEFAULT CHARSET=utf8 COLLATE=utf8_general_ci;

-- --------------------------------------------------------

--
-- Table structure for table `procurement_good_received`
--

CREATE TABLE `procurement_good_received` (
  `good_received_id` int(11) NOT NULL,
  `purchase_order_id` int(11) DEFAULT NULL,
  `vendor_name` varchar(200) DEFAULT NULL,
  `vendor_id` varchar(11) DEFAULT NULL,
  `invoice_number` varchar(20) DEFAULT NULL,
  `unit_price_total` varchar(20) DEFAULT NULL,
  `total` varchar(11) DEFAULT NULL,
  `discount` varchar(11) DEFAULT NULL,
  `grand_total` varchar(20) DEFAULT NULL,
  `payment_type` varchar(50) DEFAULT NULL,
  `headnode` varchar(50) DEFAULT NULL,
  `received_by_signature` text DEFAULT NULL,
  `received_by_name` varchar(200) DEFAULT NULL,
  `received_by_title` varchar(200) DEFAULT NULL,
  `created_date` date DEFAULT NULL,
  `created_by` varchar(11) DEFAULT NULL,
  `updated_date` date DEFAULT NULL,
  `updated_by` varchar(11) DEFAULT NULL
) ENGINE=InnoDB DEFAULT CHARSET=utf8 COLLATE=utf8_general_ci;

-- --------------------------------------------------------

--
-- Table structure for table `procurement_items`
--

CREATE TABLE `procurement_items` (
  `id` int(11) NOT NULL,
  `form_id` varchar(20) NOT NULL COMMENT 'id of request , quotation or bid analysis, purchase order and good receive form',
  `item_type` varchar(200) DEFAULT NULL COMMENT 'Type can be request, quote, bid , purchase_order or good receive',
  `company` varchar(500) DEFAULT NULL,
  `description_material` text DEFAULT NULL,
  `reason_of_choosing` varchar(500) DEFAULT NULL COMMENT 'ROF#',
  `remarks` varchar(500) DEFAULT NULL,
  `unit` varchar(50) DEFAULT NULL,
  `quantity` varchar(20) DEFAULT NULL,
  `price_per_unit` varchar(11) DEFAULT NULL,
  `total` varchar(20) DEFAULT NULL
) ENGINE=InnoDB DEFAULT CHARSET=utf8 COLLATE=utf8_general_ci;

-- --------------------------------------------------------

--
-- Table structure for table `procurement_purchase_order`
--

CREATE TABLE `procurement_purchase_order` (
  `purchase_order_id` int(11) NOT NULL,
  `good_received_id` int(11) DEFAULT NULL COMMENT 'After using this purchase order in good received, the purchase order id will fill here',
  `quotation_id` varchar(100) DEFAULT NULL,
  `vendor_name` varchar(500) DEFAULT NULL COMMENT 'vendor or company',
  `location` varchar(500) DEFAULT NULL,
  `address` text DEFAULT NULL,
  `total` varchar(20) DEFAULT NULL,
  `discount` varchar(11) DEFAULT NULL,
  `grand_total` varchar(11) DEFAULT NULL,
  `notes` text DEFAULT NULL,
  `authorizer_name` varchar(250) DEFAULT NULL,
  `authorizer_title` varchar(250) DEFAULT NULL,
  `authorizer_signature` text DEFAULT NULL,
  `authorizer_date` date DEFAULT NULL,
  `created_date` date DEFAULT NULL,
  `created_by` varchar(11) DEFAULT NULL,
  `updated_date` date DEFAULT NULL,
  `updated_by` varchar(11) DEFAULT NULL
) ENGINE=InnoDB DEFAULT CHARSET=utf8 COLLATE=utf8_general_ci;

-- --------------------------------------------------------

--
-- Table structure for table `procurement_quotation`
--

CREATE TABLE `procurement_quotation` (
  `quotation_form_id` int(11) NOT NULL,
  `request_form_id` int(11) DEFAULT NULL COMMENT 'Converted request no as quote',
  `bid_analysis_id` int(11) DEFAULT NULL COMMENT 'After using this quote in Bid, the bid id will fill here',
  `purchase_order_id` int(11) DEFAULT NULL COMMENT 'After using this quote in purchase order, the purchase id will fill here',
  `name_of_company` varchar(200) DEFAULT NULL COMMENT 'vendor named as company',
  `vendor_id` varchar(11) DEFAULT NULL,
  `address` text DEFAULT NULL,
  `pin_or_equivalent` varchar(200) DEFAULT NULL,
  `expected_date_delivery` date DEFAULT NULL,
  `place_of_delivery` varchar(200) DEFAULT NULL,
  `signature_and_stamp` text DEFAULT NULL,
  `total` varchar(20) DEFAULT NULL,
  `create_date` date DEFAULT NULL,
  `created_by` varchar(10) DEFAULT NULL,
  `update_date` date DEFAULT NULL,
  `updated_by` varchar(10) DEFAULT NULL
) ENGINE=InnoDB DEFAULT CHARSET=utf8 COLLATE=utf8_general_ci;

-- --------------------------------------------------------

--
-- Table structure for table `procurement_request_form`
--

CREATE TABLE `procurement_request_form` (
  `request_form_id` int(11) NOT NULL,
  `serial_no` varchar(50) DEFAULT NULL,
  `date` date DEFAULT NULL,
  `requesting_dept` varchar(20) DEFAULT NULL,
  `requesting_person` varchar(200) DEFAULT NULL,
  `requesting_reason` text DEFAULT NULL,
  `expected_start_time` date DEFAULT NULL,
  `expected_end_time` date DEFAULT NULL,
  `is_approve` int(1) NOT NULL DEFAULT 0 COMMENT 'If request is approved or not',
  `reason` text DEFAULT NULL COMMENT 'reason for approval',
  `quoted` tinyint(1) DEFAULT 0 COMMENT '0= not quoted , 1 = quoted',
  `created_at` datetime DEFAULT NULL,
  `cteated_by` varchar(50) DEFAULT NULL,
  `update_at` datetime DEFAULT NULL,
  `update_by` varchar(50) DEFAULT NULL
) ENGINE=InnoDB DEFAULT CHARSET=utf8 COLLATE=utf8_general_ci;

-- --------------------------------------------------------

--
-- Table structure for table `procurement_vendor`
--

CREATE TABLE `procurement_vendor` (
  `id` int(11) NOT NULL,
  `vendor_name` varchar(200) DEFAULT NULL,
  `mobile_no` varchar(50) DEFAULT NULL,
  `email` varchar(100) DEFAULT NULL,
  `address` varchar(250) DEFAULT NULL,
  `city` varchar(50) DEFAULT NULL,
  `zip` varchar(100) DEFAULT NULL,
  `country` varchar(100) DEFAULT NULL,
  `previous_balance` varchar(20) DEFAULT NULL,
  `created_at` date DEFAULT NULL,
  `created_by` int(11) DEFAULT NULL,
  `updated_at` date DEFAULT NULL,
  `updated_by` int(11) DEFAULT NULL
) ENGINE=InnoDB DEFAULT CHARSET=utf8 COLLATE=utf8_general_ci;

-- --------------------------------------------------------

--
-- Table structure for table `rate_type`
--

CREATE TABLE `rate_type` (
  `id` int(11) NOT NULL,
  `r_type_name` varchar(30) NOT NULL
) ENGINE=InnoDB DEFAULT CHARSET=latin1 COLLATE=latin1_swedish_ci;

-- --------------------------------------------------------

--
-- Table structure for table `salary_setup_header`
--

CREATE TABLE `salary_setup_header` (
  `s_s_h_id` int(11) UNSIGNED NOT NULL,
  `employee_id` varchar(30) CHARACTER SET latin1 COLLATE latin1_swedish_ci NOT NULL,
  `salary_payable` varchar(30) CHARACTER SET latin1 COLLATE latin1_swedish_ci DEFAULT NULL,
  `absent_deduct` varchar(30) CHARACTER SET latin1 COLLATE latin1_swedish_ci DEFAULT NULL,
  `tax_manager` varchar(30) CHARACTER SET latin1 COLLATE latin1_swedish_ci NOT NULL,
  `status` varchar(30) CHARACTER SET latin1 COLLATE latin1_swedish_ci NOT NULL
) ENGINE=InnoDB DEFAULT CHARSET=utf8 COLLATE=utf8_general_ci;

--
-- Dumping data for table `salary_setup_header`
--

INSERT INTO `salary_setup_header` (`s_s_h_id`, `employee_id`, `salary_payable`, `absent_deduct`, `tax_manager`, `status`) VALUES
(1, '34', NULL, '0', '0', ''),
(2, '34', NULL, '0', '0', ''),
(3, '34', NULL, '0', '0', ''),
(4, '1', NULL, '0', '0', ''),
(5, '34', NULL, '0', '0', ''),
(6, '34', NULL, '0', '0', ''),
(7, '34', NULL, '0', '0', ''),
(8, '34', NULL, '0', '0', ''),
(9, '2', NULL, '0', '0', ''),
(10, '2', NULL, '0', '0', ''),
(11, '6', NULL, '0', '0', ''),
(12, '6', NULL, '0', '0', ''),
(13, '2', NULL, '0', '1', ''),
(14, '5', NULL, '0', '0', ''),
(15, '6', NULL, '0', '1', ''),
(16, '7', NULL, '0', '1', ''),
(17, '25', NULL, '0', '0', ''),
(18, '3', NULL, '0', '1', ''),
(19, '8', NULL, '0', '1', ''),
(20, '9', NULL, '0', '1', '');

-- --------------------------------------------------------

--
-- Table structure for table `salary_sheet_generate`
--

CREATE TABLE `salary_sheet_generate` (
  `ssg_id` int(11) UNSIGNED NOT NULL,
  `name` varchar(30) CHARACTER SET latin1 COLLATE latin1_swedish_ci NOT NULL,
  `gdate` varchar(20) DEFAULT NULL,
  `start_date` varchar(30) CHARACTER SET latin1 COLLATE latin1_swedish_ci NOT NULL,
  `end_date` varchar(30) CHARACTER SET latin1 COLLATE latin1_swedish_ci NOT NULL,
  `generate_by` varchar(30) CHARACTER SET latin1 COLLATE latin1_swedish_ci NOT NULL
) ENGINE=InnoDB DEFAULT CHARSET=utf8 COLLATE=utf8_general_ci;

--
-- Dumping data for table `salary_sheet_generate`
--

INSERT INTO `salary_sheet_generate` (`ssg_id`, `name`, `gdate`, `start_date`, `end_date`, `generate_by`) VALUES
(3, 'September 2021', '2021-11-04', '2021-9-1', '2021-9-30', 'Virendra Rathore'),
(4, 'April 2022', '2022-05-12', '2022-4-1', '2022-4-30', 'Heena  Sharma'),
(5, 'May 2022', '2022-05-12', '2022-5-1', '2022-5-31', 'Virendra Rathore'),
(6, 'March 2022', '2022-05-12', '2022-3-1', '2022-3-31', 'Virendra Rathore');

-- --------------------------------------------------------

--
-- Table structure for table `salary_type`
--

CREATE TABLE `salary_type` (
  `salary_type_id` int(10) UNSIGNED NOT NULL,
  `sal_name` varchar(50) CHARACTER SET latin1 COLLATE latin1_swedish_ci NOT NULL,
  `emp_sal_type` varchar(50) CHARACTER SET latin1 COLLATE latin1_swedish_ci NOT NULL,
  `default_amount` varchar(30) NOT NULL,
  `status` varchar(50) NOT NULL
) ENGINE=InnoDB DEFAULT CHARSET=utf8 COLLATE=utf8_general_ci;

--
-- Dumping data for table `salary_type`
--

INSERT INTO `salary_type` (`salary_type_id`, `sal_name`, `emp_sal_type`, `default_amount`, `status`) VALUES
(5, 'HRA', '1', '', ''),
(6, 'Conveyance ', '1', '', ''),
(7, 'City Allowances ', '1', '', ''),
(8, 'Basic', '1', '', '');

-- --------------------------------------------------------

--
-- Table structure for table `sec_menu_item`
--

CREATE TABLE `sec_menu_item` (
  `menu_id` int(11) NOT NULL,
  `menu_title` varchar(200) DEFAULT NULL,
  `page_url` varchar(250) DEFAULT NULL,
  `module` varchar(200) DEFAULT NULL,
  `parent_menu` int(11) DEFAULT NULL,
  `is_report` tinyint(1) DEFAULT NULL,
  `createby` int(11) NOT NULL,
  `createdate` datetime NOT NULL
) ENGINE=InnoDB DEFAULT CHARSET=utf8 COLLATE=utf8_unicode_ci;

--
-- Dumping data for table `sec_menu_item`
--

INSERT INTO `sec_menu_item` (`menu_id`, `menu_title`, `page_url`, `module`, `parent_menu`, `is_report`, `createby`, `createdate`) VALUES
(134, 'asset_type', 'type_form', 'asset', 0, 0, 2, '2018-10-04 00:00:00'),
(137, 'equipment', 'equipment_form', 'asset', NULL, 0, 2, '2018-10-04 00:00:00'),
(142, 'asset_assignment', 'maping_form', 'asset', NULL, 0, 2, '2018-10-04 00:00:00'),
(143, 'return', '', 'asset', NULL, 0, 2, '2018-10-04 00:00:00'),
(144, 'return_asset', 'asset_return_form', 'asset', 143, 0, 2, '2018-10-04 00:00:00'),
(145, 'return_list', 'return_list', 'asset', 143, 0, 2, '2018-10-04 00:00:00'),
(147, 'attendance', '', 'attendance', 0, 0, 2, '2018-10-04 00:00:00'),
(148, 'atn_form', 'atnview', 'attendance', 147, 0, 2, '2018-10-04 00:00:00'),
(149, 'new_award', 'award_form', 'award', 0, 0, 2, '2018-10-04 00:00:00'),
(150, 'candidate_basic_info', '', 'recruitment', 0, 0, 2, '2018-10-04 00:00:00'),
(151, 'add_canbasic_info', 'canInfo_form', 'recruitment', 150, 0, 2, '2018-10-04 00:00:00'),
(152, 'can_basicinfo_list', 'canInfoview', 'recruitment', 150, 0, 2, '2018-10-04 00:00:00'),
(153, 'candidate_shortlist', 'shortlist_form', 'recruitment', 0, 0, 2, '2018-10-04 00:00:00'),
(154, 'candidate_interview', 'interview_form', 'recruitment', 0, 0, 2, '2018-10-04 00:00:00'),
(155, 'candidate_selection', 'selection_form', 'recruitment', 0, 0, 2, '2018-10-04 00:00:00'),
(156, 'department', 'dept_form', 'department', 0, 0, 2, '2018-10-04 00:00:00'),
(157, 'division', '', 'department', 0, 0, 2, '2018-10-04 00:00:00'),
(158, 'add_division', 'division_form', 'department', 157, 0, 2, '2018-10-04 00:00:00'),
(159, 'division_list', 'division_list', 'department', 157, 0, 2, '2018-10-04 00:00:00'),
(161, 'position', 'position_form', 'employee', 0, 0, 2, '2018-10-04 00:00:00'),
(162, 'direct_empl', '', 'employee', 0, 0, 2, '2018-10-04 00:00:00'),
(163, 'add_employee', 'employ_form', 'employee', 162, 0, 2, '2018-10-04 00:00:00'),
(164, 'manage_employee', 'employee_view', 'employee', 162, 0, 2, '2018-10-04 00:00:00'),
(165, 'emp_performance', 'emp_performance_form', 'employee', 0, 0, 2, '2018-10-04 00:00:00'),
(167, 'weekly_holiday', 'weeklyform', 'leave', 0, 0, 2, '2018-10-08 00:00:00'),
(168, 'holiday', 'holiday_form', 'leave', 0, 0, 2, '2018-10-08 00:00:00'),
(169, 'others_leave_application', '', 'leave', NULL, 0, 2, '2018-10-08 00:00:00'),
(170, 'loan_grand', 'grandloan_form', 'loan', 0, 0, 2, '2018-10-08 00:00:00'),
(171, 'loan_installment', 'installment_form', 'loan', 0, 0, 2, '2018-10-08 00:00:00'),
(172, 'loan_report', 'ln_report', 'loan', 0, 0, 2, '2018-10-08 00:00:00'),
(173, 'notice', 'notice_form', 'noticeboard', 0, 0, 2, '2018-10-08 00:00:00'),
(174, 'salary_type_setup', 'emp_salarysetup_form', 'payroll', NULL, 0, 2, '2018-10-08 00:00:00'),
(175, 'salary_setup', 'salarysetup_form', 'payroll', 0, 0, 2, '2018-10-08 00:00:00'),
(176, 'salary_generate', 'salary_generate_form', 'payroll', 0, 0, 2, '2018-10-08 00:00:00'),
(177, 'employee_reports', '', 'reports', 0, 0, 2, '2018-10-09 00:00:00'),
(178, 'demographic_report', 'demographic_list', 'reports', 177, 0, 2, '2018-10-09 00:00:00'),
(179, 'posting_report', 'positional_list', 'reports', 177, 0, 2, '2018-10-09 00:00:00'),
(180, 'asset', 'assets_list', 'reports', 177, 0, 2, '2018-10-09 00:00:00'),
(181, 'benifit_report', 'benifit_list', 'reports', 177, 0, 2, '2018-10-09 00:00:00'),
(182, 'custom_report', 'custom_list', 'reports', 177, 0, 2, '2018-10-09 00:00:00'),
(183, 'adhoc_report', 'adhoc_form', 'reports', 0, 0, 2, '2018-10-09 00:00:00'),
(186, 'add_leave_type', 'leave_type_form', 'leave', 169, 0, 2, '2018-10-16 00:00:00'),
(187, 'leave_application', 'other_leave_application_form', 'leave', 169, 0, 2, '2018-10-16 00:00:00'),
(188, 'c_o_a', 'treeview', 'accounts', NULL, 0, 2, '2018-10-18 00:00:00'),
(189, 'balance_adjustment', 'balance_adjustment', 'accounts', 0, 0, 2, '2019-12-14 00:00:00'),
(190, 'cash_adjustment', 'cash_adjustment', 'accounts', 0, 0, 2, '2019-12-14 00:00:00'),
(191, 'bank_adjustment', 'bank_adjustment', 'accounts', 0, 0, 2, '2019-12-14 00:00:00'),
(192, 'payment_type', 'payment_type', 'accounts', 0, 0, 2, '2019-12-14 00:00:00'),
(193, 'debit_voucher', 'debit_voucher', 'accounts', 0, 0, 2, '2018-10-18 00:00:00'),
(194, 'credit_voucher', 'credit_voucher', 'accounts', 0, 0, 2, '2018-10-18 00:00:00'),
(195, 'contra_voucher', 'contra_voucher', 'accounts', 0, 0, 2, '2018-10-18 00:00:00'),
(196, 'journal_voucher', 'journal_voucher', 'accounts', 0, 0, 2, '2018-10-18 00:00:00'),
(197, 'voucher_approval', 'voucher_approve', 'accounts', 0, 0, 2, '2018-10-18 00:00:00'),
(198, 'account_report', '', 'accounts', 0, 0, 2, '2018-10-18 00:00:00'),
(199, 'voucher_report', 'coa', 'accounts', 194, 0, 2, '2018-10-18 00:00:00'),
(200, 'cash_book', 'cash_book', 'accounts', 194, 0, 2, '2018-10-18 00:00:00'),
(201, 'bank_book', 'bank_book', 'accounts', 194, 0, 2, '2018-10-18 00:00:00'),
(202, 'general_ledger', 'general_ledger', 'accounts', 194, 0, 2, '2018-10-18 00:00:00'),
(203, 'trial_balance', 'trial_balance', 'accounts', 194, 0, 2, '2018-10-18 00:00:00'),
(204, 'add_bank', 'add_bank', 'bank', 0, 0, 2, '2019-12-14 00:00:00'),
(205, 'bank_list', 'bank_list', 'bank', 0, 0, 2, '2019-12-14 00:00:00'),
(206, 'profit_loss', 'profit_loss_report', 'accounts', 194, 0, 2, '2018-10-18 00:00:00'),
(207, 'cash_flow', 'cash_flow_report', 'accounts', 194, 0, 2, '2018-10-18 00:00:00'),
(208, 'coa_print', 'coa_print', 'accounts', 194, 0, 2, '2018-10-18 00:00:00'),
(211, 'atn_log_datewise', 'attendance_log_datewise', 'attendance', 147, 0, 2, '2019-12-14 00:00:00'),
(212, 'device_connection', 'device_connect_form', 'attendance', 0, 0, 2, '2019-12-14 00:00:00'),
(213, 'expense_item', 'add_expense', 'expense', 0, 0, 2, '2019-12-14 00:00:00'),
(214, 'expense_sheet', 'expense_sheet', 'expense', 0, 0, 2, '2019-12-14 00:00:00'),
(215, 'expense_statement', 'expense_statement_form', 'expense', 0, 0, 2, '2019-12-14 00:00:00'),
(216, 'income_field', 'add_income', 'income', 0, 0, 2, '2019-12-14 00:00:00'),
(217, 'income_sheet', 'income_sheet', 'income', 0, 0, 2, '2019-12-14 00:00:00'),
(218, 'income_statement', 'income_statement_form', 'income', 0, 0, 2, '2019-12-14 00:00:00'),
(219, 'emp_sal_payment', 'paymentview', 'payroll', 0, 0, 2, '2019-12-14 00:00:00'),
(220, 'attendence_point', 'attendence_point', 'rewardpoint', 0, 0, 19, '2020-12-31 00:00:00'),
(221, 'employee_point', 'employee_point', 'rewardpoint', 0, 0, 1, '2020-12-28 00:00:00'),
(222, 'collaborative_point', 'collaborative_point', 'rewardpoint', 0, 0, 1, '2020-12-28 00:00:00'),
(223, 'management_point', 'management_point', 'rewardpoint', 0, 0, 1, '2020-12-28 00:00:00'),
(224, 'point_categories', 'point_categories', 'rewardpoint', 0, 0, 1, '2020-12-28 00:00:00'),
(225, 'point_settings', 'point_settings', 'rewardpoint', 0, 0, 1, '2020-12-28 00:00:00'),
(226, 'requests', 'requests', 'procurements', 0, 0, 1, '2021-03-10 00:00:00'),
(227, 'request_form', 'request_form', 'procurements', 226, 0, 1, '2021-03-10 00:00:00'),
(228, 'request_list', 'request_list', 'procurements', 226, 0, 1, '2021-03-10 00:00:00'),
(229, 'request_approval', 'request_approval', 'procurements', 226, 0, 1, '2021-03-10 00:00:00'),
(230, 'quotation', '', 'procurements', 0, 0, 1, '2021-03-10 00:00:00'),
(231, 'bid_analysis', '', 'procurements', 0, 0, 1, '2021-03-10 00:00:00'),
(232, 'bid_analysis_form', 'bid_analysis_form', 'procurements', 231, 0, 1, '2021-03-10 00:00:00'),
(233, 'bid_analysis_list', 'bid_analysis_list', 'procurements', 231, 0, 1, '2021-03-10 00:00:00'),
(234, 'purchase_order', '', 'procurements', 0, 0, 1, '2021-03-10 00:00:00'),
(235, 'purchase_order_form', 'purchase_order_form', 'procurements', 234, 0, 1, '2021-03-10 00:00:00'),
(236, 'purchase_order_list', 'purchase_order_list', 'procurements', 234, 0, 1, '2021-03-10 00:00:00'),
(237, 'good_received', '', 'procurements', 0, 0, 1, '2021-03-10 00:00:00'),
(238, 'good_received_form', 'good_received_form', 'procurements', 237, 0, 1, '2021-03-10 00:00:00'),
(239, 'good_received_list', 'good_received_list', 'procurements', 237, 0, 1, '2021-03-10 00:00:00'),
(243, 'vendors', '', 'procurements', 0, 0, 1, '2021-03-10 00:00:00'),
(246, 'vendor', 'vendor', 'procurements', 243, 0, 1, '2021-03-10 00:00:00'),
(247, 'vendor_list', 'vendor_list', 'procurements', 243, 0, 1, '2021-03-10 00:00:00');

-- --------------------------------------------------------

--
-- Table structure for table `sec_role_permission`
--

CREATE TABLE `sec_role_permission` (
  `id` bigint(20) NOT NULL,
  `role_id` int(11) NOT NULL,
  `menu_id` int(11) NOT NULL,
  `can_access` tinyint(1) NOT NULL,
  `can_create` tinyint(1) NOT NULL,
  `can_edit` tinyint(1) NOT NULL,
  `can_delete` tinyint(1) NOT NULL,
  `createby` int(11) NOT NULL,
  `createdate` datetime NOT NULL
) ENGINE=InnoDB DEFAULT CHARSET=utf8 COLLATE=utf8_unicode_ci;

--
-- Dumping data for table `sec_role_permission`
--

INSERT INTO `sec_role_permission` (`id`, `role_id`, `menu_id`, `can_access`, `can_create`, `can_edit`, `can_delete`, `createby`, `createdate`) VALUES
(2941, 3, 188, 0, 0, 0, 0, 1, '2021-07-30 12:21:27'),
(2942, 3, 189, 0, 0, 0, 0, 1, '2021-07-30 12:21:27'),
(2943, 3, 190, 0, 0, 0, 0, 1, '2021-07-30 12:21:27'),
(2944, 3, 191, 0, 0, 0, 0, 1, '2021-07-30 12:21:27'),
(2945, 3, 192, 1, 1, 1, 1, 1, '2021-07-30 12:21:27'),
(2946, 3, 193, 1, 1, 1, 1, 1, '2021-07-30 12:21:27'),
(2947, 3, 194, 1, 1, 1, 1, 1, '2021-07-30 12:21:27'),
(2948, 3, 195, 1, 1, 1, 1, 1, '2021-07-30 12:21:27'),
(2949, 3, 196, 1, 1, 1, 1, 1, '2021-07-30 12:21:27'),
(2950, 3, 197, 1, 1, 1, 1, 1, '2021-07-30 12:21:27'),
(2951, 3, 198, 1, 1, 1, 1, 1, '2021-07-30 12:21:27'),
(2952, 3, 199, 1, 1, 1, 1, 1, '2021-07-30 12:21:27'),
(2953, 3, 200, 1, 1, 1, 1, 1, '2021-07-30 12:21:27'),
(2954, 3, 201, 0, 0, 0, 0, 1, '2021-07-30 12:21:27'),
(2955, 3, 202, 0, 0, 0, 0, 1, '2021-07-30 12:21:27'),
(2956, 3, 203, 0, 0, 0, 0, 1, '2021-07-30 12:21:27'),
(2957, 3, 206, 0, 0, 0, 0, 1, '2021-07-30 12:21:27'),
(2958, 3, 207, 0, 0, 0, 0, 1, '2021-07-30 12:21:27'),
(2959, 3, 208, 0, 0, 0, 0, 1, '2021-07-30 12:21:27'),
(2960, 3, 134, 1, 1, 1, 1, 1, '2021-07-30 12:21:27'),
(2961, 3, 137, 1, 1, 1, 1, 1, '2021-07-30 12:21:27'),
(2962, 3, 142, 1, 1, 1, 1, 1, '2021-07-30 12:21:27'),
(2963, 3, 143, 1, 1, 1, 1, 1, '2021-07-30 12:21:27'),
(2964, 3, 144, 1, 1, 1, 1, 1, '2021-07-30 12:21:27'),
(2965, 3, 145, 1, 1, 1, 1, 1, '2021-07-30 12:21:27'),
(2966, 3, 147, 1, 1, 1, 1, 1, '2021-07-30 12:21:27'),
(2967, 3, 148, 1, 1, 1, 1, 1, '2021-07-30 12:21:27'),
(2968, 3, 211, 1, 1, 1, 1, 1, '2021-07-30 12:21:27'),
(2969, 3, 212, 1, 1, 1, 1, 1, '2021-07-30 12:21:27'),
(2970, 3, 149, 1, 1, 1, 1, 1, '2021-07-30 12:21:27'),
(2971, 3, 204, 1, 1, 1, 1, 1, '2021-07-30 12:21:27'),
(2972, 3, 205, 1, 1, 1, 1, 1, '2021-07-30 12:21:27'),
(2973, 3, 156, 1, 1, 1, 1, 1, '2021-07-30 12:21:27'),
(2974, 3, 157, 1, 1, 1, 1, 1, '2021-07-30 12:21:27'),
(2975, 3, 158, 1, 1, 1, 1, 1, '2021-07-30 12:21:27'),
(2976, 3, 159, 1, 1, 1, 1, 1, '2021-07-30 12:21:27'),
(2977, 3, 161, 1, 1, 1, 1, 1, '2021-07-30 12:21:27'),
(2978, 3, 162, 1, 1, 1, 1, 1, '2021-07-30 12:21:27'),
(2979, 3, 163, 1, 1, 1, 1, 1, '2021-07-30 12:21:27'),
(2980, 3, 164, 1, 1, 1, 1, 1, '2021-07-30 12:21:27'),
(2981, 3, 165, 1, 1, 1, 1, 1, '2021-07-30 12:21:27'),
(2982, 3, 213, 1, 1, 1, 1, 1, '2021-07-30 12:21:27'),
(2983, 3, 214, 1, 1, 1, 1, 1, '2021-07-30 12:21:27'),
(2984, 3, 215, 1, 1, 1, 1, 1, '2021-07-30 12:21:27'),
(2985, 3, 216, 0, 0, 0, 0, 1, '2021-07-30 12:21:27'),
(2986, 3, 217, 0, 0, 0, 0, 1, '2021-07-30 12:21:27'),
(2987, 3, 218, 0, 0, 0, 0, 1, '2021-07-30 12:21:27'),
(2988, 3, 167, 1, 1, 1, 1, 1, '2021-07-30 12:21:27'),
(2989, 3, 168, 1, 1, 1, 1, 1, '2021-07-30 12:21:27'),
(2990, 3, 169, 1, 1, 1, 1, 1, '2021-07-30 12:21:27'),
(2991, 3, 186, 1, 1, 1, 1, 1, '2021-07-30 12:21:27'),
(2992, 3, 187, 1, 1, 1, 1, 1, '2021-07-30 12:21:27'),
(2993, 3, 170, 1, 1, 1, 1, 1, '2021-07-30 12:21:27'),
(2994, 3, 171, 1, 1, 1, 1, 1, '2021-07-30 12:21:27'),
(2995, 3, 172, 1, 1, 1, 1, 1, '2021-07-30 12:21:27'),
(2996, 3, 173, 1, 1, 1, 1, 1, '2021-07-30 12:21:27'),
(2997, 3, 174, 1, 1, 1, 1, 1, '2021-07-30 12:21:27'),
(2998, 3, 175, 1, 1, 1, 1, 1, '2021-07-30 12:21:27'),
(2999, 3, 176, 1, 1, 1, 1, 1, '2021-07-30 12:21:27'),
(3000, 3, 219, 1, 1, 1, 1, 1, '2021-07-30 12:21:27'),
(3001, 3, 226, 1, 1, 1, 1, 1, '2021-07-30 12:21:27'),
(3002, 3, 227, 1, 1, 1, 1, 1, '2021-07-30 12:21:27'),
(3003, 3, 228, 1, 1, 1, 1, 1, '2021-07-30 12:21:27'),
(3004, 3, 229, 1, 1, 1, 1, 1, '2021-07-30 12:21:27'),
(3005, 3, 230, 1, 1, 1, 1, 1, '2021-07-30 12:21:27'),
(3006, 3, 231, 1, 1, 1, 1, 1, '2021-07-30 12:21:27'),
(3007, 3, 232, 1, 1, 1, 1, 1, '2021-07-30 12:21:27'),
(3008, 3, 233, 1, 1, 1, 1, 1, '2021-07-30 12:21:27'),
(3009, 3, 234, 1, 1, 1, 1, 1, '2021-07-30 12:21:27'),
(3010, 3, 235, 1, 1, 1, 1, 1, '2021-07-30 12:21:27'),
(3011, 3, 236, 1, 1, 1, 1, 1, '2021-07-30 12:21:27'),
(3012, 3, 237, 1, 1, 1, 1, 1, '2021-07-30 12:21:27'),
(3013, 3, 238, 1, 1, 1, 1, 1, '2021-07-30 12:21:27'),
(3014, 3, 239, 1, 1, 1, 1, 1, '2021-07-30 12:21:27'),
(3015, 3, 243, 1, 1, 1, 1, 1, '2021-07-30 12:21:27'),
(3016, 3, 246, 1, 1, 1, 1, 1, '2021-07-30 12:21:27'),
(3017, 3, 247, 1, 1, 1, 1, 1, '2021-07-30 12:21:27'),
(3018, 3, 150, 1, 1, 1, 1, 1, '2021-07-30 12:21:27'),
(3019, 3, 151, 1, 1, 1, 1, 1, '2021-07-30 12:21:27'),
(3020, 3, 152, 1, 1, 1, 1, 1, '2021-07-30 12:21:27'),
(3021, 3, 153, 1, 1, 1, 1, 1, '2021-07-30 12:21:27'),
(3022, 3, 154, 1, 1, 1, 1, 1, '2021-07-30 12:21:27'),
(3023, 3, 155, 1, 1, 1, 1, 1, '2021-07-30 12:21:27'),
(3024, 3, 177, 1, 1, 1, 1, 1, '2021-07-30 12:21:27'),
(3025, 3, 178, 1, 1, 1, 1, 1, '2021-07-30 12:21:27'),
(3026, 3, 179, 1, 1, 1, 1, 1, '2021-07-30 12:21:27'),
(3027, 3, 180, 1, 1, 1, 1, 1, '2021-07-30 12:21:27'),
(3028, 3, 181, 1, 1, 1, 1, 1, '2021-07-30 12:21:27'),
(3029, 3, 182, 1, 1, 1, 1, 1, '2021-07-30 12:21:27'),
(3030, 3, 183, 1, 1, 1, 1, 1, '2021-07-30 12:21:27'),
(3031, 3, 220, 1, 1, 1, 1, 1, '2021-07-30 12:21:27'),
(3032, 3, 221, 1, 1, 1, 1, 1, '2021-07-30 12:21:27'),
(3033, 3, 222, 1, 1, 1, 1, 1, '2021-07-30 12:21:27'),
(3034, 3, 223, 1, 1, 1, 1, 1, '2021-07-30 12:21:27'),
(3035, 3, 224, 1, 1, 1, 1, 1, '2021-07-30 12:21:27'),
(3036, 3, 225, 1, 1, 1, 1, 1, '2021-07-30 12:21:27'),
(3325, 1, 188, 0, 0, 0, 0, 1, '2022-05-10 06:15:17'),
(3326, 1, 189, 0, 0, 0, 0, 1, '2022-05-10 06:15:17'),
(3327, 1, 190, 0, 0, 0, 0, 1, '2022-05-10 06:15:17'),
(3328, 1, 191, 0, 0, 0, 0, 1, '2022-05-10 06:15:17'),
(3329, 1, 192, 0, 0, 0, 0, 1, '2022-05-10 06:15:17'),
(3330, 1, 193, 0, 0, 0, 0, 1, '2022-05-10 06:15:17'),
(3331, 1, 194, 0, 0, 0, 0, 1, '2022-05-10 06:15:17'),
(3332, 1, 195, 0, 0, 0, 0, 1, '2022-05-10 06:15:17'),
(3333, 1, 196, 0, 0, 0, 0, 1, '2022-05-10 06:15:17'),
(3334, 1, 197, 0, 0, 0, 0, 1, '2022-05-10 06:15:17'),
(3335, 1, 198, 0, 0, 0, 0, 1, '2022-05-10 06:15:17'),
(3336, 1, 199, 0, 0, 0, 0, 1, '2022-05-10 06:15:17'),
(3337, 1, 200, 0, 0, 0, 0, 1, '2022-05-10 06:15:17'),
(3338, 1, 201, 0, 0, 0, 0, 1, '2022-05-10 06:15:17'),
(3339, 1, 202, 0, 0, 0, 0, 1, '2022-05-10 06:15:17'),
(3340, 1, 203, 0, 0, 0, 0, 1, '2022-05-10 06:15:17'),
(3341, 1, 206, 0, 0, 0, 0, 1, '2022-05-10 06:15:17'),
(3342, 1, 207, 0, 0, 0, 0, 1, '2022-05-10 06:15:17'),
(3343, 1, 208, 0, 0, 0, 0, 1, '2022-05-10 06:15:17'),
(3344, 1, 134, 0, 0, 0, 0, 1, '2022-05-10 06:15:17'),
(3345, 1, 137, 0, 0, 0, 0, 1, '2022-05-10 06:15:17'),
(3346, 1, 142, 0, 0, 0, 0, 1, '2022-05-10 06:15:17'),
(3347, 1, 143, 0, 0, 0, 0, 1, '2022-05-10 06:15:17'),
(3348, 1, 144, 0, 0, 0, 0, 1, '2022-05-10 06:15:17'),
(3349, 1, 145, 0, 0, 0, 0, 1, '2022-05-10 06:15:17'),
(3350, 1, 147, 1, 0, 1, 0, 1, '2022-05-10 06:15:17'),
(3351, 1, 148, 1, 1, 0, 0, 1, '2022-05-10 06:15:17'),
(3352, 1, 211, 1, 1, 0, 0, 1, '2022-05-10 06:15:17'),
(3353, 1, 212, 1, 1, 1, 0, 1, '2022-05-10 06:15:17'),
(3354, 1, 149, 0, 0, 0, 0, 1, '2022-05-10 06:15:17'),
(3355, 1, 204, 0, 0, 0, 0, 1, '2022-05-10 06:15:17'),
(3356, 1, 205, 0, 0, 0, 0, 1, '2022-05-10 06:15:17'),
(3357, 1, 156, 0, 0, 0, 0, 1, '2022-05-10 06:15:17'),
(3358, 1, 157, 0, 0, 0, 0, 1, '2022-05-10 06:15:17'),
(3359, 1, 158, 0, 0, 0, 0, 1, '2022-05-10 06:15:17'),
(3360, 1, 159, 0, 0, 0, 0, 1, '2022-05-10 06:15:17'),
(3361, 1, 161, 0, 0, 0, 0, 1, '2022-05-10 06:15:17'),
(3362, 1, 162, 0, 0, 0, 0, 1, '2022-05-10 06:15:17'),
(3363, 1, 163, 0, 0, 0, 0, 1, '2022-05-10 06:15:17'),
(3364, 1, 164, 0, 0, 0, 0, 1, '2022-05-10 06:15:17'),
(3365, 1, 165, 0, 0, 0, 0, 1, '2022-05-10 06:15:17'),
(3366, 1, 213, 0, 0, 0, 0, 1, '2022-05-10 06:15:17'),
(3367, 1, 214, 0, 0, 0, 0, 1, '2022-05-10 06:15:17'),
(3368, 1, 215, 0, 0, 0, 0, 1, '2022-05-10 06:15:17'),
(3369, 1, 216, 0, 0, 0, 0, 1, '2022-05-10 06:15:17'),
(3370, 1, 217, 0, 0, 0, 0, 1, '2022-05-10 06:15:17'),
(3371, 1, 218, 0, 0, 0, 0, 1, '2022-05-10 06:15:17'),
(3372, 1, 167, 0, 0, 0, 0, 1, '2022-05-10 06:15:17'),
(3373, 1, 168, 0, 0, 0, 0, 1, '2022-05-10 06:15:17'),
(3374, 1, 169, 0, 1, 0, 0, 1, '2022-05-10 06:15:17'),
(3375, 1, 186, 0, 0, 0, 0, 1, '2022-05-10 06:15:17'),
(3376, 1, 187, 0, 1, 0, 0, 1, '2022-05-10 06:15:17'),
(3377, 1, 170, 0, 0, 0, 0, 1, '2022-05-10 06:15:17'),
(3378, 1, 171, 0, 0, 0, 0, 1, '2022-05-10 06:15:17'),
(3379, 1, 172, 0, 0, 0, 0, 1, '2022-05-10 06:15:17'),
(3380, 1, 173, 1, 0, 0, 0, 1, '2022-05-10 06:15:17'),
(3381, 1, 174, 0, 0, 0, 0, 1, '2022-05-10 06:15:17'),
(3382, 1, 175, 0, 0, 0, 0, 1, '2022-05-10 06:15:17'),
(3383, 1, 176, 0, 0, 0, 0, 1, '2022-05-10 06:15:17'),
(3384, 1, 219, 0, 0, 0, 0, 1, '2022-05-10 06:15:17'),
(3385, 1, 226, 0, 0, 0, 0, 1, '2022-05-10 06:15:17'),
(3386, 1, 227, 0, 0, 0, 0, 1, '2022-05-10 06:15:17'),
(3387, 1, 228, 0, 0, 0, 0, 1, '2022-05-10 06:15:17'),
(3388, 1, 229, 0, 0, 0, 0, 1, '2022-05-10 06:15:17'),
(3389, 1, 230, 0, 0, 0, 0, 1, '2022-05-10 06:15:17'),
(3390, 1, 231, 0, 0, 0, 0, 1, '2022-05-10 06:15:17'),
(3391, 1, 232, 0, 0, 0, 0, 1, '2022-05-10 06:15:17'),
(3392, 1, 233, 0, 0, 0, 0, 1, '2022-05-10 06:15:17'),
(3393, 1, 234, 0, 0, 0, 0, 1, '2022-05-10 06:15:17'),
(3394, 1, 235, 0, 0, 0, 0, 1, '2022-05-10 06:15:17'),
(3395, 1, 236, 0, 0, 0, 0, 1, '2022-05-10 06:15:17'),
(3396, 1, 237, 0, 0, 0, 0, 1, '2022-05-10 06:15:17'),
(3397, 1, 238, 0, 0, 0, 0, 1, '2022-05-10 06:15:17'),
(3398, 1, 239, 0, 0, 0, 0, 1, '2022-05-10 06:15:17'),
(3399, 1, 243, 0, 0, 0, 0, 1, '2022-05-10 06:15:17'),
(3400, 1, 246, 0, 0, 0, 0, 1, '2022-05-10 06:15:17'),
(3401, 1, 247, 0, 0, 0, 0, 1, '2022-05-10 06:15:17'),
(3402, 1, 150, 0, 0, 0, 0, 1, '2022-05-10 06:15:17'),
(3403, 1, 151, 0, 0, 0, 0, 1, '2022-05-10 06:15:17'),
(3404, 1, 152, 0, 0, 0, 0, 1, '2022-05-10 06:15:17'),
(3405, 1, 153, 0, 0, 0, 0, 1, '2022-05-10 06:15:17'),
(3406, 1, 154, 0, 0, 0, 0, 1, '2022-05-10 06:15:17'),
(3407, 1, 155, 0, 0, 0, 0, 1, '2022-05-10 06:15:17'),
(3408, 1, 177, 0, 0, 0, 0, 1, '2022-05-10 06:15:17'),
(3409, 1, 178, 0, 0, 0, 0, 1, '2022-05-10 06:15:17'),
(3410, 1, 179, 0, 0, 0, 0, 1, '2022-05-10 06:15:17'),
(3411, 1, 180, 0, 0, 0, 0, 1, '2022-05-10 06:15:17'),
(3412, 1, 181, 0, 0, 0, 0, 1, '2022-05-10 06:15:17'),
(3413, 1, 182, 0, 0, 0, 0, 1, '2022-05-10 06:15:17'),
(3414, 1, 183, 0, 0, 0, 0, 1, '2022-05-10 06:15:17'),
(3415, 1, 220, 1, 0, 0, 0, 1, '2022-05-10 06:15:17'),
(3416, 1, 221, 1, 0, 0, 0, 1, '2022-05-10 06:15:17'),
(3417, 1, 222, 1, 0, 0, 0, 1, '2022-05-10 06:15:17'),
(3418, 1, 223, 1, 0, 0, 0, 1, '2022-05-10 06:15:17'),
(3419, 1, 224, 1, 0, 0, 0, 1, '2022-05-10 06:15:17'),
(3420, 1, 225, 1, 0, 0, 0, 1, '2022-05-10 06:15:17');

-- --------------------------------------------------------

--
-- Table structure for table `sec_role_tbl`
--

CREATE TABLE `sec_role_tbl` (
  `role_id` int(11) NOT NULL,
  `role_name` text NOT NULL,
  `role_description` text NOT NULL,
  `create_by` int(11) DEFAULT NULL,
  `date_time` datetime DEFAULT NULL,
  `role_status` int(11) NOT NULL DEFAULT 1
) ENGINE=InnoDB DEFAULT CHARSET=utf8 COLLATE=utf8_general_ci;

--
-- Dumping data for table `sec_role_tbl`
--

INSERT INTO `sec_role_tbl` (`role_id`, `role_name`, `role_description`, `create_by`, `date_time`, `role_status`) VALUES
(1, 'Employee', 'All employee get default this role', 2, '2020-04-04 11:22:31', 1),
(3, 'HR', 'Manage Employees', 1, '2021-07-29 06:05:41', 1);

-- --------------------------------------------------------

--
-- Table structure for table `sec_user_access_tbl`
--

CREATE TABLE `sec_user_access_tbl` (
  `role_acc_id` int(11) NOT NULL,
  `fk_role_id` int(11) NOT NULL,
  `fk_user_id` int(11) NOT NULL
) ENGINE=InnoDB DEFAULT CHARSET=utf8 COLLATE=utf8_general_ci;

--
-- Dumping data for table `sec_user_access_tbl`
--

INSERT INTO `sec_user_access_tbl` (`role_acc_id`, `fk_role_id`, `fk_user_id`) VALUES
(2, 3, 2),
(3, 1, 3),
(4, 1, 4),
(5, 1, 5),
(6, 1, 6),
(7, 1, 7),
(8, 1, 8),
(9, 1, 8),
(10, 1, 9),
(11, 1, 10),
(12, 1, 11),
(13, 1, 12),
(14, 1, 13),
(15, 1, 9),
(16, 1, 10),
(17, 1, 11),
(18, 1, 12),
(19, 1, 13),
(20, 1, 14),
(21, 1, 15),
(22, 1, 16),
(23, 1, 17),
(24, 1, 18),
(25, 1, 19),
(26, 1, 20),
(27, 1, 21),
(28, 1, 22),
(29, 1, 23),
(30, 1, 24),
(31, 1, 25),
(32, 1, 26),
(33, 1, 27),
(34, 1, 28),
(35, 1, 29),
(36, 1, 30),
(37, 1, 31),
(38, 1, 32),
(39, 1, 33),
(40, 1, 34),
(41, 1, 35),
(42, 1, 36),
(43, 1, 37),
(44, 1, 38),
(45, 1, 39),
(46, 1, 40),
(47, 1, 41),
(48, 1, 42),
(49, 1, 43),
(50, 1, 44),
(51, 1, 45),
(52, 1, 46),
(53, 1, 47),
(54, 1, 53),
(56, 1, 51),
(57, 1, 49),
(58, 1, 52),
(59, 1, 50),
(60, 1, 70),
(61, 1, 71),
(62, 1, 72),
(63, 1, 74),
(66, 1, 76),
(67, 1, 77),
(72, 1, 79),
(73, 1, 80),
(76, 1, 81),
(77, 1, 82),
(78, 1, 83),
(79, 1, 84),
(80, 1, 85),
(81, 1, 86),
(82, 1, 88),
(85, 1, 89),
(86, 3, 48),
(87, 1, 87),
(88, 1, 90),
(91, 1, 92),
(92, 1, 93),
(93, 1, 95),
(95, 1, 96),
(96, 1, 97);

-- --------------------------------------------------------

--
-- Table structure for table `setting`
--

CREATE TABLE `setting` (
  `id` int(11) NOT NULL,
  `title` varchar(255) DEFAULT NULL,
  `address` text DEFAULT NULL,
  `email` varchar(50) DEFAULT NULL,
  `phone` varchar(20) DEFAULT NULL,
  `logo` varchar(50) DEFAULT NULL,
  `favicon` varchar(100) DEFAULT NULL,
  `language` varchar(100) DEFAULT NULL,
  `timezone` varchar(150) NOT NULL,
  `site_align` varchar(50) DEFAULT NULL,
  `footer_text` varchar(255) DEFAULT NULL
) ENGINE=InnoDB DEFAULT CHARSET=utf8 COLLATE=utf8_general_ci;

--
-- Dumping data for table `setting`
--

INSERT INTO `setting` (`id`, `title`, `address`, `email`, `phone`, `logo`, `favicon`, `language`, `timezone`, `site_align`, `footer_text`) VALUES
(1, '3 Edge Technologies', '505, 5th Floor, JTM, Jagatpura Flyover, Jaipur', 'support@3edgetechnologies.com', '9251488296', 'assets/img/icons/2021-07-29/3_e1.png', 'assets/img/icons/2021-07-29/fav.png', 'english', 'Asia/Kolkata', 'LTR', '');

-- --------------------------------------------------------

--
-- Table structure for table `synchronizer_setting`
--

CREATE TABLE `synchronizer_setting` (
  `id` int(11) NOT NULL,
  `hostname` varchar(100) NOT NULL,
  `username` varchar(100) NOT NULL,
  `password` varchar(100) NOT NULL,
  `port` varchar(10) NOT NULL,
  `debug` varchar(10) NOT NULL,
  `project_root` varchar(100) NOT NULL
) ENGINE=InnoDB DEFAULT CHARSET=utf8 COLLATE=utf8_general_ci;

-- --------------------------------------------------------

--
-- Table structure for table `units`
--

CREATE TABLE `units` (
  `id` int(11) NOT NULL,
  `unit` varchar(200) DEFAULT NULL,
  `created_by` varchar(11) DEFAULT NULL,
  `created_at` datetime DEFAULT NULL,
  `update_by` varchar(11) DEFAULT NULL,
  `update_at` datetime DEFAULT NULL
) ENGINE=InnoDB DEFAULT CHARSET=utf8 COLLATE=utf8_general_ci;

--
-- Dumping data for table `units`
--

INSERT INTO `units` (`id`, `unit`, `created_by`, `created_at`, `update_by`, `update_at`) VALUES
(1, 'gm', '1', '2021-03-23 01:56:11', NULL, NULL),
(2, 'kg', '1', '2021-03-23 01:56:21', NULL, NULL),
(3, 'pcs', '1', '2021-03-23 01:56:26', NULL, NULL),
(4, 'pounds', '1', '2021-03-23 01:56:35', '1', '2021-03-27 10:45:53');

-- --------------------------------------------------------

--
-- Table structure for table `user`
--

CREATE TABLE `user` (
  `id` int(11) NOT NULL,
  `firstname` varchar(50) DEFAULT NULL,
  `lastname` varchar(50) DEFAULT NULL,
  `about` text DEFAULT NULL,
  `email` varchar(100) DEFAULT NULL,
  `password` varchar(32) NOT NULL,
  `password_reset_token` varchar(20) DEFAULT NULL,
  `image` varchar(100) DEFAULT NULL,
  `last_login` datetime DEFAULT NULL,
  `last_logout` datetime DEFAULT NULL,
  `ip_address` varchar(14) DEFAULT NULL,
  `status` tinyint(1) NOT NULL DEFAULT 1,
  `is_admin` tinyint(4) NOT NULL DEFAULT 0,
  `token_id` text DEFAULT NULL
) ENGINE=InnoDB DEFAULT CHARSET=utf8 COLLATE=utf8_general_ci;

--
-- Dumping data for table `user`
--

INSERT INTO `user` (`id`, `firstname`, `lastname`, `about`, `email`, `password`, `password_reset_token`, `image`, `last_login`, `last_logout`, `ip_address`, `status`, `is_admin`, `token_id`) VALUES
(1, 'Virendra', 'Rathore', '', 'virendra@3edgetechnologies.com', 'c178b4225085f4ecd75e73fd69918369', NULL, './assets/img/user/viren-pp1.jpg', '2024-04-08 06:59:19', '2023-06-15 06:00:04', '183.83.176.172', 1, 1, NULL),
(3, 'Sachin', 'Tank', NULL, 'sachin@3edgetechnologies.com', '50a9f82ee0e2b6737d0f60a45d70aeeb', NULL, '', '2021-11-23 07:39:44', '2021-10-16 13:07:26', '49.205.213.94', 1, 0, NULL),
(48, 'Heena ', 'Sharma', NULL, 'hr@3edgetechnologies.com', 'cba5449642876fd6142b92302bcf19a2', NULL, '', '2024-04-01 10:16:58', '2024-02-28 10:58:51', '183.83.176.172', 1, 0, NULL),
(49, 'Vishnu', 'Sharma', NULL, 'vishnu@3edgetechnologies.com', '05aec66006a8586573bf2bea7220f70a', NULL, '', '2023-01-20 10:30:07', '2022-09-20 05:01:58', '183.83.176.172', 1, 0, NULL),
(50, 'Harshita', 'Kanwar', NULL, 'harshita@3edgetechnologies.com', '1b2b07587126145c4db80ee4f128c2b4', NULL, '', '2021-10-04 05:28:04', NULL, '103.121.234.20', 1, 0, NULL),
(51, 'Tanuja', 'Sahu ', NULL, 'tanuja@3edgetechnologies.com', '2b85300f8a748fe849109887aef4f3e0', NULL, '', '2023-08-09 06:26:50', NULL, '183.83.176.172', 0, 0, NULL),
(53, 'Jatin', 'Devpura', '', 'jatin@3edgetechnologies.com', '84ed1756eacbb0136c5ed097f7c5bc0c', NULL, '', '2023-02-20 05:00:35', '2023-01-25 12:28:39', '183.83.176.172', 1, 0, NULL),
(54, 'Mangilal ', 'Prajapat', NULL, 'Mangilal@3edgetechnologies.com', '572cbbe29cdbc234be9571f11c50c9f8', NULL, '', NULL, NULL, NULL, 0, 0, NULL),
(55, 'Upasana', 'Katiyar ', NULL, 'upasana@3edgetechnologies.com', '0d43e34f4436085a79e8316ca0bb0416', NULL, '', NULL, NULL, NULL, 0, 0, NULL),
(56, 'Jyoti', 'Sharma', NULL, 'jyoti@3edgetechnolgies.com', '92affcd4e184af05ffc4cfdc883373c7', NULL, '', NULL, NULL, NULL, 0, 0, NULL),
(57, 'Vivek ', 'Sukhadia', NULL, 'vivek@3edgetechnolgies.com', '5b3f9ce77388c473d240a318785f12ed', NULL, '', NULL, NULL, NULL, 0, 0, NULL),
(58, 'Kishan', 'Chaurasiya', NULL, 'Kishan@3edgetechnolgies.com', '00e2146f7c95583c215293885dbae841', NULL, '', NULL, NULL, NULL, 0, 0, NULL),
(59, 'Mohit', 'Verma', NULL, 'mohit@3edgetechnologies.com', 'a3e0ef729dcbcb19e4b1cc86bfa0a0b6', NULL, '', NULL, NULL, NULL, 0, 0, NULL),
(60, 'Vijay Kumar ', 'Meena', NULL, 'vijay@3edgetechnologies.com', 'ee9812c60b7d45be360deca441db8acb', NULL, '', NULL, NULL, NULL, 0, 0, NULL),
(61, 'Shefali', 'Verma', NULL, 'shefali@3edgetechnologies.com', '2b6102c722ff9eac4b025a6d8699bbe3', NULL, '', NULL, NULL, NULL, 0, 0, NULL),
(62, 'Vikas ', 'Joshi ', NULL, 'vikas@3edgetechnolgies.com', '90a7d9798d6de54be865ab20b9a44c80', NULL, '', NULL, NULL, NULL, 0, 0, NULL),
(63, 'Bhupendra', 'Mewara', NULL, 'bhupendra@3edgetechnolgies.com', '2be50a4435649d97e80af8de8925b03e', NULL, '', NULL, NULL, NULL, 0, 0, NULL),
(64, 'Sahil ', 'Chhabra', NULL, 'sahil@3edgetechnologies.com', 'df0c9ebf5b719ca6eac6b74a3a6f08a4', NULL, '', NULL, NULL, NULL, 0, 0, NULL),
(65, 'Ranu', 'Gupta', NULL, 'ranu.gupta@3edgetechnologies.com', 'a3bf8b70a6d7914ebd9a8f0d42d9265d', NULL, '', NULL, NULL, NULL, 0, 0, NULL),
(66, 'Archana ', 'Kashyap', NULL, 'archana@3edgetechnologies.com', '774eed1c27f2b2b40f7444a9bf4bf3b5', NULL, '', NULL, NULL, NULL, 0, 0, NULL),
(67, 'Nitin ', 'Sharma', NULL, 'nitin@3edgetechnolgies.com', '186f8a72931cd84f32732ade6745d2b8', NULL, '', NULL, NULL, NULL, 0, 0, NULL),
(68, 'Anjali', 'Goyal', NULL, 'anjali@3edgetechnologies.com', '011d61c0d95b1a9d95a8f3d4d5e286b4', NULL, '', NULL, NULL, NULL, 0, 0, NULL),
(69, 'Suresh', 'Vaishnav', NULL, 'suresh@3edgetechnologies.com', '626f0a4abc059695fa5aecd1fdc629e3', NULL, '', NULL, NULL, NULL, 0, 0, NULL),
(70, 'Aastha', 'Badoniya', NULL, 'aastha@3edgetechnologies.com', '1acf4976b36a8da3d0e03ac6f640f42d', NULL, '', '2022-12-19 18:27:45', '2022-12-19 18:29:21', '122.50.206.124', 0, 0, NULL),
(74, 'Somesh', 'Sharma', '', 'somesh@3edgetechnologies.com', 'e9c19048bd4693e0cd2bc68b556784e1', NULL, '', '2022-03-31 04:43:33', '2022-03-31 04:44:13', '183.83.176.172', 1, 0, NULL),
(75, 'Ravi Kumar', 'Saini', NULL, 'ravi@3edgetechnologies.com', '8ccfd77e68f879ef113367a75cda2ae2', NULL, '', NULL, NULL, NULL, 0, 0, NULL),
(77, 'Amit', 'Sharma', NULL, 'amit@3edgetechnologies.com', 'b6686d19ad6ac9196900de29cc1e4f6a', NULL, '', '2023-01-17 12:04:05', '2022-12-29 07:10:02', '171.79.149.61', 1, 0, NULL),
(78, 'Somesh', 'Sharma', NULL, 'somesh@3edgetechnologies.com', 'aea456e1573ccd0349ab2100b5ec8aa7', NULL, '', NULL, NULL, NULL, 0, 0, NULL),
(80, 'Shanwi', 'Saurya', NULL, 'shanwi@3edgetechnologies.com', 'b6e36508df695455673e78918ae598cb', NULL, '', '2023-05-16 05:37:31', '2022-05-27 05:50:23', '157.38.130.209', 1, 0, NULL),
(83, 'Nitesh', 'Choudhary ', '', 'nitesh@3edgetechnologies.com', '3c478b637f43180ea960508d2538d004', NULL, './assets/img/user/wallpapersden_com_php-developer_1980x1120.jpg', '2024-04-05 12:31:54', '2024-04-05 12:32:50', '183.83.176.172', 1, 0, NULL),
(87, 'Taksh', 'Mishra', NULL, 'taksh.mishra@3edgetechnologies.com', 'cc308117a78d3451446af5fcc9c48173', NULL, './assets/img/user/Taksh.jpg', NULL, NULL, NULL, 0, 0, NULL),
(88, 'Anjali', 'Gahlot', NULL, 'anjali.gahlot@3edgetechnologies.com', 'e0dfbdd264247b84d31b88f2a2c46ad0', NULL, '', NULL, NULL, NULL, 0, 0, NULL),
(90, 'Abhishek ', 'Sharma', NULL, 'abhishek.sharma@3edgetechnologies.com', '4f66982191b3ab143fdbabf8c95dcefe', NULL, '', '2024-01-16 05:00:35', '2023-01-05 14:16:13', '157.38.249.160', 1, 0, NULL),
(92, 'Sanjay', 'Jangid', NULL, 'sanjay.jangid@3edgetechnologies.com', '839bdf0350b3d2f8a85bc32fb71e74cb', NULL, './application/modules/employee/assets/images/2023-02-28/ea580ebb2fbf5a3ac4f9b367007dc240.jpeg', '2024-03-26 04:30:38', '2023-09-12 04:38:03', '183.83.176.172', 1, 0, NULL),
(95, 'Kapil', 'Nebhwani', NULL, 'kapil@3edgetechnologies.com', '0c2748a794eda135e3a6550f9434048c', NULL, '', '2023-05-26 13:05:03', '2023-04-28 11:28:29', '183.83.176.172', 1, 0, NULL),
(97, 'Vijay Kumar', 'Yogi', NULL, 'vijay.yogi@3edgetechnologies.com', 'ee9812c60b7d45be360deca441db8acb', NULL, '', '2024-04-08 03:59:53', '2023-11-06 21:16:50', '183.83.176.172', 1, 0, NULL);

-- --------------------------------------------------------

--
-- Table structure for table `weekly_holiday`
--

CREATE TABLE `weekly_holiday` (
  `wk_id` int(11) NOT NULL,
  `dayname` varchar(30) CHARACTER SET latin1 COLLATE latin1_swedish_ci NOT NULL
) ENGINE=InnoDB DEFAULT CHARSET=utf8 COLLATE=utf8_general_ci;

--
-- Dumping data for table `weekly_holiday`
--

INSERT INTO `weekly_holiday` (`wk_id`, `dayname`) VALUES
(1, 'Satarday,Sunday');

--
-- Indexes for dumped tables
--

--
-- Indexes for table `acc_coa`
--
ALTER TABLE `acc_coa`
  ADD PRIMARY KEY (`HeadName`);

--
-- Indexes for table `acc_transaction`
--
ALTER TABLE `acc_transaction`
  ADD UNIQUE KEY `ID` (`ID`);

--
-- Indexes for table `appsetting`
--
ALTER TABLE `appsetting`
  ADD PRIMARY KEY (`id`);

--
-- Indexes for table `attendance_history`
--
ALTER TABLE `attendance_history`
  ADD PRIMARY KEY (`atten_his_id`);

--
-- Indexes for table `award`
--
ALTER TABLE `award`
  ADD PRIMARY KEY (`award_id`);

--
-- Indexes for table `bank_information`
--
ALTER TABLE `bank_information`
  ADD PRIMARY KEY (`id`);

--
-- Indexes for table `candidate_basic_info`
--
ALTER TABLE `candidate_basic_info`
  ADD PRIMARY KEY (`can_id`),
  ADD UNIQUE KEY `can_id` (`can_id`);

--
-- Indexes for table `candidate_education_info`
--
ALTER TABLE `candidate_education_info`
  ADD PRIMARY KEY (`can_id`);

--
-- Indexes for table `candidate_interview`
--
ALTER TABLE `candidate_interview`
  ADD PRIMARY KEY (`can_int_id`);

--
-- Indexes for table `candidate_selection`
--
ALTER TABLE `candidate_selection`
  ADD PRIMARY KEY (`can_sel_id`);

--
-- Indexes for table `candidate_shortlist`
--
ALTER TABLE `candidate_shortlist`
  ADD PRIMARY KEY (`can_short_id`);

--
-- Indexes for table `candidate_workexperience`
--
ALTER TABLE `candidate_workexperience`
  ADD PRIMARY KEY (`can_id`);

--
-- Indexes for table `custom_table`
--
ALTER TABLE `custom_table`
  ADD PRIMARY KEY (`custom_id`);

--
-- Indexes for table `department`
--
ALTER TABLE `department`
  ADD PRIMARY KEY (`dept_id`);

--
-- Indexes for table `deviceinfo`
--
ALTER TABLE `deviceinfo`
  ADD PRIMARY KEY (`id`);

--
-- Indexes for table `duty_type`
--
ALTER TABLE `duty_type`
  ADD PRIMARY KEY (`id`);

--
-- Indexes for table `employee_benifit`
--
ALTER TABLE `employee_benifit`
  ADD PRIMARY KEY (`id`);

--
-- Indexes for table `employee_equipment`
--
ALTER TABLE `employee_equipment`
  ADD PRIMARY KEY (`id`);

--
-- Indexes for table `employee_history`
--
ALTER TABLE `employee_history`
  ADD PRIMARY KEY (`emp_his_id`);

--
-- Indexes for table `employee_performance`
--
ALTER TABLE `employee_performance`
  ADD PRIMARY KEY (`emp_per_id`);

--
-- Indexes for table `employee_salary_payment`
--
ALTER TABLE `employee_salary_payment`
  ADD PRIMARY KEY (`emp_sal_pay_id`);

--
-- Indexes for table `employee_salary_setup`
--
ALTER TABLE `employee_salary_setup`
  ADD PRIMARY KEY (`e_s_s_id`);

--
-- Indexes for table `emp_attendance`
--
ALTER TABLE `emp_attendance`
  ADD PRIMARY KEY (`att_id`);

--
-- Indexes for table `equipment`
--
ALTER TABLE `equipment`
  ADD PRIMARY KEY (`equipment_id`);

--
-- Indexes for table `equipment_type`
--
ALTER TABLE `equipment_type`
  ADD PRIMARY KEY (`type_id`);

--
-- Indexes for table `expense_information`
--
ALTER TABLE `expense_information`
  ADD PRIMARY KEY (`id`);

--
-- Indexes for table `gender`
--
ALTER TABLE `gender`
  ADD PRIMARY KEY (`id`);

--
-- Indexes for table `grand_loan`
--
ALTER TABLE `grand_loan`
  ADD PRIMARY KEY (`loan_id`);

--
-- Indexes for table `income_area`
--
ALTER TABLE `income_area`
  ADD PRIMARY KEY (`id`);

--
-- Indexes for table `language`
--
ALTER TABLE `language`
  ADD PRIMARY KEY (`id`);

--
-- Indexes for table `leave_apply`
--
ALTER TABLE `leave_apply`
  ADD PRIMARY KEY (`leave_appl_id`);

--
-- Indexes for table `leave_type`
--
ALTER TABLE `leave_type`
  ADD PRIMARY KEY (`leave_type_id`);

--
-- Indexes for table `loan_installment`
--
ALTER TABLE `loan_installment`
  ADD PRIMARY KEY (`loan_inst_id`);

--
-- Indexes for table `marital_info`
--
ALTER TABLE `marital_info`
  ADD PRIMARY KEY (`id`);

--
-- Indexes for table `message`
--
ALTER TABLE `message`
  ADD PRIMARY KEY (`id`);

--
-- Indexes for table `module`
--
ALTER TABLE `module`
  ADD PRIMARY KEY (`id`);

--
-- Indexes for table `module_permission`
--
ALTER TABLE `module_permission`
  ADD PRIMARY KEY (`id`),
  ADD KEY `fk_module_id` (`fk_module_id`),
  ADD KEY `fk_user_id` (`fk_user_id`);

--
-- Indexes for table `module_purchase_key`
--
ALTER TABLE `module_purchase_key`
  ADD PRIMARY KEY (`id`);

--
-- Indexes for table `notice_board`
--
ALTER TABLE `notice_board`
  ADD PRIMARY KEY (`notice_id`);

--
-- Indexes for table `payroll_holiday`
--
ALTER TABLE `payroll_holiday`
  ADD PRIMARY KEY (`payrl_holi_id`);

--
-- Indexes for table `payroll_tax_collection`
--
ALTER TABLE `payroll_tax_collection`
  ADD PRIMARY KEY (`tax_coll_id`);

--
-- Indexes for table `payroll_tax_setup`
--
ALTER TABLE `payroll_tax_setup`
  ADD PRIMARY KEY (`tax_setup_id`);

--
-- Indexes for table `pay_frequency`
--
ALTER TABLE `pay_frequency`
  ADD PRIMARY KEY (`id`);

--
-- Indexes for table `point_attendence`
--
ALTER TABLE `point_attendence`
  ADD PRIMARY KEY (`id`);

--
-- Indexes for table `point_categories`
--
ALTER TABLE `point_categories`
  ADD PRIMARY KEY (`id`);

--
-- Indexes for table `point_collaborative`
--
ALTER TABLE `point_collaborative`
  ADD PRIMARY KEY (`id`);

--
-- Indexes for table `point_management`
--
ALTER TABLE `point_management`
  ADD PRIMARY KEY (`id`);

--
-- Indexes for table `point_reward`
--
ALTER TABLE `point_reward`
  ADD PRIMARY KEY (`id`);

--
-- Indexes for table `point_settings`
--
ALTER TABLE `point_settings`
  ADD PRIMARY KEY (`id`);

--
-- Indexes for table `position`
--
ALTER TABLE `position`
  ADD PRIMARY KEY (`pos_id`);

--
-- Indexes for table `procurement_bid_analysis`
--
ALTER TABLE `procurement_bid_analysis`
  ADD PRIMARY KEY (`bid_analysis_form_id`);

--
-- Indexes for table `procurement_commitee_list`
--
ALTER TABLE `procurement_commitee_list`
  ADD PRIMARY KEY (`id`);

--
-- Indexes for table `procurement_good_received`
--
ALTER TABLE `procurement_good_received`
  ADD PRIMARY KEY (`good_received_id`);

--
-- Indexes for table `procurement_items`
--
ALTER TABLE `procurement_items`
  ADD PRIMARY KEY (`id`);

--
-- Indexes for table `procurement_purchase_order`
--
ALTER TABLE `procurement_purchase_order`
  ADD PRIMARY KEY (`purchase_order_id`);

--
-- Indexes for table `procurement_quotation`
--
ALTER TABLE `procurement_quotation`
  ADD PRIMARY KEY (`quotation_form_id`);

--
-- Indexes for table `procurement_request_form`
--
ALTER TABLE `procurement_request_form`
  ADD PRIMARY KEY (`request_form_id`);

--
-- Indexes for table `procurement_vendor`
--
ALTER TABLE `procurement_vendor`
  ADD PRIMARY KEY (`id`);

--
-- Indexes for table `rate_type`
--
ALTER TABLE `rate_type`
  ADD PRIMARY KEY (`id`);

--
-- Indexes for table `salary_setup_header`
--
ALTER TABLE `salary_setup_header`
  ADD PRIMARY KEY (`s_s_h_id`);

--
-- Indexes for table `salary_sheet_generate`
--
ALTER TABLE `salary_sheet_generate`
  ADD PRIMARY KEY (`ssg_id`);

--
-- Indexes for table `salary_type`
--
ALTER TABLE `salary_type`
  ADD PRIMARY KEY (`salary_type_id`);

--
-- Indexes for table `sec_menu_item`
--
ALTER TABLE `sec_menu_item`
  ADD PRIMARY KEY (`menu_id`);

--
-- Indexes for table `sec_role_permission`
--
ALTER TABLE `sec_role_permission`
  ADD PRIMARY KEY (`id`);

--
-- Indexes for table `sec_role_tbl`
--
ALTER TABLE `sec_role_tbl`
  ADD PRIMARY KEY (`role_id`);

--
-- Indexes for table `sec_user_access_tbl`
--
ALTER TABLE `sec_user_access_tbl`
  ADD PRIMARY KEY (`role_acc_id`);

--
-- Indexes for table `setting`
--
ALTER TABLE `setting`
  ADD PRIMARY KEY (`id`);

--
-- Indexes for table `synchronizer_setting`
--
ALTER TABLE `synchronizer_setting`
  ADD PRIMARY KEY (`id`);

--
-- Indexes for table `units`
--
ALTER TABLE `units`
  ADD PRIMARY KEY (`id`);

--
-- Indexes for table `user`
--
ALTER TABLE `user`
  ADD PRIMARY KEY (`id`);

--
-- Indexes for table `weekly_holiday`
--
ALTER TABLE `weekly_holiday`
  ADD PRIMARY KEY (`wk_id`);

--
-- AUTO_INCREMENT for dumped tables
--

--
-- AUTO_INCREMENT for table `acc_transaction`
--
ALTER TABLE `acc_transaction`
  MODIFY `ID` int(11) NOT NULL AUTO_INCREMENT, AUTO_INCREMENT=50;

--
-- AUTO_INCREMENT for table `appsetting`
--
ALTER TABLE `appsetting`
  MODIFY `id` int(11) NOT NULL AUTO_INCREMENT, AUTO_INCREMENT=2;

--
-- AUTO_INCREMENT for table `attendance_history`
--
ALTER TABLE `attendance_history`
  MODIFY `atten_his_id` int(11) NOT NULL AUTO_INCREMENT, AUTO_INCREMENT=3920;

--
-- AUTO_INCREMENT for table `award`
--
ALTER TABLE `award`
  MODIFY `award_id` int(11) NOT NULL AUTO_INCREMENT, AUTO_INCREMENT=5;

--
-- AUTO_INCREMENT for table `bank_information`
--
ALTER TABLE `bank_information`
  MODIFY `id` int(11) NOT NULL AUTO_INCREMENT, AUTO_INCREMENT=8;

--
-- AUTO_INCREMENT for table `candidate_basic_info`
--
ALTER TABLE `candidate_basic_info`
  MODIFY `can_id` int(20) NOT NULL AUTO_INCREMENT, AUTO_INCREMENT=45;

--
-- AUTO_INCREMENT for table `candidate_education_info`
--
ALTER TABLE `candidate_education_info`
  MODIFY `can_id` int(11) NOT NULL AUTO_INCREMENT, AUTO_INCREMENT=45;

--
-- AUTO_INCREMENT for table `candidate_interview`
--
ALTER TABLE `candidate_interview`
  MODIFY `can_int_id` int(11) NOT NULL AUTO_INCREMENT;

--
-- AUTO_INCREMENT for table `candidate_selection`
--
ALTER TABLE `candidate_selection`
  MODIFY `can_sel_id` int(11) NOT NULL AUTO_INCREMENT;

--
-- AUTO_INCREMENT for table `candidate_shortlist`
--
ALTER TABLE `candidate_shortlist`
  MODIFY `can_short_id` int(11) NOT NULL AUTO_INCREMENT;

--
-- AUTO_INCREMENT for table `candidate_workexperience`
--
ALTER TABLE `candidate_workexperience`
  MODIFY `can_id` int(11) NOT NULL AUTO_INCREMENT, AUTO_INCREMENT=45;

--
-- AUTO_INCREMENT for table `custom_table`
--
ALTER TABLE `custom_table`
  MODIFY `custom_id` int(11) NOT NULL AUTO_INCREMENT;

--
-- AUTO_INCREMENT for table `department`
--
ALTER TABLE `department`
  MODIFY `dept_id` int(11) NOT NULL AUTO_INCREMENT, AUTO_INCREMENT=18;

--
-- AUTO_INCREMENT for table `deviceinfo`
--
ALTER TABLE `deviceinfo`
  MODIFY `id` int(11) NOT NULL AUTO_INCREMENT, AUTO_INCREMENT=2;

--
-- AUTO_INCREMENT for table `duty_type`
--
ALTER TABLE `duty_type`
  MODIFY `id` int(11) NOT NULL AUTO_INCREMENT, AUTO_INCREMENT=5;

--
-- AUTO_INCREMENT for table `employee_benifit`
--
ALTER TABLE `employee_benifit`
  MODIFY `id` int(11) NOT NULL AUTO_INCREMENT;

--
-- AUTO_INCREMENT for table `employee_equipment`
--
ALTER TABLE `employee_equipment`
  MODIFY `id` int(11) NOT NULL AUTO_INCREMENT;

--
-- AUTO_INCREMENT for table `employee_history`
--
ALTER TABLE `employee_history`
  MODIFY `emp_his_id` int(11) NOT NULL AUTO_INCREMENT, AUTO_INCREMENT=67;

--
-- AUTO_INCREMENT for table `employee_performance`
--
ALTER TABLE `employee_performance`
  MODIFY `emp_per_id` int(11) NOT NULL AUTO_INCREMENT, AUTO_INCREMENT=10;

--
-- AUTO_INCREMENT for table `employee_salary_payment`
--
ALTER TABLE `employee_salary_payment`
  MODIFY `emp_sal_pay_id` int(11) NOT NULL AUTO_INCREMENT, AUTO_INCREMENT=23;

--
-- AUTO_INCREMENT for table `employee_salary_setup`
--
ALTER TABLE `employee_salary_setup`
  MODIFY `e_s_s_id` int(11) UNSIGNED NOT NULL AUTO_INCREMENT, AUTO_INCREMENT=45;

--
-- AUTO_INCREMENT for table `emp_attendance`
--
ALTER TABLE `emp_attendance`
  MODIFY `att_id` int(10) UNSIGNED NOT NULL AUTO_INCREMENT;

--
-- AUTO_INCREMENT for table `equipment`
--
ALTER TABLE `equipment`
  MODIFY `equipment_id` int(11) NOT NULL AUTO_INCREMENT;

--
-- AUTO_INCREMENT for table `equipment_type`
--
ALTER TABLE `equipment_type`
  MODIFY `type_id` int(11) NOT NULL AUTO_INCREMENT, AUTO_INCREMENT=7;

--
-- AUTO_INCREMENT for table `expense_information`
--
ALTER TABLE `expense_information`
  MODIFY `id` int(11) NOT NULL AUTO_INCREMENT;

--
-- AUTO_INCREMENT for table `gender`
--
ALTER TABLE `gender`
  MODIFY `id` int(11) NOT NULL AUTO_INCREMENT, AUTO_INCREMENT=4;

--
-- AUTO_INCREMENT for table `grand_loan`
--
ALTER TABLE `grand_loan`
  MODIFY `loan_id` int(11) NOT NULL AUTO_INCREMENT;

--
-- AUTO_INCREMENT for table `income_area`
--
ALTER TABLE `income_area`
  MODIFY `id` int(11) NOT NULL AUTO_INCREMENT;

--
-- AUTO_INCREMENT for table `language`
--
ALTER TABLE `language`
  MODIFY `id` int(11) NOT NULL AUTO_INCREMENT, AUTO_INCREMENT=1014;

--
-- AUTO_INCREMENT for table `leave_apply`
--
ALTER TABLE `leave_apply`
  MODIFY `leave_appl_id` int(11) NOT NULL AUTO_INCREMENT, AUTO_INCREMENT=65;

--
-- AUTO_INCREMENT for table `leave_type`
--
ALTER TABLE `leave_type`
  MODIFY `leave_type_id` int(2) NOT NULL AUTO_INCREMENT, AUTO_INCREMENT=4;

--
-- AUTO_INCREMENT for table `loan_installment`
--
ALTER TABLE `loan_installment`
  MODIFY `loan_inst_id` int(11) NOT NULL AUTO_INCREMENT;

--
-- AUTO_INCREMENT for table `marital_info`
--
ALTER TABLE `marital_info`
  MODIFY `id` int(11) NOT NULL AUTO_INCREMENT, AUTO_INCREMENT=6;

--
-- AUTO_INCREMENT for table `message`
--
ALTER TABLE `message`
  MODIFY `id` int(11) NOT NULL AUTO_INCREMENT, AUTO_INCREMENT=7;

--
-- AUTO_INCREMENT for table `module`
--
ALTER TABLE `module`
  MODIFY `id` int(11) NOT NULL AUTO_INCREMENT, AUTO_INCREMENT=53;

--
-- AUTO_INCREMENT for table `module_permission`
--
ALTER TABLE `module_permission`
  MODIFY `id` int(11) NOT NULL AUTO_INCREMENT;

--
-- AUTO_INCREMENT for table `module_purchase_key`
--
ALTER TABLE `module_purchase_key`
  MODIFY `id` int(11) NOT NULL AUTO_INCREMENT;

--
-- AUTO_INCREMENT for table `notice_board`
--
ALTER TABLE `notice_board`
  MODIFY `notice_id` int(11) NOT NULL AUTO_INCREMENT, AUTO_INCREMENT=2;

--
-- AUTO_INCREMENT for table `payroll_holiday`
--
ALTER TABLE `payroll_holiday`
  MODIFY `payrl_holi_id` int(11) UNSIGNED NOT NULL AUTO_INCREMENT, AUTO_INCREMENT=16;

--
-- AUTO_INCREMENT for table `payroll_tax_collection`
--
ALTER TABLE `payroll_tax_collection`
  MODIFY `tax_coll_id` int(11) UNSIGNED NOT NULL AUTO_INCREMENT;

--
-- AUTO_INCREMENT for table `payroll_tax_setup`
--
ALTER TABLE `payroll_tax_setup`
  MODIFY `tax_setup_id` int(11) UNSIGNED NOT NULL AUTO_INCREMENT;

--
-- AUTO_INCREMENT for table `pay_frequency`
--
ALTER TABLE `pay_frequency`
  MODIFY `id` int(11) NOT NULL AUTO_INCREMENT, AUTO_INCREMENT=5;

--
-- AUTO_INCREMENT for table `point_attendence`
--
ALTER TABLE `point_attendence`
  MODIFY `id` int(11) NOT NULL AUTO_INCREMENT, AUTO_INCREMENT=2357;

--
-- AUTO_INCREMENT for table `point_categories`
--
ALTER TABLE `point_categories`
  MODIFY `id` int(11) NOT NULL AUTO_INCREMENT;

--
-- AUTO_INCREMENT for table `point_collaborative`
--
ALTER TABLE `point_collaborative`
  MODIFY `id` int(11) NOT NULL AUTO_INCREMENT;

--
-- AUTO_INCREMENT for table `point_management`
--
ALTER TABLE `point_management`
  MODIFY `id` int(11) NOT NULL AUTO_INCREMENT;

--
-- AUTO_INCREMENT for table `point_reward`
--
ALTER TABLE `point_reward`
  MODIFY `id` int(11) NOT NULL AUTO_INCREMENT, AUTO_INCREMENT=86;

--
-- AUTO_INCREMENT for table `point_settings`
--
ALTER TABLE `point_settings`
  MODIFY `id` int(11) NOT NULL AUTO_INCREMENT, AUTO_INCREMENT=6;

--
-- AUTO_INCREMENT for table `position`
--
ALTER TABLE `position`
  MODIFY `pos_id` int(11) NOT NULL AUTO_INCREMENT, AUTO_INCREMENT=17;

--
-- AUTO_INCREMENT for table `procurement_bid_analysis`
--
ALTER TABLE `procurement_bid_analysis`
  MODIFY `bid_analysis_form_id` int(11) NOT NULL AUTO_INCREMENT;

--
-- AUTO_INCREMENT for table `procurement_commitee_list`
--
ALTER TABLE `procurement_commitee_list`
  MODIFY `id` int(11) NOT NULL AUTO_INCREMENT;

--
-- AUTO_INCREMENT for table `procurement_good_received`
--
ALTER TABLE `procurement_good_received`
  MODIFY `good_received_id` int(11) NOT NULL AUTO_INCREMENT;

--
-- AUTO_INCREMENT for table `procurement_items`
--
ALTER TABLE `procurement_items`
  MODIFY `id` int(11) NOT NULL AUTO_INCREMENT;

--
-- AUTO_INCREMENT for table `procurement_purchase_order`
--
ALTER TABLE `procurement_purchase_order`
  MODIFY `purchase_order_id` int(11) NOT NULL AUTO_INCREMENT;

--
-- AUTO_INCREMENT for table `procurement_quotation`
--
ALTER TABLE `procurement_quotation`
  MODIFY `quotation_form_id` int(11) NOT NULL AUTO_INCREMENT;

--
-- AUTO_INCREMENT for table `procurement_request_form`
--
ALTER TABLE `procurement_request_form`
  MODIFY `request_form_id` int(11) NOT NULL AUTO_INCREMENT;

--
-- AUTO_INCREMENT for table `procurement_vendor`
--
ALTER TABLE `procurement_vendor`
  MODIFY `id` int(11) NOT NULL AUTO_INCREMENT;

--
-- AUTO_INCREMENT for table `rate_type`
--
ALTER TABLE `rate_type`
  MODIFY `id` int(11) NOT NULL AUTO_INCREMENT;

--
-- AUTO_INCREMENT for table `salary_setup_header`
--
ALTER TABLE `salary_setup_header`
  MODIFY `s_s_h_id` int(11) UNSIGNED NOT NULL AUTO_INCREMENT, AUTO_INCREMENT=21;

--
-- AUTO_INCREMENT for table `salary_sheet_generate`
--
ALTER TABLE `salary_sheet_generate`
  MODIFY `ssg_id` int(11) UNSIGNED NOT NULL AUTO_INCREMENT, AUTO_INCREMENT=7;

--
-- AUTO_INCREMENT for table `salary_type`
--
ALTER TABLE `salary_type`
  MODIFY `salary_type_id` int(10) UNSIGNED NOT NULL AUTO_INCREMENT, AUTO_INCREMENT=9;

--
-- AUTO_INCREMENT for table `sec_menu_item`
--
ALTER TABLE `sec_menu_item`
  MODIFY `menu_id` int(11) NOT NULL AUTO_INCREMENT, AUTO_INCREMENT=248;

--
-- AUTO_INCREMENT for table `sec_role_permission`
--
ALTER TABLE `sec_role_permission`
  MODIFY `id` bigint(20) NOT NULL AUTO_INCREMENT, AUTO_INCREMENT=3421;

--
-- AUTO_INCREMENT for table `sec_role_tbl`
--
ALTER TABLE `sec_role_tbl`
  MODIFY `role_id` int(11) NOT NULL AUTO_INCREMENT, AUTO_INCREMENT=4;

--
-- AUTO_INCREMENT for table `sec_user_access_tbl`
--
ALTER TABLE `sec_user_access_tbl`
  MODIFY `role_acc_id` int(11) NOT NULL AUTO_INCREMENT, AUTO_INCREMENT=97;

--
-- AUTO_INCREMENT for table `setting`
--
ALTER TABLE `setting`
  MODIFY `id` int(11) NOT NULL AUTO_INCREMENT, AUTO_INCREMENT=2;

--
-- AUTO_INCREMENT for table `synchronizer_setting`
--
ALTER TABLE `synchronizer_setting`
  MODIFY `id` int(11) NOT NULL AUTO_INCREMENT;

--
-- AUTO_INCREMENT for table `units`
--
ALTER TABLE `units`
  MODIFY `id` int(11) NOT NULL AUTO_INCREMENT, AUTO_INCREMENT=5;

--
-- AUTO_INCREMENT for table `user`
--
ALTER TABLE `user`
  MODIFY `id` int(11) NOT NULL AUTO_INCREMENT, AUTO_INCREMENT=98;

--
-- AUTO_INCREMENT for table `weekly_holiday`
--
ALTER TABLE `weekly_holiday`
  MODIFY `wk_id` int(11) NOT NULL AUTO_INCREMENT, AUTO_INCREMENT=2;
COMMIT;

